{"id":5227,"date":"2026-03-12T00:14:40","date_gmt":"2026-03-11T23:14:40","guid":{"rendered":"http:\/\/antiquariat-steinbach.com\/rarebooks\/produkt\/blackfeet-indians\/"},"modified":"2026-03-12T00:14:40","modified_gmt":"2026-03-11T23:14:40","slug":"linderman-frank-b-blackfeet-indians","status":"publish","type":"product","link":"https:\/\/antiquariat-steinbach.com\/rarebooks\/produkt\/linderman-frank-b-blackfeet-indians\/","title":{"rendered":"Linderman, Frank B: &#8211;  Blackfeet Indians."},"content":{"rendered":"<p>(St. Paul, 1935).<\/p>\n<p>31,5 : 26 cm. 65 Seiten, 1 Blatt mit 49 ganzseitigen farbigen Illustrationen von Winold Reiss. Original-Pappband mit illustriertem Original-Schutzumschlag.<\/p>\n<p>110,00 EUR<\/p>\n","protected":false},"excerpt":{"rendered":"<p>Erste Ausgabe. &#8211; Pr\u00e4chtige Art Deco Monographie \u00fcber die Blackfeet-Indianerst\u00e4mme aus Montana. Zum 25-j\u00e4hrigen Jubil\u00e4um des Glacier Nationalparks vom Congress der Vereinigten Staaten herausgegeben. &#8211; Ein kleiner unterer Teil des R\u00fcckw\u00e4rtigen Schutzumschlages fehlt, sonst sehr gut erhalten.<\/p>\n","protected":false},"featured_media":22735,"template":"","meta":[],"product_brand":[],"product_cat":[128,914],"product_tag":[],"class_list":{"0":"post-5227","1":"product","2":"type-product","3":"status-publish","4":"has-post-thumbnail","6":"product_cat-amerika","7":"product_cat-zvab","9":"first","10":"instock","11":"purchasable","12":"product-type-simple"},"_links":{"self":[{"href":"https:\/\/antiquariat-steinbach.com\/rarebooks\/wp-json\/wp\/v2\/product\/5227","targetHints":{"allow":["GET"]}}],"collection":[{"href":"https:\/\/antiquariat-steinbach.com\/rarebooks\/wp-json\/wp\/v2\/product"}],"about":[{"href":"https:\/\/antiquariat-steinbach.com\/rarebooks\/wp-json\/wp\/v2\/types\/product"}],"version-history":[{"count":4,"href":"https:\/\/antiquariat-steinbach.com\/rarebooks\/wp-json\/wp\/v2\/product\/5227\/revisions"}],"predecessor-version":[{"id":23409,"href":"https:\/\/antiquariat-steinbach.com\/rarebooks\/wp-json\/wp\/v2\/product\/5227\/revisions\/23409"}],"wp:featuredmedia":[{"embeddable":true,"href":"https:\/\/antiquariat-steinbach.com\/rarebooks\/wp-json\/wp\/v2\/media\/22735"}],"wp:attachment":[{"href":"https:\/\/antiquariat-steinbach.com\/rarebooks\/wp-json\/wp\/v2\/media?parent=5227"}],"wp:term":[{"taxonomy":"product_brand","embeddable":true,"href":"https:\/\/antiquariat-steinbach.com\/rarebooks\/wp-json\/wp\/v2\/product_brand?post=5227"},{"taxonomy":"product_cat","embeddable":true,"href":"https:\/\/antiquariat-steinbach.com\/rarebooks\/wp-json\/wp\/v2\/product_cat?post=5227"},{"taxonomy":"product_tag","embeddable":true,"href":"https:\/\/antiquariat-steinbach.com\/rarebooks\/wp-json\/wp\/v2\/product_tag?post=5227"}],"curies":[{"name":"wp","href":"https:\/\/api.w.org\/{rel}","templated":true}]}}