{"id":5215,"date":"2026-03-12T00:14:37","date_gmt":"2026-03-11T23:14:37","guid":{"rendered":"http:\/\/antiquariat-steinbach.com\/rarebooks\/produkt\/eigen-haendiger-brief-mit-unterschrift-dein-kleiner-korporal\/"},"modified":"2026-03-12T00:14:39","modified_gmt":"2026-03-11T23:14:39","slug":"liebl-heinrich-eigen-haendiger-brief-mit-unterschrift-dein-kleiner-korporal","status":"publish","type":"product","link":"https:\/\/antiquariat-steinbach.com\/rarebooks\/produkt\/liebl-heinrich-eigen-haendiger-brief-mit-unterschrift-dein-kleiner-korporal\/","title":{"rendered":"Liebl, Heinrich. &#8211;  Eigen h\u00e4ndiger Brief mit Unterschrift (&#8222;Dein kleiner Korporal&#8220;)."},"content":{"rendered":"<p>Bruck an der Leitha, Landwehrkaserne, 19.XII, 1914.<\/p>\n<p>4 Seiten auf Doppelblatt. Mit eigen h\u00e4ndig adressierten Kuvert.<\/p>\n<p>350,00 EUR<\/p>\n","protected":false},"excerpt":{"rendered":"<p>An Leo Langhammer. &#8211; &#8222;Statt meiner ein Gedenkzeichen. Sind wit auch verschiedenen Aufenthalts, nun so soll dies Schreiben wandern. Und ichhoffe es wird gleich meinem Erscheinen empfangen. &#8211; Gestern abends war ich im ungarischen Hofe. Auf einmal schrien alle Hurra und Eljen und es bildeten sich debattierende Gruppen. Thema: der gro\u00dfe Sieg der Deutschen in Polen. Es hie\u00df, es sollten 240.000 Ruseen gefangen sein, was und zu noptimistischen Aussichten stimmte. Drei Musikaten spielten und eine h\u00fcbsche Kellnerin machte gute Gesch\u00e4fte. Sie zeigte sich erkenntlich, setzte sich zu uns, lie\u00df manches geschehen, wollte meine verwilderten Haare ordnen und nahm meine Hand (&#8230;) (Das aus der Hand-Lesen) zwang mich zum \u00dcberlegen, weil manches meiner Ansicht (nach) stimmte. Das Vergangene ist der Beurteilung am sichersten, das Gegenw\u00e4rtige ist wohl zu nahe, wird aber auch erkannt. &#8211; Die kriegerische Anlage bei mir ists  nur einseitig, fast wie bei Dir. Der romantisch-militaristische Standpunkt, der in dir ruht, gef\u00e4llt mir, reizt mich aber manchmal zum WiderspruchDu sprichts vom Heroismus der Kriege, vom seelischen Aufschwung, vom Prozess in einem, der solches mitm acht &#8211; zum Teufeln &#8211; wenns an dich herangeht, dann wirst du doch zweifelnd und stellst Gegengr\u00fcnde auf. &#8211; Sch\u00f6n ists ja von der Kunst gesehen. &#8211; Etwas die Erhebung. Es braucht einen Ruf wie ein Donnerhall &#8211; die Feier. Vater, ich rufe dich &#8211; das schlichte herrliche Fatum.  Morgenrot &#8211; die Attacke. Das ist L\u00fctzows wilde verwegene Jagd (.) &#8211; Zewitgenossen, Zeitgenossen, macht es nur ein wenigso sch\u00f6n und mir wird leichter. In einem gebe ich dir Recht; Da\u00df das Erleben der h\u00f6chste Wert ist. Wie vieles wird besser, wenn man von Zeitungen, Feldpostbriefen verschont bleibt, wenn man frei wird von der t\u00e4glichen Eitelkeit, die sich zu Markte stellt. Falscher Ehrgeiz, Schlesucht(!) und Neid verfallen. Und wenn ich auch die Impressionen nicht mehr so feurig mitteilen kann wie einstens, so hindert mich die Erf\u00fclltheit vom Ganzen daran. Was ich jetzt erfasse, das w\u00e4re fr\u00fcher ungeheurer Stoff, bei meiner Vorliebe f\u00fcr Details, gewesen. &#8211; &#8218;Ich erwachte und die sch\u00f6nste Morgenstunde stand \u00fcber den schneeglitzernden D\u00e4chern&#8216;. &#8211; Nein, kurz, kerr gesagt: Hunger und Freude am Morgen. Einstellung zu allem was des Magens (sic)isst. Und doch: hinh\u00f6ren zu den Wildg\u00e4nsen, die hoch am grauen Himmel ziehen. Bewegtheit, wenn wir den Gefangenen rot geben und sie teilen br\u00fcderlich. Knurrig, wenn zu lange ge\u00fcbt wird. Interessiert, wenn es praktischer zugeht. Sch\u00fctzenmulde graben, Gefechts\u00fcb ungen in der Nacht (bis 10h)(.) Feldwachen und Patrouillendienst bei verfluchter K\u00e4lte oder bei hingezauberten Sonnenunterg\u00e4ngen, die hierherrlich sind. Regt sich oft ein trunkenes Lied und wird nur ein armes Wort und pl\u00f6tzlich wieder die Aufforderung zur Schwarmlinie und Menschenjagd. Der romantisch-militaristische Standpunkt ist die Fahne. &#8211; Vertraut man dieser, lebt man unter einem anderen Stern. Und es bahnt sich so etwas an, was Wille zur Macht, Jenseits von Gut und B\u00f6se hei\u00dft. Ein Zauberer &#8211; Zarathustra &#8211; lockt bl\u00fchende Geister (&#8230;)&#8220;.<\/p>\n","protected":false},"featured_media":14988,"template":"","meta":[],"product_brand":[],"product_cat":[71,186,264,914],"product_tag":[],"class_list":{"0":"post-5215","1":"product","2":"type-product","3":"status-publish","4":"has-post-thumbnail","6":"product_cat-austriaca","7":"product_cat-autographen","8":"product_cat-militaria","9":"product_cat-zvab","11":"first","12":"instock","13":"purchasable","14":"product-type-simple"},"_links":{"self":[{"href":"https:\/\/antiquariat-steinbach.com\/rarebooks\/wp-json\/wp\/v2\/product\/5215","targetHints":{"allow":["GET"]}}],"collection":[{"href":"https:\/\/antiquariat-steinbach.com\/rarebooks\/wp-json\/wp\/v2\/product"}],"about":[{"href":"https:\/\/antiquariat-steinbach.com\/rarebooks\/wp-json\/wp\/v2\/types\/product"}],"version-history":[{"count":3,"href":"https:\/\/antiquariat-steinbach.com\/rarebooks\/wp-json\/wp\/v2\/product\/5215\/revisions"}],"predecessor-version":[{"id":20604,"href":"https:\/\/antiquariat-steinbach.com\/rarebooks\/wp-json\/wp\/v2\/product\/5215\/revisions\/20604"}],"wp:featuredmedia":[{"embeddable":true,"href":"https:\/\/antiquariat-steinbach.com\/rarebooks\/wp-json\/wp\/v2\/media\/14988"}],"wp:attachment":[{"href":"https:\/\/antiquariat-steinbach.com\/rarebooks\/wp-json\/wp\/v2\/media?parent=5215"}],"wp:term":[{"taxonomy":"product_brand","embeddable":true,"href":"https:\/\/antiquariat-steinbach.com\/rarebooks\/wp-json\/wp\/v2\/product_brand?post=5215"},{"taxonomy":"product_cat","embeddable":true,"href":"https:\/\/antiquariat-steinbach.com\/rarebooks\/wp-json\/wp\/v2\/product_cat?post=5215"},{"taxonomy":"product_tag","embeddable":true,"href":"https:\/\/antiquariat-steinbach.com\/rarebooks\/wp-json\/wp\/v2\/product_tag?post=5215"}],"curies":[{"name":"wp","href":"https:\/\/api.w.org\/{rel}","templated":true}]}}