{"id":5171,"date":"2026-03-12T00:14:33","date_gmt":"2026-03-11T23:14:33","guid":{"rendered":"http:\/\/antiquariat-steinbach.com\/rarebooks\/produkt\/goethes-leben-und-schriften\/"},"modified":"2026-03-12T00:14:35","modified_gmt":"2026-03-11T23:14:35","slug":"lewes-g-h-goethes-leben-und-schriften","status":"publish","type":"product","link":"https:\/\/antiquariat-steinbach.com\/rarebooks\/produkt\/lewes-g-h-goethes-leben-und-schriften\/","title":{"rendered":"Lewes, G.H: &#8211;  Goethe&#8217;s Leben und Schriften."},"content":{"rendered":"<p>Berlin, Duncker 1858.<\/p>\n<p>3. Auflage. 2 B\u00e4nde. 15,5 : 11,5 cm. LII, 524; XIV, 580 Seiten Leinenb\u00e4nde der Zeit mit reicher R\u00fcckenvergoldung.<\/p>\n<p>25,00 EUR<\/p>\n","protected":false},"excerpt":{"rendered":"<p>Titel mit kleinem Stempel; Einb\u00e4nde etwas berieben, rechtes Gelenk von Band 1 etwas angeplatzt.<\/p>\n","protected":false},"featured_media":0,"template":"","meta":[],"product_brand":[],"product_cat":[32,102,103,914],"product_tag":[],"class_list":{"0":"post-5171","1":"product","2":"type-product","3":"status-publish","5":"product_cat-literatur","6":"product_cat-literaturwissenschaft","7":"product_cat-michael","8":"product_cat-zvab","10":"first","11":"instock","12":"purchasable","13":"product-type-simple"},"_links":{"self":[{"href":"https:\/\/antiquariat-steinbach.com\/rarebooks\/wp-json\/wp\/v2\/product\/5171","targetHints":{"allow":["GET"]}}],"collection":[{"href":"https:\/\/antiquariat-steinbach.com\/rarebooks\/wp-json\/wp\/v2\/product"}],"about":[{"href":"https:\/\/antiquariat-steinbach.com\/rarebooks\/wp-json\/wp\/v2\/types\/product"}],"version-history":[{"count":3,"href":"https:\/\/antiquariat-steinbach.com\/rarebooks\/wp-json\/wp\/v2\/product\/5171\/revisions"}],"predecessor-version":[{"id":20582,"href":"https:\/\/antiquariat-steinbach.com\/rarebooks\/wp-json\/wp\/v2\/product\/5171\/revisions\/20582"}],"wp:attachment":[{"href":"https:\/\/antiquariat-steinbach.com\/rarebooks\/wp-json\/wp\/v2\/media?parent=5171"}],"wp:term":[{"taxonomy":"product_brand","embeddable":true,"href":"https:\/\/antiquariat-steinbach.com\/rarebooks\/wp-json\/wp\/v2\/product_brand?post=5171"},{"taxonomy":"product_cat","embeddable":true,"href":"https:\/\/antiquariat-steinbach.com\/rarebooks\/wp-json\/wp\/v2\/product_cat?post=5171"},{"taxonomy":"product_tag","embeddable":true,"href":"https:\/\/antiquariat-steinbach.com\/rarebooks\/wp-json\/wp\/v2\/product_tag?post=5171"}],"curies":[{"name":"wp","href":"https:\/\/api.w.org\/{rel}","templated":true}]}}