{"id":5131,"date":"2026-03-12T00:14:31","date_gmt":"2026-03-11T23:14:31","guid":{"rendered":"http:\/\/antiquariat-steinbach.com\/rarebooks\/produkt\/dictionnaire-francais-espagnol-et-espagnol-francais\/"},"modified":"2026-03-12T00:14:32","modified_gmt":"2026-03-11T23:14:32","slug":"lenguaje-trapini-d-g-dictionnaire-francais-espagnol-et-espagnol-francais","status":"publish","type":"product","link":"https:\/\/antiquariat-steinbach.com\/rarebooks\/produkt\/lenguaje-trapini-d-g-dictionnaire-francais-espagnol-et-espagnol-francais\/","title":{"rendered":"Lenguaje &#8211;   Trapini, D.G: &#8211;  Dictionnaire francais-espagnol et espagnol-francais."},"content":{"rendered":"<p>Paris, Baudry 1838.<\/p>\n<p>11 : 7,5 cm. 4 hojas, 494 p\u00e1ginas Encuadernaci\u00f3n de piel de la \u00e9poca.<\/p>\n<p>30,00 EUR<\/p>\n","protected":false},"excerpt":{"rendered":"<p>Diccionaria de bolsillo.<\/p>\n","protected":false},"featured_media":17183,"template":"","meta":[],"product_brand":[],"product_cat":[148,413,914],"product_tag":[],"class_list":{"0":"post-5131","1":"product","2":"type-product","3":"status-publish","4":"has-post-thumbnail","6":"product_cat-spanien","7":"product_cat-woerterbuecher","8":"product_cat-zvab","10":"first","11":"instock","12":"purchasable","13":"product-type-simple"},"_links":{"self":[{"href":"https:\/\/antiquariat-steinbach.com\/rarebooks\/wp-json\/wp\/v2\/product\/5131","targetHints":{"allow":["GET"]}}],"collection":[{"href":"https:\/\/antiquariat-steinbach.com\/rarebooks\/wp-json\/wp\/v2\/product"}],"about":[{"href":"https:\/\/antiquariat-steinbach.com\/rarebooks\/wp-json\/wp\/v2\/types\/product"}],"version-history":[{"count":3,"href":"https:\/\/antiquariat-steinbach.com\/rarebooks\/wp-json\/wp\/v2\/product\/5131\/revisions"}],"predecessor-version":[{"id":20562,"href":"https:\/\/antiquariat-steinbach.com\/rarebooks\/wp-json\/wp\/v2\/product\/5131\/revisions\/20562"}],"wp:featuredmedia":[{"embeddable":true,"href":"https:\/\/antiquariat-steinbach.com\/rarebooks\/wp-json\/wp\/v2\/media\/17183"}],"wp:attachment":[{"href":"https:\/\/antiquariat-steinbach.com\/rarebooks\/wp-json\/wp\/v2\/media?parent=5131"}],"wp:term":[{"taxonomy":"product_brand","embeddable":true,"href":"https:\/\/antiquariat-steinbach.com\/rarebooks\/wp-json\/wp\/v2\/product_brand?post=5131"},{"taxonomy":"product_cat","embeddable":true,"href":"https:\/\/antiquariat-steinbach.com\/rarebooks\/wp-json\/wp\/v2\/product_cat?post=5131"},{"taxonomy":"product_tag","embeddable":true,"href":"https:\/\/antiquariat-steinbach.com\/rarebooks\/wp-json\/wp\/v2\/product_tag?post=5131"}],"curies":[{"name":"wp","href":"https:\/\/api.w.org\/{rel}","templated":true}]}}