{"id":5099,"date":"2026-03-12T00:14:27","date_gmt":"2026-03-11T23:14:27","guid":{"rendered":"http:\/\/antiquariat-steinbach.com\/rarebooks\/produkt\/6-4-eigenhaendige-und-2-maschinengeschriebene-briefe-mit-eigen-haendiger-unterschrift-1906-und-1921-bis-1924\/"},"modified":"2026-03-12T00:14:29","modified_gmt":"2026-03-11T23:14:29","slug":"lehrs-max-kunsthistoriker-und-langjaehriger-direktor-des-dresdner-kupferstich-kabinetts-1855-1938-6-4-eigenhaendige-und-2-maschinengeschriebene-briefe-mit-eigen-haendiger-unterschrift-1906-u","status":"publish","type":"product","link":"https:\/\/antiquariat-steinbach.com\/rarebooks\/produkt\/lehrs-max-kunsthistoriker-und-langjaehriger-direktor-des-dresdner-kupferstich-kabinetts-1855-1938-6-4-eigenhaendige-und-2-maschinengeschriebene-briefe-mit-eigen-haendiger-unterschrift-1906-u\/","title":{"rendered":"Lehrs, Max, Kunsthistoriker und langj\u00e4hriger Direktor des Dresdner Kupferstich-Kabinetts (1855-1938). &#8211;  6 (4 eigenh\u00e4ndige und 2 maschinengeschriebene) Briefe mit eigen h\u00e4ndiger Unterschrift 1906 und 1921 bis 1924."},"content":{"rendered":"<p>1906-1924.<\/p>\n<p>22 : 14 &#8211; 31 : 24 cm. Zusammen 14 1\/4 Seiten auf 10 Blatt.<\/p>\n<p>480,00 EUR<\/p>\n","protected":false},"excerpt":{"rendered":"<p>Eine Sammlung unterschiedlicher Korrespondenzst\u00fccke zur Herausgabe von Lehrs Monumentalwerk &#8222;Geschichte und kritischer Katalog des deutschen, niederl\u00e4ndischen und franz\u00f6sischen Kupferstichs im 15. Jahrhundert.&#8220;, &#8222;das in 9 Text- und Tafelb\u00e4nden 1908-1934 unter der redaktionellen Mitarbeit von Frdr. D\u00f6rnh\u00f6ffer und A. Weixelg\u00e4rtner von der Wiener &#8218;Gesellschaft f\u00fcr vervielf\u00e4ltigende Kunst&#8216; edirt wurde. Lehrs hat darin die erste umfassende Darstellungdes Themas geboten und durch seine Analyse der Monogrammisten, durch Werkzusammenstellungen  mit Hilfe von otnamen und durch die Einordnung bekannter K\u00fcnstler dieses bedeutende Gebiet europ\u00e4ischer Kunst geordnet und klargelegt (NDB). Darin enthalten sind nebst Lehrs eigenh\u00e4ndigen Briefen auch einige gegenbriefe und -entw\u00fcrfe, NotizenVertr\u00e4ge, ein Kostenvoranschlag, ein Subkriptionsschein, eine Subskirptionseinladung u.v.m. &#8211; Max Lehrs warvon 1904 bis 1908 als Direktor des Berliner Kupferstichkabinetts und anschlie\u00dfend bis zu seiner Pensionierung 1923 (oder 1924?) als Direktor der Dresdener Kupferstickkabinetts t\u00e4tig. &#8222;Zu seinen bevorzugten Arbeitsgebiet, der Graphi des 15. Jahrhunderts ver\u00f6ffentlichte Lehrs heute noch g\u00fcltige, grundlegende Werke, wobei er sich besonders mit dem Kupferstich in Deutschland, den Niederlanden und Frankreiche besch\u00e4ftigte&#8220;. &#8211; Mit 44 Blatt Beilagen. &#8211; Meist mit kleineren Gebrauchsspuren. &#8211; Die Zitate aus: Schwingenstein, Christoph, &#8222;Max Lehrs&#8220; in: Neue Deutsceh Biograp\u00f6hie 14 (1985 S. 114 (Online Version).<\/p>\n","protected":false},"featured_media":0,"template":"","meta":[],"product_brand":[],"product_cat":[186,69,101,914],"product_tag":[],"class_list":{"0":"post-5099","1":"product","2":"type-product","3":"status-publish","5":"product_cat-autographen","6":"product_cat-kunstgeschichte","7":"product_cat-werkverzeichnis","8":"product_cat-zvab","10":"first","11":"instock","12":"purchasable","13":"product-type-simple"},"_links":{"self":[{"href":"https:\/\/antiquariat-steinbach.com\/rarebooks\/wp-json\/wp\/v2\/product\/5099","targetHints":{"allow":["GET"]}}],"collection":[{"href":"https:\/\/antiquariat-steinbach.com\/rarebooks\/wp-json\/wp\/v2\/product"}],"about":[{"href":"https:\/\/antiquariat-steinbach.com\/rarebooks\/wp-json\/wp\/v2\/types\/product"}],"version-history":[{"count":3,"href":"https:\/\/antiquariat-steinbach.com\/rarebooks\/wp-json\/wp\/v2\/product\/5099\/revisions"}],"predecessor-version":[{"id":20544,"href":"https:\/\/antiquariat-steinbach.com\/rarebooks\/wp-json\/wp\/v2\/product\/5099\/revisions\/20544"}],"wp:attachment":[{"href":"https:\/\/antiquariat-steinbach.com\/rarebooks\/wp-json\/wp\/v2\/media?parent=5099"}],"wp:term":[{"taxonomy":"product_brand","embeddable":true,"href":"https:\/\/antiquariat-steinbach.com\/rarebooks\/wp-json\/wp\/v2\/product_brand?post=5099"},{"taxonomy":"product_cat","embeddable":true,"href":"https:\/\/antiquariat-steinbach.com\/rarebooks\/wp-json\/wp\/v2\/product_cat?post=5099"},{"taxonomy":"product_tag","embeddable":true,"href":"https:\/\/antiquariat-steinbach.com\/rarebooks\/wp-json\/wp\/v2\/product_tag?post=5099"}],"curies":[{"name":"wp","href":"https:\/\/api.w.org\/{rel}","templated":true}]}}