{"id":5019,"date":"2026-03-12T00:14:50","date_gmt":"2026-03-11T23:14:50","guid":{"rendered":"http:\/\/antiquariat-steinbach.com\/rarebooks\/produkt\/est-ce-a-ou-de\/"},"modified":"2026-03-12T00:14:51","modified_gmt":"2026-03-11T23:14:51","slug":"litterature-lasserree-e-est-ce-a-ou-de","status":"publish","type":"product","link":"https:\/\/antiquariat-steinbach.com\/rarebooks\/produkt\/litterature-lasserree-e-est-ce-a-ou-de\/","title":{"rendered":"Litt\u00e9rature &#8211;   Lasserree, E. &#8211;  Est-ce \u00e0 ou de?"},"content":{"rendered":"<p>Lausanne and Paris, Fayot and Societ\u00e9 Francaise du livre, 1962 &#8211; 1964,<\/p>\n<p>2 volumes. 18,5 : 13 cm. 65; 63 pages. Typographic printed original boards.<\/p>\n<p>60,00 EUR<\/p>\n","protected":false},"excerpt":{"rendered":"<p>First edition. &#8211; I. R\u00e9pertoire des verbes adjectifs et locutions se construisant avec un pr\u00e9position. &#8211; II. Exercises sur les verbes adjectifs et locutions se construisant avec un pr\u00e9position.<\/p>\n","protected":false},"featured_media":14962,"template":"","meta":[],"product_brand":[],"product_cat":[143,697,914],"product_tag":[],"class_list":{"0":"post-5019","1":"product","2":"type-product","3":"status-publish","4":"has-post-thumbnail","6":"product_cat-francais","7":"product_cat-grammatik-franz","8":"product_cat-zvab","10":"first","11":"instock","12":"purchasable","13":"product-type-simple"},"_links":{"self":[{"href":"https:\/\/antiquariat-steinbach.com\/rarebooks\/wp-json\/wp\/v2\/product\/5019","targetHints":{"allow":["GET"]}}],"collection":[{"href":"https:\/\/antiquariat-steinbach.com\/rarebooks\/wp-json\/wp\/v2\/product"}],"about":[{"href":"https:\/\/antiquariat-steinbach.com\/rarebooks\/wp-json\/wp\/v2\/types\/product"}],"version-history":[{"count":4,"href":"https:\/\/antiquariat-steinbach.com\/rarebooks\/wp-json\/wp\/v2\/product\/5019\/revisions"}],"predecessor-version":[{"id":24589,"href":"https:\/\/antiquariat-steinbach.com\/rarebooks\/wp-json\/wp\/v2\/product\/5019\/revisions\/24589"}],"wp:featuredmedia":[{"embeddable":true,"href":"https:\/\/antiquariat-steinbach.com\/rarebooks\/wp-json\/wp\/v2\/media\/14962"}],"wp:attachment":[{"href":"https:\/\/antiquariat-steinbach.com\/rarebooks\/wp-json\/wp\/v2\/media?parent=5019"}],"wp:term":[{"taxonomy":"product_brand","embeddable":true,"href":"https:\/\/antiquariat-steinbach.com\/rarebooks\/wp-json\/wp\/v2\/product_brand?post=5019"},{"taxonomy":"product_cat","embeddable":true,"href":"https:\/\/antiquariat-steinbach.com\/rarebooks\/wp-json\/wp\/v2\/product_cat?post=5019"},{"taxonomy":"product_tag","embeddable":true,"href":"https:\/\/antiquariat-steinbach.com\/rarebooks\/wp-json\/wp\/v2\/product_tag?post=5019"}],"curies":[{"name":"wp","href":"https:\/\/api.w.org\/{rel}","templated":true}]}}