{"id":4835,"date":"2026-03-12T00:14:04","date_gmt":"2026-03-11T23:14:04","guid":{"rendered":"http:\/\/antiquariat-steinbach.com\/rarebooks\/produkt\/ueber-gewisse-kritiker-rezensenten-und-broschuerenmacher\/"},"modified":"2026-03-12T00:14:05","modified_gmt":"2026-03-11T23:14:05","slug":"kritik-ueber-gewisse-kritiker-rezensenten-und-broschuerenmacher","status":"publish","type":"product","link":"https:\/\/antiquariat-steinbach.com\/rarebooks\/produkt\/kritik-ueber-gewisse-kritiker-rezensenten-und-broschuerenmacher\/","title":{"rendered":"Kritik: &#8211;  \u00fcber gewisse Kritiker, Rezensenten und Brosch\u00fcrenmacher."},"content":{"rendered":"<p>(Augsburg, Doll) 1794.<\/p>\n<p>Achter Jahrgangt. 18 : 11,5 cm. 512 Seiten, 2 Blatt Pappband der Zeit.<\/p>\n<p>90,00 EUR<\/p>\n","protected":false},"excerpt":{"rendered":"<p>Enth\u00e4lt u.a. &#8218;Zerstreute Aufs\u00e4tze vom Herrn Professor Kant, Frankfurt und Leipzig 1793&#8216;, &#8218;Wider die neuesten Beytr\u00e4ge zur Religionslehre und irchengeschichte&#8216;, &#8218;Wider die Schlangenpfiffe&#8216;, Ueber das Pfingstwunder, oder die Gabe der Sprache&#8216; usw. &#8211; Stellenweise etwas fleckig; Einband gering berieben.<\/p>\n","protected":false},"featured_media":14931,"template":"","meta":[],"product_brand":[],"product_cat":[349,32,52,914],"product_tag":[],"class_list":{"0":"post-4835","1":"product","2":"type-product","3":"status-publish","4":"has-post-thumbnail","6":"product_cat-freimaurerei","7":"product_cat-literatur","8":"product_cat-zeitschriften","9":"product_cat-zvab","11":"first","12":"instock","13":"purchasable","14":"product-type-simple"},"_links":{"self":[{"href":"https:\/\/antiquariat-steinbach.com\/rarebooks\/wp-json\/wp\/v2\/product\/4835","targetHints":{"allow":["GET"]}}],"collection":[{"href":"https:\/\/antiquariat-steinbach.com\/rarebooks\/wp-json\/wp\/v2\/product"}],"about":[{"href":"https:\/\/antiquariat-steinbach.com\/rarebooks\/wp-json\/wp\/v2\/types\/product"}],"version-history":[{"count":3,"href":"https:\/\/antiquariat-steinbach.com\/rarebooks\/wp-json\/wp\/v2\/product\/4835\/revisions"}],"predecessor-version":[{"id":20389,"href":"https:\/\/antiquariat-steinbach.com\/rarebooks\/wp-json\/wp\/v2\/product\/4835\/revisions\/20389"}],"wp:featuredmedia":[{"embeddable":true,"href":"https:\/\/antiquariat-steinbach.com\/rarebooks\/wp-json\/wp\/v2\/media\/14931"}],"wp:attachment":[{"href":"https:\/\/antiquariat-steinbach.com\/rarebooks\/wp-json\/wp\/v2\/media?parent=4835"}],"wp:term":[{"taxonomy":"product_brand","embeddable":true,"href":"https:\/\/antiquariat-steinbach.com\/rarebooks\/wp-json\/wp\/v2\/product_brand?post=4835"},{"taxonomy":"product_cat","embeddable":true,"href":"https:\/\/antiquariat-steinbach.com\/rarebooks\/wp-json\/wp\/v2\/product_cat?post=4835"},{"taxonomy":"product_tag","embeddable":true,"href":"https:\/\/antiquariat-steinbach.com\/rarebooks\/wp-json\/wp\/v2\/product_tag?post=4835"}],"curies":[{"name":"wp","href":"https:\/\/api.w.org\/{rel}","templated":true}]}}