{"id":4805,"date":"2026-03-12T00:14:02","date_gmt":"2026-03-11T23:14:02","guid":{"rendered":"http:\/\/antiquariat-steinbach.com\/rarebooks\/produkt\/die-kunst-des-krawattenbindens-auf-alle-gebraeuchlichen-und-bekannten-arten-unterrichtet-und-erklaert-in-sechzehn-lektionen\/"},"modified":"2026-03-12T00:14:03","modified_gmt":"2026-03-11T23:14:03","slug":"krawatten-lempese-emile-baron-de-die-kunst-des-krawattenbindens-auf-alle-gebraeuchlichen-und-bekannten-arten-unterrichtet-und-erklaert-in-sechzehn-lektionen","status":"publish","type":"product","link":"https:\/\/antiquariat-steinbach.com\/rarebooks\/produkt\/krawatten-lempese-emile-baron-de-die-kunst-des-krawattenbindens-auf-alle-gebraeuchlichen-und-bekannten-arten-unterrichtet-und-erklaert-in-sechzehn-lektionen\/","title":{"rendered":"Krawatten &#8211;   L&#8217;Emp\u00e9s\u00e9, Emile Baron de. &#8211;  Die Kunst des Krawattenbindens auf alle gebr\u00e4uchlichen und bekannten Arten unterrichtet und erkl\u00e4rt in sechzehn Lektionen."},"content":{"rendered":"<p>Bonn, Thull-Verlag, 1989.<\/p>\n<p>14 : 9 cm. 136 Seiten, 1 farbige Tafel und 4 mehrfach gefaltete Tafeln mit viellen Abbildungen. Original Karton.<\/p>\n<p>10,00 EUR<\/p>\n","protected":false},"excerpt":{"rendered":"<p>Die Original Ausgabe erschien 1827.<\/p>\n","protected":false},"featured_media":14919,"template":"","meta":[],"product_brand":[],"product_cat":[55,689,59,121,914],"product_tag":[],"class_list":{"0":"post-4805","1":"product","2":"type-product","3":"status-publish","4":"has-post-thumbnail","6":"product_cat-fashion","7":"product_cat-herrenschneider","8":"product_cat-kulturgeschichte","9":"product_cat-mode","10":"product_cat-zvab","12":"first","13":"instock","14":"purchasable","15":"product-type-simple"},"_links":{"self":[{"href":"https:\/\/antiquariat-steinbach.com\/rarebooks\/wp-json\/wp\/v2\/product\/4805","targetHints":{"allow":["GET"]}}],"collection":[{"href":"https:\/\/antiquariat-steinbach.com\/rarebooks\/wp-json\/wp\/v2\/product"}],"about":[{"href":"https:\/\/antiquariat-steinbach.com\/rarebooks\/wp-json\/wp\/v2\/types\/product"}],"version-history":[{"count":3,"href":"https:\/\/antiquariat-steinbach.com\/rarebooks\/wp-json\/wp\/v2\/product\/4805\/revisions"}],"predecessor-version":[{"id":20377,"href":"https:\/\/antiquariat-steinbach.com\/rarebooks\/wp-json\/wp\/v2\/product\/4805\/revisions\/20377"}],"wp:featuredmedia":[{"embeddable":true,"href":"https:\/\/antiquariat-steinbach.com\/rarebooks\/wp-json\/wp\/v2\/media\/14919"}],"wp:attachment":[{"href":"https:\/\/antiquariat-steinbach.com\/rarebooks\/wp-json\/wp\/v2\/media?parent=4805"}],"wp:term":[{"taxonomy":"product_brand","embeddable":true,"href":"https:\/\/antiquariat-steinbach.com\/rarebooks\/wp-json\/wp\/v2\/product_brand?post=4805"},{"taxonomy":"product_cat","embeddable":true,"href":"https:\/\/antiquariat-steinbach.com\/rarebooks\/wp-json\/wp\/v2\/product_cat?post=4805"},{"taxonomy":"product_tag","embeddable":true,"href":"https:\/\/antiquariat-steinbach.com\/rarebooks\/wp-json\/wp\/v2\/product_tag?post=4805"}],"curies":[{"name":"wp","href":"https:\/\/api.w.org\/{rel}","templated":true}]}}