{"id":4743,"date":"2026-03-12T00:12:57","date_gmt":"2026-03-11T23:12:57","guid":{"rendered":"http:\/\/antiquariat-steinbach.com\/rarebooks\/produkt\/die-jobsiade\/"},"modified":"2026-03-12T00:12:59","modified_gmt":"2026-03-11T23:12:59","slug":"kortum-c-a-die-jobsiade","status":"publish","type":"product","link":"https:\/\/antiquariat-steinbach.com\/rarebooks\/produkt\/kortum-c-a-die-jobsiade\/","title":{"rendered":"(Kortum, C.A.): &#8211;  Die Jobsiade."},"content":{"rendered":"<p>Hamm, Schulz und Wundermann 1824.<\/p>\n<p>Neueste Original-Ausgabe. 3 Teile in 1 Band. 18 : 11 cm. 176 Seiten; 4 Blatt 166 Seiten, 1 Blatt; 4 Blatt, 166 Seiten, 1 Blatt mit gestochenen Frontispiz und gestochenen Titel mit Vignette von J.H. Ramberg, sowie zahlreichen Holzschnitten des Verfassers. Halblederband der Zeit mit R\u00fcckenvergoldung.<\/p>\n<p>60,00 EUR<\/p>\n","protected":false},"excerpt":{"rendered":"<p>Noch zeitgen\u00f6ssische Ausgabe eines der wirklich gro\u00dfen komischen B\u00fccher der deutschen Literatur. -Kortums komisch-satirisches Heldengedicht von dem lustigen Treiben des Studenten und Saufau Hieronymus Job hat durch Humor, Sprachreichtum und Treffsicherheit des Ausdrucks bis heute seine Frische und Anziehungskraft bewahrt&#8230;in Knittelversen abgefa\u00dft, die Kortums Vorbild Hans Sachs bewu\u00dft an Skurrilit\u00e4t in Reim und Metrum \u00fcbertreffen, wurde die Jobsiade nicht zuletzt durch die naiven Holzschnitte, mit denen Kortum das Werk selbst illustriert hat, zum spiegelbild der deutschen Kleinstadt (Schildburg) und des nichtsnutzigen Studenten&#8220; (NDB). &#8211; Gering gebr\u00e4unt; Einband berieben, R\u00fccken und Gelenke teils besch\u00e4digt. &#8211; Goed. IV\/1, 638, 2b; R\u00fcmann 1708.<\/p>\n","protected":false},"featured_media":14911,"template":"","meta":[],"product_brand":[],"product_cat":[43,32,103,914],"product_tag":[],"class_list":{"0":"post-4743","1":"product","2":"type-product","3":"status-publish","4":"has-post-thumbnail","6":"product_cat-illustrierte-buecher","7":"product_cat-literatur","8":"product_cat-michael","9":"product_cat-zvab","11":"first","12":"instock","13":"purchasable","14":"product-type-simple"},"_links":{"self":[{"href":"https:\/\/antiquariat-steinbach.com\/rarebooks\/wp-json\/wp\/v2\/product\/4743","targetHints":{"allow":["GET"]}}],"collection":[{"href":"https:\/\/antiquariat-steinbach.com\/rarebooks\/wp-json\/wp\/v2\/product"}],"about":[{"href":"https:\/\/antiquariat-steinbach.com\/rarebooks\/wp-json\/wp\/v2\/types\/product"}],"version-history":[{"count":3,"href":"https:\/\/antiquariat-steinbach.com\/rarebooks\/wp-json\/wp\/v2\/product\/4743\/revisions"}],"predecessor-version":[{"id":20357,"href":"https:\/\/antiquariat-steinbach.com\/rarebooks\/wp-json\/wp\/v2\/product\/4743\/revisions\/20357"}],"wp:featuredmedia":[{"embeddable":true,"href":"https:\/\/antiquariat-steinbach.com\/rarebooks\/wp-json\/wp\/v2\/media\/14911"}],"wp:attachment":[{"href":"https:\/\/antiquariat-steinbach.com\/rarebooks\/wp-json\/wp\/v2\/media?parent=4743"}],"wp:term":[{"taxonomy":"product_brand","embeddable":true,"href":"https:\/\/antiquariat-steinbach.com\/rarebooks\/wp-json\/wp\/v2\/product_brand?post=4743"},{"taxonomy":"product_cat","embeddable":true,"href":"https:\/\/antiquariat-steinbach.com\/rarebooks\/wp-json\/wp\/v2\/product_cat?post=4743"},{"taxonomy":"product_tag","embeddable":true,"href":"https:\/\/antiquariat-steinbach.com\/rarebooks\/wp-json\/wp\/v2\/product_tag?post=4743"}],"curies":[{"name":"wp","href":"https:\/\/api.w.org\/{rel}","templated":true}]}}