{"id":4639,"date":"2026-03-12T00:12:51","date_gmt":"2026-03-11T23:12:51","guid":{"rendered":"http:\/\/antiquariat-steinbach.com\/rarebooks\/produkt\/das-himmelsgericht-merkwuerdige-ereignisse\/"},"modified":"2026-03-12T00:12:52","modified_gmt":"2026-03-11T23:12:52","slug":"koelwel-gottfried-das-himmelsgericht-merkwuerdige-ereignisse","status":"publish","type":"product","link":"https:\/\/antiquariat-steinbach.com\/rarebooks\/produkt\/koelwel-gottfried-das-himmelsgericht-merkwuerdige-ereignisse\/","title":{"rendered":"K\u00f6lwel Gottfried. &#8211;  Das Himmelsgericht. Merkw\u00fcrdige Ereignisse."},"content":{"rendered":"<p>M\u00fcnchen. Liechtenstein. 1951<\/p>\n<p>24,5 : 17,5cm. originial cloth.<\/p>\n<p>45,00 EUR<\/p>\n","protected":false},"excerpt":{"rendered":"<p>74 Pages., 3 Leaves., with 21 illustrations from Hans Fronis. originial cloth.<\/p>\n","protected":false},"featured_media":14892,"template":"","meta":[],"product_brand":[],"product_cat":[365,140,914],"product_tag":[],"class_list":{"0":"post-4639","1":"product","2":"type-product","3":"status-publish","4":"has-post-thumbnail","6":"product_cat-365","7":"product_cat-jhdt","8":"product_cat-zvab","10":"first","11":"instock","12":"purchasable","13":"product-type-simple"},"_links":{"self":[{"href":"https:\/\/antiquariat-steinbach.com\/rarebooks\/wp-json\/wp\/v2\/product\/4639","targetHints":{"allow":["GET"]}}],"collection":[{"href":"https:\/\/antiquariat-steinbach.com\/rarebooks\/wp-json\/wp\/v2\/product"}],"about":[{"href":"https:\/\/antiquariat-steinbach.com\/rarebooks\/wp-json\/wp\/v2\/types\/product"}],"version-history":[{"count":3,"href":"https:\/\/antiquariat-steinbach.com\/rarebooks\/wp-json\/wp\/v2\/product\/4639\/revisions"}],"predecessor-version":[{"id":20317,"href":"https:\/\/antiquariat-steinbach.com\/rarebooks\/wp-json\/wp\/v2\/product\/4639\/revisions\/20317"}],"wp:featuredmedia":[{"embeddable":true,"href":"https:\/\/antiquariat-steinbach.com\/rarebooks\/wp-json\/wp\/v2\/media\/14892"}],"wp:attachment":[{"href":"https:\/\/antiquariat-steinbach.com\/rarebooks\/wp-json\/wp\/v2\/media?parent=4639"}],"wp:term":[{"taxonomy":"product_brand","embeddable":true,"href":"https:\/\/antiquariat-steinbach.com\/rarebooks\/wp-json\/wp\/v2\/product_brand?post=4639"},{"taxonomy":"product_cat","embeddable":true,"href":"https:\/\/antiquariat-steinbach.com\/rarebooks\/wp-json\/wp\/v2\/product_cat?post=4639"},{"taxonomy":"product_tag","embeddable":true,"href":"https:\/\/antiquariat-steinbach.com\/rarebooks\/wp-json\/wp\/v2\/product_tag?post=4639"}],"curies":[{"name":"wp","href":"https:\/\/api.w.org\/{rel}","templated":true}]}}