{"id":4467,"date":"2026-03-12T00:12:38","date_gmt":"2026-03-11T23:12:38","guid":{"rendered":"http:\/\/antiquariat-steinbach.com\/rarebooks\/produkt\/im-tollen-jahr\/"},"modified":"2026-03-12T00:12:39","modified_gmt":"2026-03-11T23:12:39","slug":"kladderadatsch-im-tollen-jahr","status":"publish","type":"product","link":"https:\/\/antiquariat-steinbach.com\/rarebooks\/produkt\/kladderadatsch-im-tollen-jahr\/","title":{"rendered":"Kladderadatsch: &#8211;  Im tollen Jahr."},"content":{"rendered":"<p>Berlin, Hofmann 1898.<\/p>\n<p>31 : 22 cm. 135; 12 Seiten mit vielen Illustrationen. Farbig illustrierter Original-Halbleinenband.<\/p>\n<p>80,00 EUR<\/p>\n","protected":false},"excerpt":{"rendered":"<p>Nachdruck des kompletten ersten Jahrgangs &#8211; 34 Hefte + 2 Extra-Nummern &#8211; des Kladderadatsch, mit den Revolutions-Ereignissen. Mit 12 Seiten Erl\u00e4uterungen zu den behandelten Personen und Vorg\u00e4ngen. &#8211; Papierbedingt etwas gebr\u00e4unt; Vorderdeckel gelockert, oberes Kapital und rechtes Gelenk minimal eingerissen.<\/p>\n","protected":false},"featured_media":17031,"template":"","meta":[],"product_brand":[],"product_cat":[115,608,52,914],"product_tag":[],"class_list":{"0":"post-4467","1":"product","2":"type-product","3":"status-publish","4":"has-post-thumbnail","6":"product_cat-berlin","7":"product_cat-revolution-1848","8":"product_cat-zeitschriften","9":"product_cat-zvab","11":"first","12":"instock","13":"purchasable","14":"product-type-simple"},"_links":{"self":[{"href":"https:\/\/antiquariat-steinbach.com\/rarebooks\/wp-json\/wp\/v2\/product\/4467","targetHints":{"allow":["GET"]}}],"collection":[{"href":"https:\/\/antiquariat-steinbach.com\/rarebooks\/wp-json\/wp\/v2\/product"}],"about":[{"href":"https:\/\/antiquariat-steinbach.com\/rarebooks\/wp-json\/wp\/v2\/types\/product"}],"version-history":[{"count":4,"href":"https:\/\/antiquariat-steinbach.com\/rarebooks\/wp-json\/wp\/v2\/product\/4467\/revisions"}],"predecessor-version":[{"id":20246,"href":"https:\/\/antiquariat-steinbach.com\/rarebooks\/wp-json\/wp\/v2\/product\/4467\/revisions\/20246"}],"wp:featuredmedia":[{"embeddable":true,"href":"https:\/\/antiquariat-steinbach.com\/rarebooks\/wp-json\/wp\/v2\/media\/17031"}],"wp:attachment":[{"href":"https:\/\/antiquariat-steinbach.com\/rarebooks\/wp-json\/wp\/v2\/media?parent=4467"}],"wp:term":[{"taxonomy":"product_brand","embeddable":true,"href":"https:\/\/antiquariat-steinbach.com\/rarebooks\/wp-json\/wp\/v2\/product_brand?post=4467"},{"taxonomy":"product_cat","embeddable":true,"href":"https:\/\/antiquariat-steinbach.com\/rarebooks\/wp-json\/wp\/v2\/product_cat?post=4467"},{"taxonomy":"product_tag","embeddable":true,"href":"https:\/\/antiquariat-steinbach.com\/rarebooks\/wp-json\/wp\/v2\/product_tag?post=4467"}],"curies":[{"name":"wp","href":"https:\/\/api.w.org\/{rel}","templated":true}]}}