{"id":4375,"date":"2026-03-12T00:12:26","date_gmt":"2026-03-11T23:12:26","guid":{"rendered":"http:\/\/antiquariat-steinbach.com\/rarebooks\/produkt\/jubioeaeum-rueckblick-dokumentation-60-jahre-galerie-nierendorf-mit-einem-vorwort-von-florian-karsch\/"},"modified":"2026-03-12T00:12:28","modified_gmt":"2026-03-11T23:12:28","slug":"karsch-florian-jubioeaeum-rueckblick-dokumentation-60-jahre-galerie-nierendorf-mit-einem-vorwort-von-florian-karsch","status":"publish","type":"product","link":"https:\/\/antiquariat-steinbach.com\/rarebooks\/produkt\/karsch-florian-jubioeaeum-rueckblick-dokumentation-60-jahre-galerie-nierendorf-mit-einem-vorwort-von-florian-karsch\/","title":{"rendered":"Karsch Florian. &#8211;  Jubi\u00f6\u00e4um, R\u00fcckblick, Dokumentation. 60 Jahre Galerie Nierendorf. Mit einem Vorwort von Florian Karsch."},"content":{"rendered":"<p>Berlin, Nierendorf, 1980.<\/p>\n<p>31,5 : 22,5cm. 214 pages, with 36 original graphics and many, partly coloured plates and illustrations. Colourd illustrated original boards.<\/p>\n<p>250,00 EUR<\/p>\n","protected":false},"excerpt":{"rendered":"<p>With 36 original graphics printed from the original blocks in woodcut and linocut   Conrad Felixm\u00fcller, Karl Jakob Hirsch, Hannah H\u00f6ch, Franz M. Jansen, Max Kaus, Cesar Klein, Gerhard Marcks, Otto M\u00f6ller, Kurt M\u00fchlenhaupt, Otto Nebel, Hans Orlowski, Max Pechstein, Christian Rohlfs, Josef Scharl, Georg Tappert, a.a. &#8211; 13. Sonderkatalog der Galerie Nierendorf, numbered copy.<\/p>\n","protected":false},"featured_media":0,"template":"","meta":[],"product_brand":[],"product_cat":[365,140,317,914],"product_tag":[],"class_list":{"0":"post-4375","1":"product","2":"type-product","3":"status-publish","5":"product_cat-365","6":"product_cat-jhdt","7":"product_cat-kuenstlergraphik","8":"product_cat-zvab","10":"first","11":"instock","12":"purchasable","13":"product-type-simple"},"_links":{"self":[{"href":"https:\/\/antiquariat-steinbach.com\/rarebooks\/wp-json\/wp\/v2\/product\/4375","targetHints":{"allow":["GET"]}}],"collection":[{"href":"https:\/\/antiquariat-steinbach.com\/rarebooks\/wp-json\/wp\/v2\/product"}],"about":[{"href":"https:\/\/antiquariat-steinbach.com\/rarebooks\/wp-json\/wp\/v2\/types\/product"}],"version-history":[{"count":3,"href":"https:\/\/antiquariat-steinbach.com\/rarebooks\/wp-json\/wp\/v2\/product\/4375\/revisions"}],"predecessor-version":[{"id":20201,"href":"https:\/\/antiquariat-steinbach.com\/rarebooks\/wp-json\/wp\/v2\/product\/4375\/revisions\/20201"}],"wp:attachment":[{"href":"https:\/\/antiquariat-steinbach.com\/rarebooks\/wp-json\/wp\/v2\/media?parent=4375"}],"wp:term":[{"taxonomy":"product_brand","embeddable":true,"href":"https:\/\/antiquariat-steinbach.com\/rarebooks\/wp-json\/wp\/v2\/product_brand?post=4375"},{"taxonomy":"product_cat","embeddable":true,"href":"https:\/\/antiquariat-steinbach.com\/rarebooks\/wp-json\/wp\/v2\/product_cat?post=4375"},{"taxonomy":"product_tag","embeddable":true,"href":"https:\/\/antiquariat-steinbach.com\/rarebooks\/wp-json\/wp\/v2\/product_tag?post=4375"}],"curies":[{"name":"wp","href":"https:\/\/api.w.org\/{rel}","templated":true}]}}