{"id":4073,"date":"2026-03-12T00:10:58","date_gmt":"2026-03-11T23:10:58","guid":{"rendered":"http:\/\/antiquariat-steinbach.com\/rarebooks\/produkt\/eine-fruehlingsfahrt-nach-den-canarischen-inseln\/"},"modified":"2026-03-12T00:10:59","modified_gmt":"2026-03-11T23:10:59","slug":"islas-canarias-christ-hermann-eine-fruehlingsfahrt-nach-den-canarischen-inseln","status":"publish","type":"product","link":"https:\/\/antiquariat-steinbach.com\/rarebooks\/produkt\/islas-canarias-christ-hermann-eine-fruehlingsfahrt-nach-den-canarischen-inseln\/","title":{"rendered":"Islas Canarias &#8211;   Christ, H(ermann): &#8211;  Eine Fr\u00fchlingsfahrt nach den Canarischen Inseln."},"content":{"rendered":"<p>Basel, Genf y Lyon, Georg 1886.<\/p>\n<p>20 : 14 cm. VIII, 249 p\u00e1ginas, 3 hojas Con 26 l\u00e1minas. Encuadernaci\u00f3n original de media piel.<\/p>\n<p>180,00 EUR<\/p>\n","protected":false},"excerpt":{"rendered":"<p>Rare y extensa descripci\u00f3n de las &#8222;Islas afortunadas&#8220;. Las l\u00e1minas con vistas despues de dibujos del autor. &#8211; Parte superior del lomo un poco defecto, cortes un poco rozados.<\/p>\n","protected":false},"featured_media":0,"template":"","meta":[],"product_brand":[],"product_cat":[170,65,203,148,914],"product_tag":[],"class_list":{"0":"post-4073","1":"product","2":"type-product","3":"status-publish","5":"product_cat-bc12","6":"product_cat-geographie","7":"product_cat-ilabfair08","8":"product_cat-spanien","9":"product_cat-zvab","11":"first","12":"instock","13":"purchasable","14":"product-type-simple"},"_links":{"self":[{"href":"https:\/\/antiquariat-steinbach.com\/rarebooks\/wp-json\/wp\/v2\/product\/4073","targetHints":{"allow":["GET"]}}],"collection":[{"href":"https:\/\/antiquariat-steinbach.com\/rarebooks\/wp-json\/wp\/v2\/product"}],"about":[{"href":"https:\/\/antiquariat-steinbach.com\/rarebooks\/wp-json\/wp\/v2\/types\/product"}],"version-history":[{"count":3,"href":"https:\/\/antiquariat-steinbach.com\/rarebooks\/wp-json\/wp\/v2\/product\/4073\/revisions"}],"predecessor-version":[{"id":20053,"href":"https:\/\/antiquariat-steinbach.com\/rarebooks\/wp-json\/wp\/v2\/product\/4073\/revisions\/20053"}],"wp:attachment":[{"href":"https:\/\/antiquariat-steinbach.com\/rarebooks\/wp-json\/wp\/v2\/media?parent=4073"}],"wp:term":[{"taxonomy":"product_brand","embeddable":true,"href":"https:\/\/antiquariat-steinbach.com\/rarebooks\/wp-json\/wp\/v2\/product_brand?post=4073"},{"taxonomy":"product_cat","embeddable":true,"href":"https:\/\/antiquariat-steinbach.com\/rarebooks\/wp-json\/wp\/v2\/product_cat?post=4073"},{"taxonomy":"product_tag","embeddable":true,"href":"https:\/\/antiquariat-steinbach.com\/rarebooks\/wp-json\/wp\/v2\/product_tag?post=4073"}],"curies":[{"name":"wp","href":"https:\/\/api.w.org\/{rel}","templated":true}]}}