{"id":407,"date":"2026-03-12T00:00:10","date_gmt":"2026-03-11T23:00:10","guid":{"rendered":"http:\/\/antiquariat-steinbach.com\/rarebooks\/produkt\/saechsische-koeuefe-im-zeitgenoessischen-bild\/"},"modified":"2026-03-12T00:00:12","modified_gmt":"2026-03-11T23:00:12","slug":"adriana-gert-loeffler-fritz-and-franz-schubert-saechsische-koepfe-im-zeitgenoessischen-bild","status":"publish","type":"product","link":"https:\/\/antiquariat-steinbach.com\/rarebooks\/produkt\/adriana-gert-loeffler-fritz-and-franz-schubert-saechsische-koepfe-im-zeitgenoessischen-bild\/","title":{"rendered":"Adriana, Gert, L\u00f6ffler, Fritz and Franz Schubert. &#8211;  S\u00e4chsische K\u00f6pfe im zeitgen\u00f6ssischen Bild."},"content":{"rendered":"<p>Dresden, Heimatwerk Sachsen,  n.d.<\/p>\n<p>25,5 : 19 cm. 142 pages with ca. 120 plates with portraits. Original boards.<\/p>\n<p>20,00 EUR<\/p>\n","protected":false},"excerpt":{"rendered":"<p>Shows the most important personalities which were born in Sachsen, Germany. &#8211; Lower right corner water-stained.<\/p>\n","protected":false},"featured_media":27236,"template":"","meta":[],"product_brand":[],"product_cat":[74,86,914],"product_tag":[],"class_list":{"0":"post-407","1":"product","2":"type-product","3":"status-publish","4":"has-post-thumbnail","6":"product_cat-deutschland","7":"product_cat-portraets","8":"product_cat-zvab","10":"first","11":"instock","12":"purchasable","13":"product-type-simple"},"_links":{"self":[{"href":"https:\/\/antiquariat-steinbach.com\/rarebooks\/wp-json\/wp\/v2\/product\/407","targetHints":{"allow":["GET"]}}],"collection":[{"href":"https:\/\/antiquariat-steinbach.com\/rarebooks\/wp-json\/wp\/v2\/product"}],"about":[{"href":"https:\/\/antiquariat-steinbach.com\/rarebooks\/wp-json\/wp\/v2\/types\/product"}],"version-history":[{"count":3,"href":"https:\/\/antiquariat-steinbach.com\/rarebooks\/wp-json\/wp\/v2\/product\/407\/revisions"}],"predecessor-version":[{"id":18351,"href":"https:\/\/antiquariat-steinbach.com\/rarebooks\/wp-json\/wp\/v2\/product\/407\/revisions\/18351"}],"wp:featuredmedia":[{"embeddable":true,"href":"https:\/\/antiquariat-steinbach.com\/rarebooks\/wp-json\/wp\/v2\/media\/27236"}],"wp:attachment":[{"href":"https:\/\/antiquariat-steinbach.com\/rarebooks\/wp-json\/wp\/v2\/media?parent=407"}],"wp:term":[{"taxonomy":"product_brand","embeddable":true,"href":"https:\/\/antiquariat-steinbach.com\/rarebooks\/wp-json\/wp\/v2\/product_brand?post=407"},{"taxonomy":"product_cat","embeddable":true,"href":"https:\/\/antiquariat-steinbach.com\/rarebooks\/wp-json\/wp\/v2\/product_cat?post=407"},{"taxonomy":"product_tag","embeddable":true,"href":"https:\/\/antiquariat-steinbach.com\/rarebooks\/wp-json\/wp\/v2\/product_tag?post=407"}],"curies":[{"name":"wp","href":"https:\/\/api.w.org\/{rel}","templated":true}]}}