{"id":4035,"date":"2026-03-12T00:10:53","date_gmt":"2026-03-11T23:10:53","guid":{"rendered":"http:\/\/antiquariat-steinbach.com\/rarebooks\/produkt\/innen-dekoration-illustrierte-kunstgewerbliche-zeitschrift-fuer-die-gesamte-ausschmueckung-und-einrichtung-moderner-wohnraeume-vol-xvi\/"},"modified":"2026-03-12T00:10:55","modified_gmt":"2026-03-11T23:10:55","slug":"innen-dekoration-illustrierte-kunstgewerbliche-zeitschrift-fuer-die-gesamte-ausschmueckung-und-einrichtung-moderner-wohnraeume-vol-xvi","status":"publish","type":"product","link":"https:\/\/antiquariat-steinbach.com\/rarebooks\/produkt\/innen-dekoration-illustrierte-kunstgewerbliche-zeitschrift-fuer-die-gesamte-ausschmueckung-und-einrichtung-moderner-wohnraeume-vol-xvi\/","title":{"rendered":"Innen-Dekoration. Illustrierte kunstgewerbliche Zeitschrift f\u00fcr die gesamte Ausschm\u00fcckung und Einrichtung moderner Wohnr\u00e4ume.  Vol . XVI"},"content":{"rendered":"<p>Darmstadt, Koch, 1905.<\/p>\n<p>12 issues in one volume (complete). 32, 5 : 24,5 cm 7 leaves, 320 pages with many paltes and illustration  Cloth binding with gilt title on spine.<\/p>\n<p>180,00 EUR<\/p>\n","protected":false},"excerpt":{"rendered":"<p>The complete 16th year of this interesting journal about interior decoration. With illustrations of Halls, Staircases, Entrances, Living-rooms, Salons, Ladies-rooms, dining-rooms, Gentlemans-rooms, Music-room, Bath-rooms, Kitchen, Doors and Window-arrangements, individuall furniture etc. many designed by Josef Hoffmann, Rich. Riemerschmid, H. Prutscher, Koloman Mosaer, Margarete von Brauchitsch and others.<\/p>\n","protected":false},"featured_media":14787,"template":"","meta":[],"product_brand":[],"product_cat":[29,48,71,233,424,914],"product_tag":[],"class_list":{"0":"post-4035","1":"product","2":"type-product","3":"status-publish","4":"has-post-thumbnail","6":"product_cat-20-jahrhundert","7":"product_cat-architektur","8":"product_cat-austriaca","9":"product_cat-innenarchitektur","10":"product_cat-wienersecession","11":"product_cat-zvab","13":"first","14":"instock","15":"purchasable","16":"product-type-simple"},"_links":{"self":[{"href":"https:\/\/antiquariat-steinbach.com\/rarebooks\/wp-json\/wp\/v2\/product\/4035","targetHints":{"allow":["GET"]}}],"collection":[{"href":"https:\/\/antiquariat-steinbach.com\/rarebooks\/wp-json\/wp\/v2\/product"}],"about":[{"href":"https:\/\/antiquariat-steinbach.com\/rarebooks\/wp-json\/wp\/v2\/types\/product"}],"version-history":[{"count":2,"href":"https:\/\/antiquariat-steinbach.com\/rarebooks\/wp-json\/wp\/v2\/product\/4035\/revisions"}],"predecessor-version":[{"id":11518,"href":"https:\/\/antiquariat-steinbach.com\/rarebooks\/wp-json\/wp\/v2\/product\/4035\/revisions\/11518"}],"wp:featuredmedia":[{"embeddable":true,"href":"https:\/\/antiquariat-steinbach.com\/rarebooks\/wp-json\/wp\/v2\/media\/14787"}],"wp:attachment":[{"href":"https:\/\/antiquariat-steinbach.com\/rarebooks\/wp-json\/wp\/v2\/media?parent=4035"}],"wp:term":[{"taxonomy":"product_brand","embeddable":true,"href":"https:\/\/antiquariat-steinbach.com\/rarebooks\/wp-json\/wp\/v2\/product_brand?post=4035"},{"taxonomy":"product_cat","embeddable":true,"href":"https:\/\/antiquariat-steinbach.com\/rarebooks\/wp-json\/wp\/v2\/product_cat?post=4035"},{"taxonomy":"product_tag","embeddable":true,"href":"https:\/\/antiquariat-steinbach.com\/rarebooks\/wp-json\/wp\/v2\/product_tag?post=4035"}],"curies":[{"name":"wp","href":"https:\/\/api.w.org\/{rel}","templated":true}]}}