{"id":3983,"date":"2026-03-12T00:10:42","date_gmt":"2026-03-11T23:10:42","guid":{"rendered":"http:\/\/antiquariat-steinbach.com\/rarebooks\/produkt\/tryptichon-maria-muttergottes-mit-dem-jesuskind-die-seitentafeln-zeigen-den-heiligen-michael-als-apokalyptischen-reiter\/"},"modified":"2026-03-12T00:10:43","modified_gmt":"2026-03-11T23:10:43","slug":"ikone-tryptichon-maria-muttergottes-mit-dem-jesuskind-die-seitentafeln-zeigen-den-heiligen-michael-als-apokalyptischen-reiter","status":"publish","type":"product","link":"https:\/\/antiquariat-steinbach.com\/rarebooks\/produkt\/ikone-tryptichon-maria-muttergottes-mit-dem-jesuskind-die-seitentafeln-zeigen-den-heiligen-michael-als-apokalyptischen-reiter\/","title":{"rendered":"Ikone &#8211;   Tryptichon -Maria Muttergottes mit dem Jesuskind -Die Seitentafeln zeigen den Heiligen Michael als apokalyptischen Reiter"},"content":{"rendered":"<p>38 : 25 cm. Eitempora\/\u00d6lmalerei auf Holztafel<\/p>\n<p>1000,00 EUR<\/p>\n","protected":false},"excerpt":{"rendered":"<p>In der Mitte Maria mit dem Jesuskind auf dem Arm, die Seitenfl\u00fcgel zeigen den Heiligen Michael auf dem Pferd wie er auf einer Tafel einen Drachen, und auf der anderen Tafel einen Menschen t\u00f6tet. Beide Tafeln oben mit kyrylischer Inschrift. Die Seitenfl\u00fcgel au\u00dfen jeweils mit einem Kreuz in Rot.  &#8211; Die Tafel in der Mitte mit kleinen Absplitterungen, eine Verankerung der linken Seitentafel gering defekt, das Holz stellenweise mit Bereibungen.<\/p>\n","protected":false},"featured_media":14778,"template":"","meta":[],"product_brand":[],"product_cat":[360,637,30,180,110,914],"product_tag":[],"class_list":{"0":"post-3983","1":"product","2":"type-product","3":"status-publish","4":"has-post-thumbnail","6":"product_cat-19-jhdt","7":"product_cat-ikone","8":"product_cat-malerei","9":"product_cat-russland","10":"product_cat-theologie","11":"product_cat-zvab","13":"first","14":"instock","15":"purchasable","16":"product-type-simple"},"_links":{"self":[{"href":"https:\/\/antiquariat-steinbach.com\/rarebooks\/wp-json\/wp\/v2\/product\/3983","targetHints":{"allow":["GET"]}}],"collection":[{"href":"https:\/\/antiquariat-steinbach.com\/rarebooks\/wp-json\/wp\/v2\/product"}],"about":[{"href":"https:\/\/antiquariat-steinbach.com\/rarebooks\/wp-json\/wp\/v2\/types\/product"}],"version-history":[{"count":3,"href":"https:\/\/antiquariat-steinbach.com\/rarebooks\/wp-json\/wp\/v2\/product\/3983\/revisions"}],"predecessor-version":[{"id":19997,"href":"https:\/\/antiquariat-steinbach.com\/rarebooks\/wp-json\/wp\/v2\/product\/3983\/revisions\/19997"}],"wp:featuredmedia":[{"embeddable":true,"href":"https:\/\/antiquariat-steinbach.com\/rarebooks\/wp-json\/wp\/v2\/media\/14778"}],"wp:attachment":[{"href":"https:\/\/antiquariat-steinbach.com\/rarebooks\/wp-json\/wp\/v2\/media?parent=3983"}],"wp:term":[{"taxonomy":"product_brand","embeddable":true,"href":"https:\/\/antiquariat-steinbach.com\/rarebooks\/wp-json\/wp\/v2\/product_brand?post=3983"},{"taxonomy":"product_cat","embeddable":true,"href":"https:\/\/antiquariat-steinbach.com\/rarebooks\/wp-json\/wp\/v2\/product_cat?post=3983"},{"taxonomy":"product_tag","embeddable":true,"href":"https:\/\/antiquariat-steinbach.com\/rarebooks\/wp-json\/wp\/v2\/product_tag?post=3983"}],"curies":[{"name":"wp","href":"https:\/\/api.w.org\/{rel}","templated":true}]}}