{"id":3981,"date":"2026-03-12T00:10:42","date_gmt":"2026-03-11T23:10:42","guid":{"rendered":"http:\/\/antiquariat-steinbach.com\/rarebooks\/produkt\/erzengel-michael-als-bekaempfer-des-antichristen\/"},"modified":"2026-03-12T00:10:43","modified_gmt":"2026-03-11T23:10:43","slug":"ikone-mactepa-ctapou-ukc-erzengel-michael-als-bekaempfer-des-antichristen","status":"publish","type":"product","link":"https:\/\/antiquariat-steinbach.com\/rarebooks\/produkt\/ikone-mactepa-ctapou-ukc-erzengel-michael-als-bekaempfer-des-antichristen\/","title":{"rendered":"Ikone &#8211;   Mactepa CTapou UKC &#8211;  Erzengel Michael als Bek\u00e4mpfer des Antichristen."},"content":{"rendered":"<p>28 : 22 : 5 cm. Eitempora\/\u00d6lmalerei auf Holztafel<\/p>\n<p>120,00 EUR<\/p>\n","protected":false},"excerpt":{"rendered":"<p>Dekorative Ikone des heiligen Michael. Die \u00d6lmalerei ist auf einer ca. 5 cm. starken Holztafel gemalt, die Holztafel seitlich mit eingeritzen Verzierngen, die R\u00fcckseite mit 5 roten Siegeln und montiertem Titelschildchen. &#8211; M\u00f6glicherwesie F\u00e4lschung aus dem 20. Jahrhundert. Trotzdem f\u00fcr dekorationszwecke gut geeignet.<\/p>\n","protected":false},"featured_media":14777,"template":"","meta":[],"product_brand":[],"product_cat":[360,637,30,180,110,914],"product_tag":[],"class_list":{"0":"post-3981","1":"product","2":"type-product","3":"status-publish","4":"has-post-thumbnail","6":"product_cat-19-jhdt","7":"product_cat-ikone","8":"product_cat-malerei","9":"product_cat-russland","10":"product_cat-theologie","11":"product_cat-zvab","13":"first","14":"instock","15":"purchasable","16":"product-type-simple"},"_links":{"self":[{"href":"https:\/\/antiquariat-steinbach.com\/rarebooks\/wp-json\/wp\/v2\/product\/3981","targetHints":{"allow":["GET"]}}],"collection":[{"href":"https:\/\/antiquariat-steinbach.com\/rarebooks\/wp-json\/wp\/v2\/product"}],"about":[{"href":"https:\/\/antiquariat-steinbach.com\/rarebooks\/wp-json\/wp\/v2\/types\/product"}],"version-history":[{"count":3,"href":"https:\/\/antiquariat-steinbach.com\/rarebooks\/wp-json\/wp\/v2\/product\/3981\/revisions"}],"predecessor-version":[{"id":19996,"href":"https:\/\/antiquariat-steinbach.com\/rarebooks\/wp-json\/wp\/v2\/product\/3981\/revisions\/19996"}],"wp:featuredmedia":[{"embeddable":true,"href":"https:\/\/antiquariat-steinbach.com\/rarebooks\/wp-json\/wp\/v2\/media\/14777"}],"wp:attachment":[{"href":"https:\/\/antiquariat-steinbach.com\/rarebooks\/wp-json\/wp\/v2\/media?parent=3981"}],"wp:term":[{"taxonomy":"product_brand","embeddable":true,"href":"https:\/\/antiquariat-steinbach.com\/rarebooks\/wp-json\/wp\/v2\/product_brand?post=3981"},{"taxonomy":"product_cat","embeddable":true,"href":"https:\/\/antiquariat-steinbach.com\/rarebooks\/wp-json\/wp\/v2\/product_cat?post=3981"},{"taxonomy":"product_tag","embeddable":true,"href":"https:\/\/antiquariat-steinbach.com\/rarebooks\/wp-json\/wp\/v2\/product_tag?post=3981"}],"curies":[{"name":"wp","href":"https:\/\/api.w.org\/{rel}","templated":true}]}}