{"id":395,"date":"2026-03-12T00:00:10","date_gmt":"2026-03-11T23:00:10","guid":{"rendered":"http:\/\/antiquariat-steinbach.com\/rarebooks\/produkt\/der-verbrecher-aus-verlorener-ehre\/"},"modified":"2026-03-12T00:00:11","modified_gmt":"2026-03-11T23:00:11","slug":"ackermann-paseg-schiller-friedrich-von-der-verbrecher-aus-verlorener-ehre","status":"publish","type":"product","link":"https:\/\/antiquariat-steinbach.com\/rarebooks\/produkt\/ackermann-paseg-schiller-friedrich-von-der-verbrecher-aus-verlorener-ehre\/","title":{"rendered":"Ackermann-Paseg &#8211;   Schiller, Friedrich von: &#8211;  Der Verbrecher aus verlorener Ehre."},"content":{"rendered":"<p>Gr\u00fcnwald-M\u00fcnchen, Hesperor (1921).<\/p>\n<p>29,5 : 19,5 cm. 79 Seiten, 2 Blatt Mit 11 montierten Illustrationen von Otto Ackermann-Paseg. Blauer Original-Halblederband mit R\u00fcckentitel in Gold (sign. A. K\u00f6llner, Leipzig).<\/p>\n<p>180,00 EUR<\/p>\n","protected":false},"excerpt":{"rendered":"<p>Eines von 200 nummerierten Exemplaren der einmaligen Auflage, Druckvermerk vom K\u00fcnstler signiert. &#8211; R\u00fccken minimal berieben, sonst sehr sch\u00f6nes Exemplar. &#8211; Exlibris Curt G\u00f6tz. &#8211; Rodenberg 403, 11.<\/p>\n","protected":false},"featured_media":0,"template":"","meta":[],"product_brand":[],"product_cat":[43,32,914],"product_tag":[],"class_list":{"0":"post-395","1":"product","2":"type-product","3":"status-publish","5":"product_cat-illustrierte-buecher","6":"product_cat-literatur","7":"product_cat-zvab","9":"first","10":"instock","11":"purchasable","12":"product-type-simple"},"_links":{"self":[{"href":"https:\/\/antiquariat-steinbach.com\/rarebooks\/wp-json\/wp\/v2\/product\/395","targetHints":{"allow":["GET"]}}],"collection":[{"href":"https:\/\/antiquariat-steinbach.com\/rarebooks\/wp-json\/wp\/v2\/product"}],"about":[{"href":"https:\/\/antiquariat-steinbach.com\/rarebooks\/wp-json\/wp\/v2\/types\/product"}],"version-history":[{"count":3,"href":"https:\/\/antiquariat-steinbach.com\/rarebooks\/wp-json\/wp\/v2\/product\/395\/revisions"}],"predecessor-version":[{"id":18345,"href":"https:\/\/antiquariat-steinbach.com\/rarebooks\/wp-json\/wp\/v2\/product\/395\/revisions\/18345"}],"wp:attachment":[{"href":"https:\/\/antiquariat-steinbach.com\/rarebooks\/wp-json\/wp\/v2\/media?parent=395"}],"wp:term":[{"taxonomy":"product_brand","embeddable":true,"href":"https:\/\/antiquariat-steinbach.com\/rarebooks\/wp-json\/wp\/v2\/product_brand?post=395"},{"taxonomy":"product_cat","embeddable":true,"href":"https:\/\/antiquariat-steinbach.com\/rarebooks\/wp-json\/wp\/v2\/product_cat?post=395"},{"taxonomy":"product_tag","embeddable":true,"href":"https:\/\/antiquariat-steinbach.com\/rarebooks\/wp-json\/wp\/v2\/product_tag?post=395"}],"curies":[{"name":"wp","href":"https:\/\/api.w.org\/{rel}","templated":true}]}}