{"id":3765,"date":"2026-03-12T00:10:23","date_gmt":"2026-03-11T23:10:23","guid":{"rendered":"http:\/\/antiquariat-steinbach.com\/rarebooks\/produkt\/unpolitische-lieder\/"},"modified":"2026-03-12T00:10:24","modified_gmt":"2026-03-11T23:10:24","slug":"hoffmann-von-fallersleben-unpolitische-lieder","status":"publish","type":"product","link":"https:\/\/antiquariat-steinbach.com\/rarebooks\/produkt\/hoffmann-von-fallersleben-unpolitische-lieder\/","title":{"rendered":"Hoffmann von Fallersleben: &#8211;  Unpolitische Lieder."},"content":{"rendered":"<p>Hamburg, Hoffmann und Campe 1840 &#8211; 1841.<\/p>\n<p>2. Auflage. 2 Teile in 1 Band. 17 : 11 cm. XII, 204 Seiten; 1 Blatt, X, 202 Seiten Leinenband der Zeit mit Blindpr\u00e4gung.<\/p>\n<p>150,00 EUR<\/p>\n","protected":false},"excerpt":{"rendered":"<p>Teil zwei in erster Auflage. &#8211; Die iIm Vorm\u00e4rz ungemein popul\u00e4ren. aussgezeicheten Liederzyklen sind alles andere als &#8218;unpolitisch&#8216;. &#8222;Zielpunkte des Angriffs sind das ewige Philistertum, die billige Zufriedenheit des Biedermanns, der in Demut vor Polizei und Zensur die Zeit verschl\u00e4ft&#8230;die Kritik richtet sich aber ebenso gegen den Hochmut und Privilegienkampf der Aristokratie, gegen Milit\u00e4r und stehende Heere, gegen Priester und Kirche. Die geldgierigen F\u00fcrsten und ihre leeren Versprechungen, der Frankfurter Bundestag mit seinen Am\u00fcsements, Bundesakte und Zollverein werden nicht geschont&#8220; (KNLL).  &#8211; Goed. XII, 35 a und b.<\/p>\n","protected":false},"featured_media":14736,"template":"","meta":[],"product_brand":[],"product_cat":[32,914],"product_tag":[],"class_list":{"0":"post-3765","1":"product","2":"type-product","3":"status-publish","4":"has-post-thumbnail","6":"product_cat-literatur","7":"product_cat-zvab","9":"first","10":"instock","11":"purchasable","12":"product-type-simple"},"_links":{"self":[{"href":"https:\/\/antiquariat-steinbach.com\/rarebooks\/wp-json\/wp\/v2\/product\/3765","targetHints":{"allow":["GET"]}}],"collection":[{"href":"https:\/\/antiquariat-steinbach.com\/rarebooks\/wp-json\/wp\/v2\/product"}],"about":[{"href":"https:\/\/antiquariat-steinbach.com\/rarebooks\/wp-json\/wp\/v2\/types\/product"}],"version-history":[{"count":3,"href":"https:\/\/antiquariat-steinbach.com\/rarebooks\/wp-json\/wp\/v2\/product\/3765\/revisions"}],"predecessor-version":[{"id":19896,"href":"https:\/\/antiquariat-steinbach.com\/rarebooks\/wp-json\/wp\/v2\/product\/3765\/revisions\/19896"}],"wp:featuredmedia":[{"embeddable":true,"href":"https:\/\/antiquariat-steinbach.com\/rarebooks\/wp-json\/wp\/v2\/media\/14736"}],"wp:attachment":[{"href":"https:\/\/antiquariat-steinbach.com\/rarebooks\/wp-json\/wp\/v2\/media?parent=3765"}],"wp:term":[{"taxonomy":"product_brand","embeddable":true,"href":"https:\/\/antiquariat-steinbach.com\/rarebooks\/wp-json\/wp\/v2\/product_brand?post=3765"},{"taxonomy":"product_cat","embeddable":true,"href":"https:\/\/antiquariat-steinbach.com\/rarebooks\/wp-json\/wp\/v2\/product_cat?post=3765"},{"taxonomy":"product_tag","embeddable":true,"href":"https:\/\/antiquariat-steinbach.com\/rarebooks\/wp-json\/wp\/v2\/product_tag?post=3765"}],"curies":[{"name":"wp","href":"https:\/\/api.w.org\/{rel}","templated":true}]}}