{"id":3699,"date":"2026-03-12T00:10:16","date_gmt":"2026-03-11T23:10:16","guid":{"rendered":"http:\/\/antiquariat-steinbach.com\/rarebooks\/produkt\/ueber-die-ehe\/"},"modified":"2026-03-12T00:10:16","modified_gmt":"2026-03-11T23:10:16","slug":"hippel-theodor-gottlieb-ueber-die-ehe","status":"publish","type":"product","link":"https:\/\/antiquariat-steinbach.com\/rarebooks\/produkt\/hippel-theodor-gottlieb-ueber-die-ehe\/","title":{"rendered":"(Hippel, Theodor Gottlieb): &#8211;  Ueber die Ehe."},"content":{"rendered":"<p>Frankfurt am Main und Leipzig, 1794.<\/p>\n<p>4. viel vermehrte Auflage. 16,5 : 11 cm. VIII, 460 Seiten Marmorierter Pappband der Zeit mit R\u00fcckenschild.<\/p>\n<p>150,00 EUR<\/p>\n","protected":false},"excerpt":{"rendered":"<p>Gleich bei seinem Erscheinen wurde dies geistreiche Buch von der philosophischen Lesewelt mit lebhaftestem Beifalle aufgenommen (J\u00f6rdens) und so hoch eingesch\u00e4tzt, da\u00df sogar die Philosophen Kant und Hamann als Autoren im Gespr\u00e4ch waren. Hippels bekanntestes und erfolgreichstes Werk ist der zwar eigenwillige, doch h\u00f6chst bedeutsame Beitrag zur &#8222;Emanzipation des b\u00fcrgerlichen Individuums im Zeichen der sp\u00e4ten Aufkl\u00e4rung&#8220;. Die vorliegende vierte Ausgabe ist gegen\u00fcber der ersten Auflage um gut das Doppelte vermehrt worden und weist die Merkw\u00fcrdgkeit auf, &#8222;da\u00df Hippel, der durch Geist und Witz, in den ersten (beiden) Ausgaben dem Mann das Regiment im Hause gesichert hatte, nun der Frau die vollkommene Mitherrschaft zuspricht, ja die Weiber zu Staatsm\u00e4nnern zugezogen verlangt&#8220; (J\u00f6rdens II, 408) und damit einen, gerade f\u00fcr die damalige Zeit erstaunlichen Schritt in Richtung Frauenemanzipation getan hat. &#8211; Titel und letztes Blatt mit schwachem Stempel; Kanten gering berieben, sonst gutes Exemplar. &#8211; Hayn-Got. III, 271; Goed IV\/1, 687, 9; Schulte-Strathaus 14 d.<\/p>\n","protected":false},"featured_media":14725,"template":"","meta":[],"product_brand":[],"product_cat":[32,103,914],"product_tag":[],"class_list":{"0":"post-3699","1":"product","2":"type-product","3":"status-publish","4":"has-post-thumbnail","6":"product_cat-literatur","7":"product_cat-michael","8":"product_cat-zvab","10":"first","11":"instock","12":"purchasable","13":"product-type-simple"},"_links":{"self":[{"href":"https:\/\/antiquariat-steinbach.com\/rarebooks\/wp-json\/wp\/v2\/product\/3699","targetHints":{"allow":["GET"]}}],"collection":[{"href":"https:\/\/antiquariat-steinbach.com\/rarebooks\/wp-json\/wp\/v2\/product"}],"about":[{"href":"https:\/\/antiquariat-steinbach.com\/rarebooks\/wp-json\/wp\/v2\/types\/product"}],"version-history":[{"count":3,"href":"https:\/\/antiquariat-steinbach.com\/rarebooks\/wp-json\/wp\/v2\/product\/3699\/revisions"}],"predecessor-version":[{"id":19855,"href":"https:\/\/antiquariat-steinbach.com\/rarebooks\/wp-json\/wp\/v2\/product\/3699\/revisions\/19855"}],"wp:featuredmedia":[{"embeddable":true,"href":"https:\/\/antiquariat-steinbach.com\/rarebooks\/wp-json\/wp\/v2\/media\/14725"}],"wp:attachment":[{"href":"https:\/\/antiquariat-steinbach.com\/rarebooks\/wp-json\/wp\/v2\/media?parent=3699"}],"wp:term":[{"taxonomy":"product_brand","embeddable":true,"href":"https:\/\/antiquariat-steinbach.com\/rarebooks\/wp-json\/wp\/v2\/product_brand?post=3699"},{"taxonomy":"product_cat","embeddable":true,"href":"https:\/\/antiquariat-steinbach.com\/rarebooks\/wp-json\/wp\/v2\/product_cat?post=3699"},{"taxonomy":"product_tag","embeddable":true,"href":"https:\/\/antiquariat-steinbach.com\/rarebooks\/wp-json\/wp\/v2\/product_tag?post=3699"}],"curies":[{"name":"wp","href":"https:\/\/api.w.org\/{rel}","templated":true}]}}