{"id":3685,"date":"2026-03-12T00:10:14","date_gmt":"2026-03-11T23:10:14","guid":{"rendered":"http:\/\/antiquariat-steinbach.com\/rarebooks\/produkt\/aesthetisches-woerterbuch-ueber-die-bildenden-kuenste-nach-watelet-und-levesque\/"},"modified":"2026-03-12T00:10:14","modified_gmt":"2026-03-11T23:10:14","slug":"heydenreich-k-h-aesthetisches-woerterbuch-ueber-die-bildenden-kuenste-nach-watelet-und-levesque","status":"publish","type":"product","link":"https:\/\/antiquariat-steinbach.com\/rarebooks\/produkt\/heydenreich-k-h-aesthetisches-woerterbuch-ueber-die-bildenden-kuenste-nach-watelet-und-levesque\/","title":{"rendered":"Heydenreich, K.H. &#8211;  Aesthetisches W\u00f6rterbuch \u00fcber die bildenden K\u00fcnste nach Watelet und Levesque."},"content":{"rendered":"<p>Leipzig, Weygand, 1793 &#8211; 1794-<\/p>\n<p>Band 1 &#8211; 3 (von 4) 21 : 13 cm. Titel mit gestochener Vignette, XXXII Seiten, 2 Blatt, 688 Seiten; 730 Seiten, 1 Blatt; Titel 624 Seiten, 1 Blatt. Halblederb\u00e4ne der Zeit mit etwas R\u00fcckenvergoldung, R\u00fcckenschild.<\/p>\n<p>300,00 EUR<\/p>\n","protected":false},"excerpt":{"rendered":"<p>Carl Heinrich Heydenreich (1764 &#8211; 1801) begann seine Kariere als Schriftsteller mit \u00dcbersetzungen franz\u00f6sische Texte wie das vorliegende aesthetische W\u00f6rterbuch von Claude Henri Watelet und Pierre Levesque. &#8211; Ohne den 1795 erschienen vierten Band. &#8211;  Einb\u00e4nde gering berieben.<\/p>\n","protected":false},"featured_media":14724,"template":"","meta":[],"product_brand":[],"product_cat":[59,187,413,914],"product_tag":[],"class_list":{"0":"post-3685","1":"product","2":"type-product","3":"status-publish","4":"has-post-thumbnail","6":"product_cat-kulturgeschichte","7":"product_cat-philosophie","8":"product_cat-woerterbuecher","9":"product_cat-zvab","11":"first","12":"instock","13":"purchasable","14":"product-type-simple"},"_links":{"self":[{"href":"https:\/\/antiquariat-steinbach.com\/rarebooks\/wp-json\/wp\/v2\/product\/3685","targetHints":{"allow":["GET"]}}],"collection":[{"href":"https:\/\/antiquariat-steinbach.com\/rarebooks\/wp-json\/wp\/v2\/product"}],"about":[{"href":"https:\/\/antiquariat-steinbach.com\/rarebooks\/wp-json\/wp\/v2\/types\/product"}],"version-history":[{"count":3,"href":"https:\/\/antiquariat-steinbach.com\/rarebooks\/wp-json\/wp\/v2\/product\/3685\/revisions"}],"predecessor-version":[{"id":19846,"href":"https:\/\/antiquariat-steinbach.com\/rarebooks\/wp-json\/wp\/v2\/product\/3685\/revisions\/19846"}],"wp:featuredmedia":[{"embeddable":true,"href":"https:\/\/antiquariat-steinbach.com\/rarebooks\/wp-json\/wp\/v2\/media\/14724"}],"wp:attachment":[{"href":"https:\/\/antiquariat-steinbach.com\/rarebooks\/wp-json\/wp\/v2\/media?parent=3685"}],"wp:term":[{"taxonomy":"product_brand","embeddable":true,"href":"https:\/\/antiquariat-steinbach.com\/rarebooks\/wp-json\/wp\/v2\/product_brand?post=3685"},{"taxonomy":"product_cat","embeddable":true,"href":"https:\/\/antiquariat-steinbach.com\/rarebooks\/wp-json\/wp\/v2\/product_cat?post=3685"},{"taxonomy":"product_tag","embeddable":true,"href":"https:\/\/antiquariat-steinbach.com\/rarebooks\/wp-json\/wp\/v2\/product_tag?post=3685"}],"curies":[{"name":"wp","href":"https:\/\/api.w.org\/{rel}","templated":true}]}}