{"id":3649,"date":"2026-03-12T00:10:09","date_gmt":"2026-03-11T23:10:09","guid":{"rendered":"http:\/\/antiquariat-steinbach.com\/rarebooks\/produkt\/window-display-schaufensterkunst-etalages\/"},"modified":"2026-03-12T00:10:10","modified_gmt":"2026-03-11T23:10:10","slug":"herdeg-walter-herausgeber-window-display-schaufensterkunst-etalages","status":"publish","type":"product","link":"https:\/\/antiquariat-steinbach.com\/rarebooks\/produkt\/herdeg-walter-herausgeber-window-display-schaufensterkunst-etalages\/","title":{"rendered":"Herdeg, Walter (Herausgeber): &#8211;  Window display &#8211; Schaufensterkunst &#8211; Etalages."},"content":{"rendered":"<p>Z\u00fcrich, Amstutz &#038; Herdeg (1952).<\/p>\n<p>2. Auflage. 30 : 23 cm. 276 Seiten, 4 Blatt mit 403 Abbildungen. Original-Leinenband.<\/p>\n<p>55,00 EUR<\/p>\n","protected":false},"excerpt":{"rendered":"<p>Eine internationale \u00dcbersicht \u00fcber die Schaufensterkunst mit besonderen Kapiteln \u00fcber Innendekoration, Mannequins, Dekorationseinheiten und Papierplastik. &#8211; Gering fleckig, Einband etwas angestaubt.<\/p>\n","protected":false},"featured_media":0,"template":"","meta":[],"product_brand":[],"product_cat":[87,914],"product_tag":[],"class_list":{"0":"post-3649","1":"product","2":"type-product","3":"status-publish","5":"product_cat-werbung","6":"product_cat-zvab","8":"first","9":"instock","10":"purchasable","11":"product-type-simple"},"_links":{"self":[{"href":"https:\/\/antiquariat-steinbach.com\/rarebooks\/wp-json\/wp\/v2\/product\/3649","targetHints":{"allow":["GET"]}}],"collection":[{"href":"https:\/\/antiquariat-steinbach.com\/rarebooks\/wp-json\/wp\/v2\/product"}],"about":[{"href":"https:\/\/antiquariat-steinbach.com\/rarebooks\/wp-json\/wp\/v2\/types\/product"}],"version-history":[{"count":3,"href":"https:\/\/antiquariat-steinbach.com\/rarebooks\/wp-json\/wp\/v2\/product\/3649\/revisions"}],"predecessor-version":[{"id":19827,"href":"https:\/\/antiquariat-steinbach.com\/rarebooks\/wp-json\/wp\/v2\/product\/3649\/revisions\/19827"}],"wp:attachment":[{"href":"https:\/\/antiquariat-steinbach.com\/rarebooks\/wp-json\/wp\/v2\/media?parent=3649"}],"wp:term":[{"taxonomy":"product_brand","embeddable":true,"href":"https:\/\/antiquariat-steinbach.com\/rarebooks\/wp-json\/wp\/v2\/product_brand?post=3649"},{"taxonomy":"product_cat","embeddable":true,"href":"https:\/\/antiquariat-steinbach.com\/rarebooks\/wp-json\/wp\/v2\/product_cat?post=3649"},{"taxonomy":"product_tag","embeddable":true,"href":"https:\/\/antiquariat-steinbach.com\/rarebooks\/wp-json\/wp\/v2\/product_tag?post=3649"}],"curies":[{"name":"wp","href":"https:\/\/api.w.org\/{rel}","templated":true}]}}