{"id":3605,"date":"2026-03-12T00:10:04","date_gmt":"2026-03-11T23:10:04","guid":{"rendered":"http:\/\/antiquariat-steinbach.com\/rarebooks\/produkt\/gedichte-eines-gefuehllosen\/"},"modified":"2026-03-12T00:10:04","modified_gmt":"2026-03-11T23:10:04","slug":"heine-schnellpfeffer-jacobus-d-i-carl-georg-von-maassen-gedichte-eines-gefuehllosen","status":"publish","type":"product","link":"https:\/\/antiquariat-steinbach.com\/rarebooks\/produkt\/heine-schnellpfeffer-jacobus-d-i-carl-georg-von-maassen-gedichte-eines-gefuehllosen\/","title":{"rendered":"Heine &#8211;   Schnellpfeffer, Jacobus (d.i. Carl Georg von Maassen). &#8211;  Gedichte eines Gef\u00fchllosen."},"content":{"rendered":"<p>1923<\/p>\n<p>20 : 13 cm. Vier Original-lithpgraphien  (1 signiert) in Schwarz von Thomas Theodor Heine.<\/p>\n<p>800,00 EUR<\/p>\n","protected":false},"excerpt":{"rendered":"<p>Vier Probedrucke von Thomas Thedor Heine zu dem Privatdruck. Die vom Stein gedruckten Bl\u00e4tter hier nur in den schwarzen Konturen (im Buch sind sie farbig). Das erste Blatt (Titel) vom K\u00fcnstler in Bleistift signiert, die anderen drei Bl\u00e4tter im Stein monogrammiert. Thomas Theodor Heine (1867-1948) bekannter deutscher Illustrator der f\u00fcr viele Zeitschriften &#8211; Jugend, Simplicissimus etc &#8211; arbeitete und viele B\u00fccher illustrierte. &#8211; Sehr selten. Aus dem Besitz von Horst Stobbe.<\/p>\n","protected":false},"featured_media":14710,"template":"","meta":[],"product_brand":[],"product_cat":[29,606,914],"product_tag":[],"class_list":{"0":"post-3605","1":"product","2":"type-product","3":"status-publish","4":"has-post-thumbnail","6":"product_cat-20-jahrhundert","7":"product_cat-heine","8":"product_cat-zvab","10":"first","11":"instock","12":"purchasable","13":"product-type-simple"},"_links":{"self":[{"href":"https:\/\/antiquariat-steinbach.com\/rarebooks\/wp-json\/wp\/v2\/product\/3605","targetHints":{"allow":["GET"]}}],"collection":[{"href":"https:\/\/antiquariat-steinbach.com\/rarebooks\/wp-json\/wp\/v2\/product"}],"about":[{"href":"https:\/\/antiquariat-steinbach.com\/rarebooks\/wp-json\/wp\/v2\/types\/product"}],"version-history":[{"count":3,"href":"https:\/\/antiquariat-steinbach.com\/rarebooks\/wp-json\/wp\/v2\/product\/3605\/revisions"}],"predecessor-version":[{"id":19802,"href":"https:\/\/antiquariat-steinbach.com\/rarebooks\/wp-json\/wp\/v2\/product\/3605\/revisions\/19802"}],"wp:featuredmedia":[{"embeddable":true,"href":"https:\/\/antiquariat-steinbach.com\/rarebooks\/wp-json\/wp\/v2\/media\/14710"}],"wp:attachment":[{"href":"https:\/\/antiquariat-steinbach.com\/rarebooks\/wp-json\/wp\/v2\/media?parent=3605"}],"wp:term":[{"taxonomy":"product_brand","embeddable":true,"href":"https:\/\/antiquariat-steinbach.com\/rarebooks\/wp-json\/wp\/v2\/product_brand?post=3605"},{"taxonomy":"product_cat","embeddable":true,"href":"https:\/\/antiquariat-steinbach.com\/rarebooks\/wp-json\/wp\/v2\/product_cat?post=3605"},{"taxonomy":"product_tag","embeddable":true,"href":"https:\/\/antiquariat-steinbach.com\/rarebooks\/wp-json\/wp\/v2\/product_tag?post=3605"}],"curies":[{"name":"wp","href":"https:\/\/api.w.org\/{rel}","templated":true}]}}