{"id":3599,"date":"2026-03-12T00:10:01","date_gmt":"2026-03-11T23:10:01","guid":{"rendered":"http:\/\/antiquariat-steinbach.com\/rarebooks\/produkt\/das-buch-der-heiligen-dreikoenige-des-jahres-der-kirche-und-der-wunder-des-doms-zu-koeln-niedergeschrieben-von-mir-johannes-von-hildesheim-dem-moench-im-jahre-1375\/"},"modified":"2026-03-12T00:10:04","modified_gmt":"2026-03-11T23:10:04","slug":"heilige-drei-koenige-weismantel-leo-das-buch-der-heiligen-dreikoenige-des-jahres-der-kirche-und-der-wunder-des-doms-zu-koeln-niedergeschrieben-von-mir-johannes-von-hildesheim-dem-moench-im","status":"publish","type":"product","link":"https:\/\/antiquariat-steinbach.com\/rarebooks\/produkt\/heilige-drei-koenige-weismantel-leo-das-buch-der-heiligen-dreikoenige-des-jahres-der-kirche-und-der-wunder-des-doms-zu-koeln-niedergeschrieben-von-mir-johannes-von-hildesheim-dem-moench-im\/","title":{"rendered":"Heilige drei K\u00f6nige &#8211;   Weismantel, Leo: &#8211;  Das Buch der heiligen Dreik\u00f6nige, des Jahres der Kirche und der Wunder des Doms zu K\u00f6ln niedergeschrieben von mir: Johannes von Hildesheim dem M\u00f6nch im Jahre 1375."},"content":{"rendered":"<p>Augsburg, Filser (1929).<\/p>\n<p>24 : 16 cm. 128 Seiten, 1 Blatt mit vielen (1 farbigen) Illustrationen von Alois Elsen. Original-Halbleinenband.<\/p>\n<p>30,00 EUR<\/p>\n","protected":false},"excerpt":{"rendered":"<p>Augsburg, Filser (1929). 24 : 16 cm. 128 Seiten, 1 Blatt mit vielen (1 farbigen) Illustrationen von Alois Elsen. Original-Halbleinenband.&hellip;<\/p>\n","protected":false},"featured_media":28367,"template":"","meta":[],"product_brand":[],"product_cat":[605,914],"product_tag":[],"class_list":{"0":"post-3599","1":"product","2":"type-product","3":"status-publish","4":"has-post-thumbnail","6":"product_cat-kirche","7":"product_cat-zvab","9":"first","10":"instock","11":"purchasable","12":"product-type-simple"},"_links":{"self":[{"href":"https:\/\/antiquariat-steinbach.com\/rarebooks\/wp-json\/wp\/v2\/product\/3599","targetHints":{"allow":["GET"]}}],"collection":[{"href":"https:\/\/antiquariat-steinbach.com\/rarebooks\/wp-json\/wp\/v2\/product"}],"about":[{"href":"https:\/\/antiquariat-steinbach.com\/rarebooks\/wp-json\/wp\/v2\/types\/product"}],"version-history":[{"count":3,"href":"https:\/\/antiquariat-steinbach.com\/rarebooks\/wp-json\/wp\/v2\/product\/3599\/revisions"}],"predecessor-version":[{"id":19800,"href":"https:\/\/antiquariat-steinbach.com\/rarebooks\/wp-json\/wp\/v2\/product\/3599\/revisions\/19800"}],"wp:featuredmedia":[{"embeddable":true,"href":"https:\/\/antiquariat-steinbach.com\/rarebooks\/wp-json\/wp\/v2\/media\/28367"}],"wp:attachment":[{"href":"https:\/\/antiquariat-steinbach.com\/rarebooks\/wp-json\/wp\/v2\/media?parent=3599"}],"wp:term":[{"taxonomy":"product_brand","embeddable":true,"href":"https:\/\/antiquariat-steinbach.com\/rarebooks\/wp-json\/wp\/v2\/product_brand?post=3599"},{"taxonomy":"product_cat","embeddable":true,"href":"https:\/\/antiquariat-steinbach.com\/rarebooks\/wp-json\/wp\/v2\/product_cat?post=3599"},{"taxonomy":"product_tag","embeddable":true,"href":"https:\/\/antiquariat-steinbach.com\/rarebooks\/wp-json\/wp\/v2\/product_tag?post=3599"}],"curies":[{"name":"wp","href":"https:\/\/api.w.org\/{rel}","templated":true}]}}