{"id":3569,"date":"2026-03-12T00:09:01","date_gmt":"2026-03-11T23:09:01","guid":{"rendered":"http:\/\/antiquariat-steinbach.com\/rarebooks\/produkt\/ueber-die-nervenfieber-welche-in-berlin-im-jahre-1807-herrschten-ueber-die-natur-und-heilart-der-faulfieber-nebst-bemerkungen-ueber-einige-verschiedenheiten-eintheilungen-und-curmethoden-der-fieb\/"},"modified":"2026-03-12T00:09:02","modified_gmt":"2026-03-11T23:09:02","slug":"hecker-august-friederich-ueber-die-nervenfieber-welche-in-berlin-im-jahre-1807-herrschten-ueber-die-natur-und-heilart-der-faulfieber-nebst-bemerkungen-ueber-einige-verschiedenheiten-eintheil","status":"publish","type":"product","link":"https:\/\/antiquariat-steinbach.com\/rarebooks\/produkt\/hecker-august-friederich-ueber-die-nervenfieber-welche-in-berlin-im-jahre-1807-herrschten-ueber-die-natur-und-heilart-der-faulfieber-nebst-bemerkungen-ueber-einige-verschiedenheiten-eintheil\/","title":{"rendered":"Hecker, August Friederich. &#8211;  Ueber die Nervenfieber, welche in Berlin im Jahre 1807 herrschten&#8230;Ueber die Natur und Heilart der Faulfieber, nebst Bemerkungen \u00fcber einige Verschiedenheiten, Eintheilungen und Curmethoden der Fieber \u00fcberhaupt."},"content":{"rendered":"<p>Wien, Doll, 1810.<\/p>\n<p>19 : 11,5 cm. 2 Bla<tt, 154 Seiten. Moderner Leinenband mit Titel in Gold.\n\n75,00 EUR\n<\/p>\n","protected":false},"excerpt":{"rendered":"<p>Hecker (1763-1811) war Professor am Collegium medico-chirurgicum in Berlin. Die beiden Schriften erschienen urspr\u00fcnglich 1807 und 1808 separat als Einladungsschriften zu seinen Vorlesungn. &#8211; Etwas gebr\u00e4unt, vereinzelt gering fleckig. &#8211; Hirsch-H\u00fcb. III, 108.<\/p>\n","protected":false},"featured_media":0,"template":"","meta":[],"product_brand":[],"product_cat":[115,179,914],"product_tag":[],"class_list":{"0":"post-3569","1":"product","2":"type-product","3":"status-publish","5":"product_cat-berlin","6":"product_cat-medizin","7":"product_cat-zvab","9":"first","10":"instock","11":"purchasable","12":"product-type-simple"},"_links":{"self":[{"href":"https:\/\/antiquariat-steinbach.com\/rarebooks\/wp-json\/wp\/v2\/product\/3569","targetHints":{"allow":["GET"]}}],"collection":[{"href":"https:\/\/antiquariat-steinbach.com\/rarebooks\/wp-json\/wp\/v2\/product"}],"about":[{"href":"https:\/\/antiquariat-steinbach.com\/rarebooks\/wp-json\/wp\/v2\/types\/product"}],"version-history":[{"count":3,"href":"https:\/\/antiquariat-steinbach.com\/rarebooks\/wp-json\/wp\/v2\/product\/3569\/revisions"}],"predecessor-version":[{"id":19786,"href":"https:\/\/antiquariat-steinbach.com\/rarebooks\/wp-json\/wp\/v2\/product\/3569\/revisions\/19786"}],"wp:attachment":[{"href":"https:\/\/antiquariat-steinbach.com\/rarebooks\/wp-json\/wp\/v2\/media?parent=3569"}],"wp:term":[{"taxonomy":"product_brand","embeddable":true,"href":"https:\/\/antiquariat-steinbach.com\/rarebooks\/wp-json\/wp\/v2\/product_brand?post=3569"},{"taxonomy":"product_cat","embeddable":true,"href":"https:\/\/antiquariat-steinbach.com\/rarebooks\/wp-json\/wp\/v2\/product_cat?post=3569"},{"taxonomy":"product_tag","embeddable":true,"href":"https:\/\/antiquariat-steinbach.com\/rarebooks\/wp-json\/wp\/v2\/product_tag?post=3569"}],"curies":[{"name":"wp","href":"https:\/\/api.w.org\/{rel}","templated":true}]}}