{"id":3515,"date":"2026-03-12T00:08:54","date_gmt":"2026-03-11T23:08:54","guid":{"rendered":"http:\/\/antiquariat-steinbach.com\/rarebooks\/produkt\/niemand-kommt-nach-haus\/"},"modified":"2026-03-12T00:08:55","modified_gmt":"2026-03-11T23:08:55","slug":"harwerth-willi-niemand-kommt-nach-haus","status":"publish","type":"product","link":"https:\/\/antiquariat-steinbach.com\/rarebooks\/produkt\/harwerth-willi-niemand-kommt-nach-haus\/","title":{"rendered":"Harwerth, Willi: &#8211;  Niemand kommt nach Haus."},"content":{"rendered":"<p>Oldenburg, Stalling 1926.<\/p>\n<p>15,5 : 10 cm. 12 Blatt als Leporello Mit vielen farbigen Illustrationen. Farbig illustrierter Original-Karton.<\/p>\n<p>50,00 EUR<\/p>\n","protected":false},"excerpt":{"rendered":"<p>N\u00fcrnberger Bilderb\u00fccher no. 30. &#8211; Etwas knittrig, 2 F\u00e4lze mit Tesa geklebt, Buchblock etwas verzogen, Kanten gering berieben, rechtes oberes Eck mit kleinem Knick.<\/p>\n","protected":false},"featured_media":22549,"template":"","meta":[],"product_brand":[],"product_cat":[60,914],"product_tag":[],"class_list":{"0":"post-3515","1":"product","2":"type-product","3":"status-publish","4":"has-post-thumbnail","6":"product_cat-kinderbuecher","7":"product_cat-zvab","9":"first","10":"instock","11":"purchasable","12":"product-type-simple"},"_links":{"self":[{"href":"https:\/\/antiquariat-steinbach.com\/rarebooks\/wp-json\/wp\/v2\/product\/3515","targetHints":{"allow":["GET"]}}],"collection":[{"href":"https:\/\/antiquariat-steinbach.com\/rarebooks\/wp-json\/wp\/v2\/product"}],"about":[{"href":"https:\/\/antiquariat-steinbach.com\/rarebooks\/wp-json\/wp\/v2\/types\/product"}],"version-history":[{"count":3,"href":"https:\/\/antiquariat-steinbach.com\/rarebooks\/wp-json\/wp\/v2\/product\/3515\/revisions"}],"predecessor-version":[{"id":19754,"href":"https:\/\/antiquariat-steinbach.com\/rarebooks\/wp-json\/wp\/v2\/product\/3515\/revisions\/19754"}],"wp:featuredmedia":[{"embeddable":true,"href":"https:\/\/antiquariat-steinbach.com\/rarebooks\/wp-json\/wp\/v2\/media\/22549"}],"wp:attachment":[{"href":"https:\/\/antiquariat-steinbach.com\/rarebooks\/wp-json\/wp\/v2\/media?parent=3515"}],"wp:term":[{"taxonomy":"product_brand","embeddable":true,"href":"https:\/\/antiquariat-steinbach.com\/rarebooks\/wp-json\/wp\/v2\/product_brand?post=3515"},{"taxonomy":"product_cat","embeddable":true,"href":"https:\/\/antiquariat-steinbach.com\/rarebooks\/wp-json\/wp\/v2\/product_cat?post=3515"},{"taxonomy":"product_tag","embeddable":true,"href":"https:\/\/antiquariat-steinbach.com\/rarebooks\/wp-json\/wp\/v2\/product_tag?post=3515"}],"curies":[{"name":"wp","href":"https:\/\/api.w.org\/{rel}","templated":true}]}}