{"id":3445,"date":"2026-03-12T00:00:24","date_gmt":"2026-03-11T23:00:24","guid":{"rendered":"http:\/\/antiquariat-steinbach.com\/rarebooks\/produkt\/der-ostkuenste-suedamerikas\/"},"modified":"2026-03-12T00:00:25","modified_gmt":"2026-03-11T23:00:25","slug":"americana-south-america-handbuch-der-ostkuenste-suedamerikas","status":"publish","type":"product","link":"https:\/\/antiquariat-steinbach.com\/rarebooks\/produkt\/americana-south-america-handbuch-der-ostkuenste-suedamerikas\/","title":{"rendered":"Americana -South America &#8211;   Handbuch: &#8211;  der Ostk\u00fcnste S\u00fcdamerikas."},"content":{"rendered":"<p>Berlin, Mittler 1911 &#8211; 1913.<\/p>\n<p>2. Auflage. 2 B\u00e4nde und 10 Nachtr\u00e4ge und Erg\u00e4nzungen. 23,5 : 17 cm. XIV, 586 Seiten, 2 Blatt; XII, 392 Seiten mit 169 K\u00fcstenansichten im Text und auf Tafeln, sowie mehreren, teils farbigen Abbildungen. Original-Leinenb\u00e4nde.<\/p>\n<p>480,00 EUR<\/p>\n","protected":false},"excerpt":{"rendered":"<p>Band 1 enth\u00e4lt die K\u00fcsten Brasiliens, Band 2 die La Plata-Staaten einschlie\u00dflich Falkland-Inseln, S\u00fcd-Georgien, Sandwich-, S\u00fcd-Orkney-, S\u00fcd-Shetland-Inseln und West-Antarktis. Herausgegeben vom Reichs-Marine-Amt. Mit allen Nachtr\u00e4gen, lose in Lasche, die oft fehlen. Selten!<\/p>\n","protected":false},"featured_media":0,"template":"","meta":[],"product_brand":[],"product_cat":[128,65,41,914],"product_tag":[],"class_list":{"0":"post-3445","1":"product","2":"type-product","3":"status-publish","5":"product_cat-amerika","6":"product_cat-geographie","7":"product_cat-lond-07","8":"product_cat-zvab","10":"first","11":"instock","12":"purchasable","13":"product-type-simple"},"_links":{"self":[{"href":"https:\/\/antiquariat-steinbach.com\/rarebooks\/wp-json\/wp\/v2\/product\/3445","targetHints":{"allow":["GET"]}}],"collection":[{"href":"https:\/\/antiquariat-steinbach.com\/rarebooks\/wp-json\/wp\/v2\/product"}],"about":[{"href":"https:\/\/antiquariat-steinbach.com\/rarebooks\/wp-json\/wp\/v2\/types\/product"}],"version-history":[{"count":3,"href":"https:\/\/antiquariat-steinbach.com\/rarebooks\/wp-json\/wp\/v2\/product\/3445\/revisions"}],"predecessor-version":[{"id":19727,"href":"https:\/\/antiquariat-steinbach.com\/rarebooks\/wp-json\/wp\/v2\/product\/3445\/revisions\/19727"}],"wp:attachment":[{"href":"https:\/\/antiquariat-steinbach.com\/rarebooks\/wp-json\/wp\/v2\/media?parent=3445"}],"wp:term":[{"taxonomy":"product_brand","embeddable":true,"href":"https:\/\/antiquariat-steinbach.com\/rarebooks\/wp-json\/wp\/v2\/product_brand?post=3445"},{"taxonomy":"product_cat","embeddable":true,"href":"https:\/\/antiquariat-steinbach.com\/rarebooks\/wp-json\/wp\/v2\/product_cat?post=3445"},{"taxonomy":"product_tag","embeddable":true,"href":"https:\/\/antiquariat-steinbach.com\/rarebooks\/wp-json\/wp\/v2\/product_tag?post=3445"}],"curies":[{"name":"wp","href":"https:\/\/api.w.org\/{rel}","templated":true}]}}