{"id":3423,"date":"2026-03-12T00:08:48","date_gmt":"2026-03-11T23:08:48","guid":{"rendered":"http:\/\/antiquariat-steinbach.com\/rarebooks\/produkt\/album-von-hamburg-2\/"},"modified":"2026-03-12T00:08:48","modified_gmt":"2026-03-11T23:08:48","slug":"hamburg-album-von-hamburg","status":"publish","type":"product","link":"https:\/\/antiquariat-steinbach.com\/rarebooks\/produkt\/hamburg-album-von-hamburg\/","title":{"rendered":"Hamburg &#8211;   Album von Hamburg."},"content":{"rendered":"<p>Frankfurt am Main, Bl\u00fcmlein o.J. (ca. 1890).<\/p>\n<p>16 : 13,5 cm. Original-Leinenband.<\/p>\n<p>140,00 EUR<\/p>\n","protected":false},"excerpt":{"rendered":"<p>Mit einer sch\u00f6nen Gesamtansicht mit Alsterbassin, gro\u00dfer Ansicht mit Alsterarkaden, Reesendammbr\u00fccke, Hamburger Hof, neuem Rathaus,St. Nikolai-Kirche, Fleet bei der Reimers-Br\u00fccke, Hafen, Seewarte, Sandthorquay, Schnelldampfer &#8218;Augusta Victoria&#8216; und &#8218;F\u00fcrst Bismark&#8216;, Helgol\u00e4nder Volkstrachten u.a. &#8211; Einband gering berieben und fleckig.<\/p>\n","protected":false},"featured_media":27270,"template":"","meta":[],"product_brand":[],"product_cat":[65,111,914],"product_tag":[],"class_list":{"0":"post-3423","1":"product","2":"type-product","3":"status-publish","4":"has-post-thumbnail","6":"product_cat-geographie","7":"product_cat-varia","8":"product_cat-zvab","10":"first","11":"instock","12":"purchasable","13":"product-type-simple"},"_links":{"self":[{"href":"https:\/\/antiquariat-steinbach.com\/rarebooks\/wp-json\/wp\/v2\/product\/3423","targetHints":{"allow":["GET"]}}],"collection":[{"href":"https:\/\/antiquariat-steinbach.com\/rarebooks\/wp-json\/wp\/v2\/product"}],"about":[{"href":"https:\/\/antiquariat-steinbach.com\/rarebooks\/wp-json\/wp\/v2\/types\/product"}],"version-history":[{"count":3,"href":"https:\/\/antiquariat-steinbach.com\/rarebooks\/wp-json\/wp\/v2\/product\/3423\/revisions"}],"predecessor-version":[{"id":19713,"href":"https:\/\/antiquariat-steinbach.com\/rarebooks\/wp-json\/wp\/v2\/product\/3423\/revisions\/19713"}],"wp:featuredmedia":[{"embeddable":true,"href":"https:\/\/antiquariat-steinbach.com\/rarebooks\/wp-json\/wp\/v2\/media\/27270"}],"wp:attachment":[{"href":"https:\/\/antiquariat-steinbach.com\/rarebooks\/wp-json\/wp\/v2\/media?parent=3423"}],"wp:term":[{"taxonomy":"product_brand","embeddable":true,"href":"https:\/\/antiquariat-steinbach.com\/rarebooks\/wp-json\/wp\/v2\/product_brand?post=3423"},{"taxonomy":"product_cat","embeddable":true,"href":"https:\/\/antiquariat-steinbach.com\/rarebooks\/wp-json\/wp\/v2\/product_cat?post=3423"},{"taxonomy":"product_tag","embeddable":true,"href":"https:\/\/antiquariat-steinbach.com\/rarebooks\/wp-json\/wp\/v2\/product_tag?post=3423"}],"curies":[{"name":"wp","href":"https:\/\/api.w.org\/{rel}","templated":true}]}}