{"id":3421,"date":"2026-03-12T00:08:48","date_gmt":"2026-03-11T23:08:48","guid":{"rendered":"http:\/\/antiquariat-steinbach.com\/rarebooks\/produkt\/album-von-hamburg\/"},"modified":"2026-03-12T00:08:48","modified_gmt":"2026-03-11T23:08:48","slug":"hamburg-album-von-hamburg-2","status":"publish","type":"product","link":"https:\/\/antiquariat-steinbach.com\/rarebooks\/produkt\/hamburg-album-von-hamburg-2\/","title":{"rendered":"Hamburg &#8211;   Album von Hamburg."},"content":{"rendered":"<p>Leipzig, Garte o.J. (ca. 1890).<\/p>\n<p>16 : 12,5 cm. Illustrierter Original-Leinenband.<\/p>\n<p>60,00 EUR<\/p>\n","protected":false},"excerpt":{"rendered":"<p>Mit einer sch\u00f6nen Gesamtansicht mit Alsterbassin, gro\u00dfer Ansicht mit Alsterarkaden, Reesendammbr\u00fccke, alter Jungfernstieg, B\u00f6rse, Alsterlust, Kunsthalle, Justizgeb\u00e4ude, Hafen, Hafenthor, Landungsbr\u00fccke St. Pauli, Kaiser-Quai, Freihafen, Riesen-Krahn, Partie a.d. Elbe u.a. &#8211; R\u00fccken besch\u00e4digt.<\/p>\n","protected":false},"featured_media":27269,"template":"","meta":[],"product_brand":[],"product_cat":[74,65,106,914],"product_tag":[],"class_list":{"0":"post-3421","1":"product","2":"type-product","3":"status-publish","4":"has-post-thumbnail","6":"product_cat-deutschland","7":"product_cat-geographie","8":"product_cat-photographie","9":"product_cat-zvab","11":"first","12":"instock","13":"purchasable","14":"product-type-simple"},"_links":{"self":[{"href":"https:\/\/antiquariat-steinbach.com\/rarebooks\/wp-json\/wp\/v2\/product\/3421","targetHints":{"allow":["GET"]}}],"collection":[{"href":"https:\/\/antiquariat-steinbach.com\/rarebooks\/wp-json\/wp\/v2\/product"}],"about":[{"href":"https:\/\/antiquariat-steinbach.com\/rarebooks\/wp-json\/wp\/v2\/types\/product"}],"version-history":[{"count":3,"href":"https:\/\/antiquariat-steinbach.com\/rarebooks\/wp-json\/wp\/v2\/product\/3421\/revisions"}],"predecessor-version":[{"id":19714,"href":"https:\/\/antiquariat-steinbach.com\/rarebooks\/wp-json\/wp\/v2\/product\/3421\/revisions\/19714"}],"wp:featuredmedia":[{"embeddable":true,"href":"https:\/\/antiquariat-steinbach.com\/rarebooks\/wp-json\/wp\/v2\/media\/27269"}],"wp:attachment":[{"href":"https:\/\/antiquariat-steinbach.com\/rarebooks\/wp-json\/wp\/v2\/media?parent=3421"}],"wp:term":[{"taxonomy":"product_brand","embeddable":true,"href":"https:\/\/antiquariat-steinbach.com\/rarebooks\/wp-json\/wp\/v2\/product_brand?post=3421"},{"taxonomy":"product_cat","embeddable":true,"href":"https:\/\/antiquariat-steinbach.com\/rarebooks\/wp-json\/wp\/v2\/product_cat?post=3421"},{"taxonomy":"product_tag","embeddable":true,"href":"https:\/\/antiquariat-steinbach.com\/rarebooks\/wp-json\/wp\/v2\/product_tag?post=3421"}],"curies":[{"name":"wp","href":"https:\/\/api.w.org\/{rel}","templated":true}]}}