{"id":3349,"date":"2026-03-12T00:08:39","date_gmt":"2026-03-11T23:08:39","guid":{"rendered":"http:\/\/antiquariat-steinbach.com\/rarebooks\/produkt\/die-fabeln-vom-eros\/"},"modified":"2026-03-12T00:08:40","modified_gmt":"2026-03-11T23:08:40","slug":"guetersloh-albert-paris-die-fabeln-vom-eros","status":"publish","type":"product","link":"https:\/\/antiquariat-steinbach.com\/rarebooks\/produkt\/guetersloh-albert-paris-die-fabeln-vom-eros\/","title":{"rendered":"G\u00fctersloh, Albert Paris: &#8211;  Die Fabeln vom Eros."},"content":{"rendered":"<p>Wien, Luckmann, (1947).<\/p>\n<p>20 : 11 cm. 243 Seiten Illustrierter Original-Pappband mit Schutzumschlag.<\/p>\n<p>48,00 EUR<\/p>\n","protected":false},"excerpt":{"rendered":"<p>Erste Ausgabe der dritten Sammlung von Erz\u00e4hlungen G\u00fcterslohs. G\u00fctersloh war ursp\u00fcnglich f\u00fcr den geistlichen Stand bestimmt, wurde Sch\u00fcler Klimts und schlug sich zeitweise als Maler und Regisseur durch. &#8211; W.-G. 14.<\/p>\n","protected":false},"featured_media":14659,"template":"","meta":[],"product_brand":[],"product_cat":[29,71,176,32,914],"product_tag":[],"class_list":{"0":"post-3349","1":"product","2":"type-product","3":"status-publish","4":"has-post-thumbnail","6":"product_cat-20-jahrhundert","7":"product_cat-austriaca","8":"product_cat-first-edition","9":"product_cat-literatur","10":"product_cat-zvab","12":"first","13":"instock","14":"purchasable","15":"product-type-simple"},"_links":{"self":[{"href":"https:\/\/antiquariat-steinbach.com\/rarebooks\/wp-json\/wp\/v2\/product\/3349","targetHints":{"allow":["GET"]}}],"collection":[{"href":"https:\/\/antiquariat-steinbach.com\/rarebooks\/wp-json\/wp\/v2\/product"}],"about":[{"href":"https:\/\/antiquariat-steinbach.com\/rarebooks\/wp-json\/wp\/v2\/types\/product"}],"version-history":[{"count":3,"href":"https:\/\/antiquariat-steinbach.com\/rarebooks\/wp-json\/wp\/v2\/product\/3349\/revisions"}],"predecessor-version":[{"id":19674,"href":"https:\/\/antiquariat-steinbach.com\/rarebooks\/wp-json\/wp\/v2\/product\/3349\/revisions\/19674"}],"wp:featuredmedia":[{"embeddable":true,"href":"https:\/\/antiquariat-steinbach.com\/rarebooks\/wp-json\/wp\/v2\/media\/14659"}],"wp:attachment":[{"href":"https:\/\/antiquariat-steinbach.com\/rarebooks\/wp-json\/wp\/v2\/media?parent=3349"}],"wp:term":[{"taxonomy":"product_brand","embeddable":true,"href":"https:\/\/antiquariat-steinbach.com\/rarebooks\/wp-json\/wp\/v2\/product_brand?post=3349"},{"taxonomy":"product_cat","embeddable":true,"href":"https:\/\/antiquariat-steinbach.com\/rarebooks\/wp-json\/wp\/v2\/product_cat?post=3349"},{"taxonomy":"product_tag","embeddable":true,"href":"https:\/\/antiquariat-steinbach.com\/rarebooks\/wp-json\/wp\/v2\/product_tag?post=3349"}],"curies":[{"name":"wp","href":"https:\/\/api.w.org\/{rel}","templated":true}]}}