{"id":3315,"date":"2026-03-12T00:08:35","date_gmt":"2026-03-11T23:08:35","guid":{"rendered":"http:\/\/antiquariat-steinbach.com\/rarebooks\/produkt\/eigenhaendiges-manuskript-wohl-entwurf-zu-neinem-werkverzeichnis-des-malers-balthasa-johan-baptist-wiegand-1771-1846\/"},"modified":"2026-03-12T00:08:37","modified_gmt":"2026-03-11T23:08:37","slug":"gruenstein-leo-kunst-und-literaturhistoriker-1876-1943-eigenhaendiges-manuskript-wohl-entwurf-zu-neinem-werkverzeichnis-des-malers-balthasa-johan-baptist-wiegand-1771-1846","status":"publish","type":"product","link":"https:\/\/antiquariat-steinbach.com\/rarebooks\/produkt\/gruenstein-leo-kunst-und-literaturhistoriker-1876-1943-eigenhaendiges-manuskript-wohl-entwurf-zu-neinem-werkverzeichnis-des-malers-balthasa-johan-baptist-wiegand-1771-1846\/","title":{"rendered":"Gr\u00fcnstein, Leo (Kunst- und Literaturhistoriker, 1876-1943). &#8211;  Eigenh\u00e4ndiges Manuskript. Wohl Entwurf zu neinem Werkverzeichnis des Malers Balthasa Johan Baptist Wi(e)gand (1771-1846)"},"content":{"rendered":"<p>O.O. 1920iger Jahre<\/p>\n<p>31 : 25 cm &#8211; 15 : 13 cm.<\/p>\n<p>250,00 EUR<\/p>\n","protected":false},"excerpt":{"rendered":"<p>Enthalten sind 1) 21 Blatt mit 31 montierten bzw. eingelegten (und meist eigenh\u00e4ndig bezeichneten) Ausschnitten von Bildern Wiegands aus Auktionskatalogen. 9 weitere Reproduktionen in kleiner Format lose beiliegend. &#8211; 2) Schreiben des Pfarrmats Theresienfeld, gez. Albert Hackl, vom 26. Juli 1922 mit biographischen Angaben zu Wiegand (2 Seiten). &#8211; 3)Eige nh\u00e4ndiger Brief und eigenh\u00e4ndige Postkarte eines Franz Meran aus Graz an Gr\u00fcnstein &#8222;(&#8230;) Ich besitze einen kleinen , allerdings nicht signierten Wiegand, den  Michaeler Platz in Wien mit Staffage darstellend, aus dem Besitz der Gr\u00e4fin Moritz Dietrichstein geb. Gr\u00e4fin Protocka, der Tante meines verstorbenen Schwiegervaters stammend (&#8230;)&#8220;. (beide aus dem Jahr 1927, zusammen 3 1\/2 Seiten auf 2 Blatt. &#8211; 4) Eigenh\u00e4ndiger Brief von Heinrich Mauksch, eine praktischen Arztes in Felixdorf, an Gr\u00fcnstein (27.VII. 1922. 4 Seiten auf Doppelblatt.  Mit eigenh\u00e4ndig adressiertem Kuvert).<\/p>\n","protected":false},"featured_media":14650,"template":"","meta":[],"product_brand":[],"product_cat":[71,186,30,90,101,914],"product_tag":[],"class_list":{"0":"post-3315","1":"product","2":"type-product","3":"status-publish","4":"has-post-thumbnail","6":"product_cat-austriaca","7":"product_cat-autographen","8":"product_cat-malerei","9":"product_cat-viennensia","10":"product_cat-werkverzeichnis","11":"product_cat-zvab","13":"first","14":"instock","15":"purchasable","16":"product-type-simple"},"_links":{"self":[{"href":"https:\/\/antiquariat-steinbach.com\/rarebooks\/wp-json\/wp\/v2\/product\/3315","targetHints":{"allow":["GET"]}}],"collection":[{"href":"https:\/\/antiquariat-steinbach.com\/rarebooks\/wp-json\/wp\/v2\/product"}],"about":[{"href":"https:\/\/antiquariat-steinbach.com\/rarebooks\/wp-json\/wp\/v2\/types\/product"}],"version-history":[{"count":3,"href":"https:\/\/antiquariat-steinbach.com\/rarebooks\/wp-json\/wp\/v2\/product\/3315\/revisions"}],"predecessor-version":[{"id":19658,"href":"https:\/\/antiquariat-steinbach.com\/rarebooks\/wp-json\/wp\/v2\/product\/3315\/revisions\/19658"}],"wp:featuredmedia":[{"embeddable":true,"href":"https:\/\/antiquariat-steinbach.com\/rarebooks\/wp-json\/wp\/v2\/media\/14650"}],"wp:attachment":[{"href":"https:\/\/antiquariat-steinbach.com\/rarebooks\/wp-json\/wp\/v2\/media?parent=3315"}],"wp:term":[{"taxonomy":"product_brand","embeddable":true,"href":"https:\/\/antiquariat-steinbach.com\/rarebooks\/wp-json\/wp\/v2\/product_brand?post=3315"},{"taxonomy":"product_cat","embeddable":true,"href":"https:\/\/antiquariat-steinbach.com\/rarebooks\/wp-json\/wp\/v2\/product_cat?post=3315"},{"taxonomy":"product_tag","embeddable":true,"href":"https:\/\/antiquariat-steinbach.com\/rarebooks\/wp-json\/wp\/v2\/product_tag?post=3315"}],"curies":[{"name":"wp","href":"https:\/\/api.w.org\/{rel}","templated":true}]}}