{"id":3303,"date":"2026-03-12T00:08:35","date_gmt":"2026-03-11T23:08:35","guid":{"rendered":"http:\/\/antiquariat-steinbach.com\/rarebooks\/produkt\/gruebels-gedichte-und-correspondenz-in-nuernberger-mundart\/"},"modified":"2026-03-12T00:08:36","modified_gmt":"2026-03-11T23:08:36","slug":"gruebel-johann-konrad-gruebels-gedichte-und-correspondenz-in-nuernberger-mundart","status":"publish","type":"product","link":"https:\/\/antiquariat-steinbach.com\/rarebooks\/produkt\/gruebel-johann-konrad-gruebels-gedichte-und-correspondenz-in-nuernberger-mundart\/","title":{"rendered":"Gr\u00fcbel, Johann Konrad: &#8211;  Gr\u00fcbels Gedichte (und Correspondenz) in N\u00fcrnberger Mundart."},"content":{"rendered":"<p>N\u00fcrnberg, Campe 1803 &#8211; 1824.<\/p>\n<p>1., 3. und neue Auflage. 5 B\u00e4nde. 17,5 : 11 cm. Mit 5 gestochenen Titelvignetten und 3 Kupfern. Pappb\u00e4nde der Zeit mit schlichter R\u00fcckenvergoldung.<\/p>\n<p>240,00 EUR<\/p>\n","protected":false},"excerpt":{"rendered":"<p>Goed. VII, 558, 8; Hayn-Got. V, 417 f. &#8211; Erste Sammelausgabe mit dem Correspondenzband. Die Gedichte des &#8222;letzten Abk\u00f6mmlings der N\u00fcrnberger Meistersinger&#8220; wurde von Goethe wegen ihrer &#8222;sch\u00f6nen sittsamen Natur&#8220; empfohlen. Der Volksdichter Gr\u00fcbel (1736-1809) war Stadtflaschner und Gassenhauptmann in N\u00fcrnberg. Seine Gedichte wurden von Goethe mit Beifall begr\u00fc\u00dft: &#8222;&#8230;welche k\u00f6stlichen Bissen (morceaux) m\u00fc\u00dften wir entbehren, wenn wir die niedern Klassen aller Zeiten und V\u00f6lker von der Dichtkunst ausschlie\u00dfen wollten&#8220; &#8211; Band 1 und 2 in 3. Aufl., Bd. 3 und 4 in 1. Aufl., Bd. 5 in neuer Aufl. &#8211; Einb\u00e4nde etwas berieben, 3 B\u00e4ndchen an Gelenken und Kapitalen mit Fehlstellen, sonst sch\u00f6nes Exemplar dieses seltenen Werkes.<\/p>\n","protected":false},"featured_media":27251,"template":"","meta":[],"product_brand":[],"product_cat":[360,73,32,914],"product_tag":[],"class_list":{"0":"post-3303","1":"product","2":"type-product","3":"status-publish","4":"has-post-thumbnail","6":"product_cat-19-jhdt","7":"product_cat-bayern","8":"product_cat-literatur","9":"product_cat-zvab","11":"first","12":"instock","13":"purchasable","14":"product-type-simple"},"_links":{"self":[{"href":"https:\/\/antiquariat-steinbach.com\/rarebooks\/wp-json\/wp\/v2\/product\/3303","targetHints":{"allow":["GET"]}}],"collection":[{"href":"https:\/\/antiquariat-steinbach.com\/rarebooks\/wp-json\/wp\/v2\/product"}],"about":[{"href":"https:\/\/antiquariat-steinbach.com\/rarebooks\/wp-json\/wp\/v2\/types\/product"}],"version-history":[{"count":3,"href":"https:\/\/antiquariat-steinbach.com\/rarebooks\/wp-json\/wp\/v2\/product\/3303\/revisions"}],"predecessor-version":[{"id":19652,"href":"https:\/\/antiquariat-steinbach.com\/rarebooks\/wp-json\/wp\/v2\/product\/3303\/revisions\/19652"}],"wp:featuredmedia":[{"embeddable":true,"href":"https:\/\/antiquariat-steinbach.com\/rarebooks\/wp-json\/wp\/v2\/media\/27251"}],"wp:attachment":[{"href":"https:\/\/antiquariat-steinbach.com\/rarebooks\/wp-json\/wp\/v2\/media?parent=3303"}],"wp:term":[{"taxonomy":"product_brand","embeddable":true,"href":"https:\/\/antiquariat-steinbach.com\/rarebooks\/wp-json\/wp\/v2\/product_brand?post=3303"},{"taxonomy":"product_cat","embeddable":true,"href":"https:\/\/antiquariat-steinbach.com\/rarebooks\/wp-json\/wp\/v2\/product_cat?post=3303"},{"taxonomy":"product_tag","embeddable":true,"href":"https:\/\/antiquariat-steinbach.com\/rarebooks\/wp-json\/wp\/v2\/product_tag?post=3303"}],"curies":[{"name":"wp","href":"https:\/\/api.w.org\/{rel}","templated":true}]}}