{"id":3283,"date":"2026-03-12T00:10:44","date_gmt":"2026-03-11T23:10:44","guid":{"rendered":"http:\/\/antiquariat-steinbach.com\/rarebooks\/produkt\/fuenfzig-koepfe-der-zeit\/"},"modified":"2026-03-12T00:10:44","modified_gmt":"2026-03-11T23:10:44","slug":"il-grossmann-rudolph-fuenfzig-koepfe-der-zeit","status":"publish","type":"product","link":"https:\/\/antiquariat-steinbach.com\/rarebooks\/produkt\/il-grossmann-rudolph-fuenfzig-koepfe-der-zeit\/","title":{"rendered":"IL &#8211;   Gro\u00dfmann, Rudolph: &#8211;  F\u00fcnfzig K\u00f6pfe der Zeit."},"content":{"rendered":"<p>Berlin, Mosse 1926.<\/p>\n<p>29,5 : 24 cm. 206 Seiten mit 50 ganzseitigen Portr\u00e4ts von Rudolph Gro\u00dfmann. Original-Leinenband.<\/p>\n<p>90,00 EUR<\/p>\n","protected":false},"excerpt":{"rendered":"<p>Rudolph Grossmann (1882 &#8211; 1941), deutscher Maler und Graphiker, war vor allem wegen seiner trefflichen Portr\u00e4ts von ber\u00fchmten Pers\u00f6nlichkeiten bekannt. Das vorliegende Werk enth\u00e4lt Portr\u00e4ts von J. Cocteau, W. Furtw\u00e4ngler, O. Gulbransson, Th. Th. Heine, A. Kerr, A. Kolb, A. Kubin, M. Liebermann, Th. Mann, E. Orlik, R. Schickele, H. Zille u.v.a. Ausgezeichnete Wiedergaben. &#8211; Sch\u00f6nes Exemplar.<\/p>\n","protected":false},"featured_media":16920,"template":"","meta":[],"product_brand":[],"product_cat":[29,43,914],"product_tag":[],"class_list":{"0":"post-3283","1":"product","2":"type-product","3":"status-publish","4":"has-post-thumbnail","6":"product_cat-20-jahrhundert","7":"product_cat-illustrierte-buecher","8":"product_cat-zvab","10":"first","11":"instock","12":"purchasable","13":"product-type-simple"},"_links":{"self":[{"href":"https:\/\/antiquariat-steinbach.com\/rarebooks\/wp-json\/wp\/v2\/product\/3283","targetHints":{"allow":["GET"]}}],"collection":[{"href":"https:\/\/antiquariat-steinbach.com\/rarebooks\/wp-json\/wp\/v2\/product"}],"about":[{"href":"https:\/\/antiquariat-steinbach.com\/rarebooks\/wp-json\/wp\/v2\/types\/product"}],"version-history":[{"count":4,"href":"https:\/\/antiquariat-steinbach.com\/rarebooks\/wp-json\/wp\/v2\/product\/3283\/revisions"}],"predecessor-version":[{"id":20003,"href":"https:\/\/antiquariat-steinbach.com\/rarebooks\/wp-json\/wp\/v2\/product\/3283\/revisions\/20003"}],"wp:featuredmedia":[{"embeddable":true,"href":"https:\/\/antiquariat-steinbach.com\/rarebooks\/wp-json\/wp\/v2\/media\/16920"}],"wp:attachment":[{"href":"https:\/\/antiquariat-steinbach.com\/rarebooks\/wp-json\/wp\/v2\/media?parent=3283"}],"wp:term":[{"taxonomy":"product_brand","embeddable":true,"href":"https:\/\/antiquariat-steinbach.com\/rarebooks\/wp-json\/wp\/v2\/product_brand?post=3283"},{"taxonomy":"product_cat","embeddable":true,"href":"https:\/\/antiquariat-steinbach.com\/rarebooks\/wp-json\/wp\/v2\/product_cat?post=3283"},{"taxonomy":"product_tag","embeddable":true,"href":"https:\/\/antiquariat-steinbach.com\/rarebooks\/wp-json\/wp\/v2\/product_tag?post=3283"}],"curies":[{"name":"wp","href":"https:\/\/api.w.org\/{rel}","templated":true}]}}