{"id":3089,"date":"2026-03-12T00:08:17","date_gmt":"2026-03-11T23:08:17","guid":{"rendered":"http:\/\/antiquariat-steinbach.com\/rarebooks\/produkt\/glueckwunschkarten-r-b\/"},"modified":"2026-03-12T00:08:19","modified_gmt":"2026-03-11T23:08:19","slug":"glueckwunschkarten-glueckwunschkarten-r-b","status":"publish","type":"product","link":"https:\/\/antiquariat-steinbach.com\/rarebooks\/produkt\/glueckwunschkarten-glueckwunschkarten-r-b\/","title":{"rendered":"Gl\u00fcckwunschkarten: &#8211;  Gl\u00fcckwunschkarten R.B."},"content":{"rendered":"<p>O.O, o.J.(ca. 1910).<\/p>\n<p>24 : 22 cm. Mit 63 montierten, meist farbigen Gl\u00fcckwunschkarten. Original-Broschur.<\/p>\n<p>75,00 EUR<\/p>\n","protected":false},"excerpt":{"rendered":"<p>Abwechslungsreiche Sammlung von Gl\u00fcckwunschkarten f\u00fcr alle Anl\u00e4sse. Jeweils 3 &#8211; 4 Karten auf Karton montiert.<\/p>\n","protected":false},"featured_media":0,"template":"","meta":[],"product_brand":[],"product_cat":[93,62,47,914],"product_tag":[],"class_list":{"0":"post-3089","1":"product","2":"type-product","3":"status-publish","5":"product_cat-design","6":"product_cat-schrift","7":"product_cat-typographie","8":"product_cat-zvab","10":"first","11":"instock","12":"purchasable","13":"product-type-simple"},"_links":{"self":[{"href":"https:\/\/antiquariat-steinbach.com\/rarebooks\/wp-json\/wp\/v2\/product\/3089","targetHints":{"allow":["GET"]}}],"collection":[{"href":"https:\/\/antiquariat-steinbach.com\/rarebooks\/wp-json\/wp\/v2\/product"}],"about":[{"href":"https:\/\/antiquariat-steinbach.com\/rarebooks\/wp-json\/wp\/v2\/types\/product"}],"version-history":[{"count":3,"href":"https:\/\/antiquariat-steinbach.com\/rarebooks\/wp-json\/wp\/v2\/product\/3089\/revisions"}],"predecessor-version":[{"id":19556,"href":"https:\/\/antiquariat-steinbach.com\/rarebooks\/wp-json\/wp\/v2\/product\/3089\/revisions\/19556"}],"wp:attachment":[{"href":"https:\/\/antiquariat-steinbach.com\/rarebooks\/wp-json\/wp\/v2\/media?parent=3089"}],"wp:term":[{"taxonomy":"product_brand","embeddable":true,"href":"https:\/\/antiquariat-steinbach.com\/rarebooks\/wp-json\/wp\/v2\/product_brand?post=3089"},{"taxonomy":"product_cat","embeddable":true,"href":"https:\/\/antiquariat-steinbach.com\/rarebooks\/wp-json\/wp\/v2\/product_cat?post=3089"},{"taxonomy":"product_tag","embeddable":true,"href":"https:\/\/antiquariat-steinbach.com\/rarebooks\/wp-json\/wp\/v2\/product_tag?post=3089"}],"curies":[{"name":"wp","href":"https:\/\/api.w.org\/{rel}","templated":true}]}}