{"id":3077,"date":"2026-03-12T00:08:17","date_gmt":"2026-03-11T23:08:17","guid":{"rendered":"http:\/\/antiquariat-steinbach.com\/rarebooks\/produkt\/werkzeichnungen-fuer-glaser-und-bautischler-insbesondere-fuer-jede-art-von-fenstern-und-allen-damit-verwandten-arbeiten\/"},"modified":"2026-03-12T00:08:18","modified_gmt":"2026-03-11T23:08:18","slug":"glaserei-graef-a-und-m-werkzeichnungen-fuer-glaser-und-bautischler-insbesondere-fuer-jede-art-von-fenstern-und-allen-damit-verwandten-arbeiten","status":"publish","type":"product","link":"https:\/\/antiquariat-steinbach.com\/rarebooks\/produkt\/glaserei-graef-a-und-m-werkzeichnungen-fuer-glaser-und-bautischler-insbesondere-fuer-jede-art-von-fenstern-und-allen-damit-verwandten-arbeiten\/","title":{"rendered":"Glaserei &#8211;   Graef A. und M. &#8211;  Werkzeichnungen f\u00fcr Glaser und Bautischler, insbesondere f\u00fcr jede Art von Fenstern und allen damit verwandten Arbeiten&#8230;"},"content":{"rendered":"<p>Weimar, Voigt, 1887.<\/p>\n<p>2. verbesserte Auflage. 29 : 24 cm. 15 Seiten, 28 doppelblattgro\u00dfe Tafeln. Original Halbleinenband.<\/p>\n<p>25,00 EUR<\/p>\n","protected":false},"excerpt":{"rendered":"<p>Beschreibt und bildet ab Fenster aller ARt f\u00fcr Wohnh\u00e4user, Landh\u00e4user, Schulen und Kirchen etc. &#8211; Fleckig, besonders die Textbl\u00e4tter, Buchblock vom Einband gel\u00f6st, Einband berieben und fleckig.<\/p>\n","protected":false},"featured_media":26246,"template":"","meta":[],"product_brand":[],"product_cat":[259,77,914],"product_tag":[],"class_list":{"0":"post-3077","1":"product","2":"type-product","3":"status-publish","4":"has-post-thumbnail","6":"product_cat-handwerk","7":"product_cat-technik","8":"product_cat-zvab","10":"first","11":"instock","12":"purchasable","13":"product-type-simple"},"_links":{"self":[{"href":"https:\/\/antiquariat-steinbach.com\/rarebooks\/wp-json\/wp\/v2\/product\/3077","targetHints":{"allow":["GET"]}}],"collection":[{"href":"https:\/\/antiquariat-steinbach.com\/rarebooks\/wp-json\/wp\/v2\/product"}],"about":[{"href":"https:\/\/antiquariat-steinbach.com\/rarebooks\/wp-json\/wp\/v2\/types\/product"}],"version-history":[{"count":3,"href":"https:\/\/antiquariat-steinbach.com\/rarebooks\/wp-json\/wp\/v2\/product\/3077\/revisions"}],"predecessor-version":[{"id":19551,"href":"https:\/\/antiquariat-steinbach.com\/rarebooks\/wp-json\/wp\/v2\/product\/3077\/revisions\/19551"}],"wp:featuredmedia":[{"embeddable":true,"href":"https:\/\/antiquariat-steinbach.com\/rarebooks\/wp-json\/wp\/v2\/media\/26246"}],"wp:attachment":[{"href":"https:\/\/antiquariat-steinbach.com\/rarebooks\/wp-json\/wp\/v2\/media?parent=3077"}],"wp:term":[{"taxonomy":"product_brand","embeddable":true,"href":"https:\/\/antiquariat-steinbach.com\/rarebooks\/wp-json\/wp\/v2\/product_brand?post=3077"},{"taxonomy":"product_cat","embeddable":true,"href":"https:\/\/antiquariat-steinbach.com\/rarebooks\/wp-json\/wp\/v2\/product_cat?post=3077"},{"taxonomy":"product_tag","embeddable":true,"href":"https:\/\/antiquariat-steinbach.com\/rarebooks\/wp-json\/wp\/v2\/product_tag?post=3077"}],"curies":[{"name":"wp","href":"https:\/\/api.w.org\/{rel}","templated":true}]}}