{"id":2915,"date":"2026-03-12T00:06:58","date_gmt":"2026-03-11T23:06:58","guid":{"rendered":"http:\/\/antiquariat-steinbach.com\/rarebooks\/produkt\/das-buch-als-kunstwerk-franzoesische-illustrierte-buecher-des-18-jahrhunderts-aus-der-bibliothek-fuerstenberg\/"},"modified":"2026-03-12T00:06:59","modified_gmt":"2026-03-11T23:06:59","slug":"fuerstenberg-das-buch-als-kunstwerk-franzoesische-illustrierte-buecher-des-18-jahrhunderts-aus-der-bibliothek-fuerstenberg","status":"publish","type":"product","link":"https:\/\/antiquariat-steinbach.com\/rarebooks\/produkt\/fuerstenberg-das-buch-als-kunstwerk-franzoesische-illustrierte-buecher-des-18-jahrhunderts-aus-der-bibliothek-fuerstenberg\/","title":{"rendered":"F\u00fcrstenberg &#8211;   Das Buch als Kunstwerk. Franz\u00f6sische illustrierte B\u00fccher des 18. Jahrhunderts aus der Bibliothek F\u00fcrstenberg.-"},"content":{"rendered":"<p>Stuttgart, Cantz, 1965<\/p>\n<p>24 : 17 cm. XV, 161 pages, 2 leaves, with many illustsrations. Original boards.<\/p>\n<p>40,00 EUR<\/p>\n","protected":false},"excerpt":{"rendered":"<p>L&#8217;Exposition de la Collection Jean F\u00fcrstenberg sur le Livre francaise du XVIIIeme si\u00e8cle. Describes 276 items<\/p>\n","protected":false},"featured_media":0,"template":"","meta":[],"product_brand":[],"product_cat":[280,198,96,43,914],"product_tag":[],"class_list":{"0":"post-2915","1":"product","2":"type-product","3":"status-publish","5":"product_cat-bibliographie","6":"product_cat-bibliohpilie","7":"product_cat-frankreich","8":"product_cat-illustrierte-buecher","9":"product_cat-zvab","11":"first","12":"instock","13":"purchasable","14":"product-type-simple"},"_links":{"self":[{"href":"https:\/\/antiquariat-steinbach.com\/rarebooks\/wp-json\/wp\/v2\/product\/2915","targetHints":{"allow":["GET"]}}],"collection":[{"href":"https:\/\/antiquariat-steinbach.com\/rarebooks\/wp-json\/wp\/v2\/product"}],"about":[{"href":"https:\/\/antiquariat-steinbach.com\/rarebooks\/wp-json\/wp\/v2\/types\/product"}],"version-history":[{"count":3,"href":"https:\/\/antiquariat-steinbach.com\/rarebooks\/wp-json\/wp\/v2\/product\/2915\/revisions"}],"predecessor-version":[{"id":19477,"href":"https:\/\/antiquariat-steinbach.com\/rarebooks\/wp-json\/wp\/v2\/product\/2915\/revisions\/19477"}],"wp:attachment":[{"href":"https:\/\/antiquariat-steinbach.com\/rarebooks\/wp-json\/wp\/v2\/media?parent=2915"}],"wp:term":[{"taxonomy":"product_brand","embeddable":true,"href":"https:\/\/antiquariat-steinbach.com\/rarebooks\/wp-json\/wp\/v2\/product_brand?post=2915"},{"taxonomy":"product_cat","embeddable":true,"href":"https:\/\/antiquariat-steinbach.com\/rarebooks\/wp-json\/wp\/v2\/product_cat?post=2915"},{"taxonomy":"product_tag","embeddable":true,"href":"https:\/\/antiquariat-steinbach.com\/rarebooks\/wp-json\/wp\/v2\/product_tag?post=2915"}],"curies":[{"name":"wp","href":"https:\/\/api.w.org\/{rel}","templated":true}]}}