{"id":2901,"date":"2026-03-12T00:06:58","date_gmt":"2026-03-11T23:06:58","guid":{"rendered":"http:\/\/antiquariat-steinbach.com\/rarebooks\/produkt\/sturm-und-drang-in-muenchen-um-die-jahrhundertwende\/"},"modified":"2026-03-12T00:06:58","modified_gmt":"2026-03-11T23:06:58","slug":"fuchs-georg-sturm-und-drang-in-muenchen-um-die-jahrhundertwende","status":"publish","type":"product","link":"https:\/\/antiquariat-steinbach.com\/rarebooks\/produkt\/fuchs-georg-sturm-und-drang-in-muenchen-um-die-jahrhundertwende\/","title":{"rendered":"Fuchs, Georg: &#8211;  Sturm und Drang in M\u00fcnchen um die Jahrhundertwende."},"content":{"rendered":"<p>M\u00fcnchen, Callwey 1936.<\/p>\n<p>24,5 : 16 cm. 263 Seiten mit 58 Abbildungen, teils auf Tafeln. Illustrierter Original-Leinenband.<\/p>\n<p>15,00 EUR<\/p>\n","protected":false},"excerpt":{"rendered":"<p>\u00dcber die Wittelsbacher als Revolution\u00e4re, Schwabing, Junge St\u00fcrmer und Dr\u00e4nger, Malerf\u00fcrsten, ihre H\u00f6fe und Hoftheater etc. &#8211; Exlibris. &#8211; Kosch I, 592; NDB V, 679.<\/p>\n","protected":false},"featured_media":0,"template":"","meta":[],"product_brand":[],"product_cat":[97,467,914],"product_tag":[],"class_list":{"0":"post-2901","1":"product","2":"type-product","3":"status-publish","5":"product_cat-geschichte","6":"product_cat-monacensia","7":"product_cat-zvab","9":"first","10":"instock","11":"purchasable","12":"product-type-simple"},"_links":{"self":[{"href":"https:\/\/antiquariat-steinbach.com\/rarebooks\/wp-json\/wp\/v2\/product\/2901","targetHints":{"allow":["GET"]}}],"collection":[{"href":"https:\/\/antiquariat-steinbach.com\/rarebooks\/wp-json\/wp\/v2\/product"}],"about":[{"href":"https:\/\/antiquariat-steinbach.com\/rarebooks\/wp-json\/wp\/v2\/types\/product"}],"version-history":[{"count":3,"href":"https:\/\/antiquariat-steinbach.com\/rarebooks\/wp-json\/wp\/v2\/product\/2901\/revisions"}],"predecessor-version":[{"id":19470,"href":"https:\/\/antiquariat-steinbach.com\/rarebooks\/wp-json\/wp\/v2\/product\/2901\/revisions\/19470"}],"wp:attachment":[{"href":"https:\/\/antiquariat-steinbach.com\/rarebooks\/wp-json\/wp\/v2\/media?parent=2901"}],"wp:term":[{"taxonomy":"product_brand","embeddable":true,"href":"https:\/\/antiquariat-steinbach.com\/rarebooks\/wp-json\/wp\/v2\/product_brand?post=2901"},{"taxonomy":"product_cat","embeddable":true,"href":"https:\/\/antiquariat-steinbach.com\/rarebooks\/wp-json\/wp\/v2\/product_cat?post=2901"},{"taxonomy":"product_tag","embeddable":true,"href":"https:\/\/antiquariat-steinbach.com\/rarebooks\/wp-json\/wp\/v2\/product_tag?post=2901"}],"curies":[{"name":"wp","href":"https:\/\/api.w.org\/{rel}","templated":true}]}}