{"id":28621,"date":"2026-03-12T00:08:13","date_gmt":"2026-03-11T23:08:13","guid":{"rendered":"https:\/\/antiquariat-steinbach.com\/rarebooks\/produkt\/geschichte-troemer-j-c-pseud-toucement-j-ch-das-reckte-deutsch-francois-adjeu-aus-krosse-campement-die-iss-kewess-in-sachen-land-vor-koenigk-aus-der-preuss\/"},"modified":"2026-03-12T00:08:14","modified_gmt":"2026-03-11T23:08:14","slug":"geschichte-troemer-j-c-pseud-toucement-j-ch-das-reckte-deutsch-francois-adjeu-aus-krosse-campement-die-iss-kewess-in-sachen-land-vor-koenigk-aus-der-preuss","status":"publish","type":"product","link":"https:\/\/antiquariat-steinbach.com\/rarebooks\/produkt\/geschichte-troemer-j-c-pseud-toucement-j-ch-das-reckte-deutsch-francois-adjeu-aus-krosse-campement-die-iss-kewess-in-sachen-land-vor-koenigk-aus-der-preuss\/","title":{"rendered":"* Geschichte &#8211;   (Tr\u00f6mer, J.C.) (Pseud.: Toucement, J. Ch.): &#8211;  Das reckte Deutsch Francois Adjeu aus kro\u00dfe Campement, die i\u00df kewe\u00df in Sachen Land&#8230;vor Koenigk aus der Preu\u00df&#8230;"},"content":{"rendered":"<p>Dresden und Leipzig, Gerlach bzw. Boetius 1730.<\/p>\n<p>19,5 : 16,5 cm. 24 (recte 22) Seiten mit gefalteter Kupfertafel. Halbleinenband der Zeit.<\/p>\n<p>180,00 EUR<\/p>\n","protected":false},"excerpt":{"rendered":"<p>1730 beobachtete und besang T. das gro\u00dfe Feldlager oder &#8218;Campament&#8216; bei M\u00fchlberg&#8230;Die Beschreibung (desselben) ist immerhin, da sie unter die gemeinen Soldaten, ja zu Wald- und Feld- &#8218;Banisen&#8216; herabstieg, viel lebendiger als K\u00f6nig&#8217;s unsagbar steifleinenes Heldgedicht &#8218;August im Lager&#8216; (ADB). Das Frontispiz zeigt das feierliche Zeltlager. Die vorliegende Beschreibung wurde 1736 in &#8222;des Deutsch Francos Schriften&#8220; aufgenommen. Aus einem Textvergleich mit dem Gesamtwerk ist zu ersehen, da\u00df die Seiten 7\/8 ausgelassen wurden und der Text vollst\u00e4ndig ist.  &#8211; Goed. IV\/1, 39, 5; ADB XXXVIII, 636 ff.; nicht bei F.d.F., Hayn-Got. etc.<\/p>\n","protected":false},"featured_media":28622,"template":"","meta":[],"product_brand":[],"product_cat":[74,96,32,264,914],"product_tag":[],"class_list":{"0":"post-28621","1":"product","2":"type-product","3":"status-publish","4":"has-post-thumbnail","6":"product_cat-deutschland","7":"product_cat-frankreich","8":"product_cat-literatur","9":"product_cat-militaria","10":"product_cat-zvab","12":"first","13":"instock","14":"purchasable","15":"product-type-simple"},"_links":{"self":[{"href":"https:\/\/antiquariat-steinbach.com\/rarebooks\/wp-json\/wp\/v2\/product\/28621","targetHints":{"allow":["GET"]}}],"collection":[{"href":"https:\/\/antiquariat-steinbach.com\/rarebooks\/wp-json\/wp\/v2\/product"}],"about":[{"href":"https:\/\/antiquariat-steinbach.com\/rarebooks\/wp-json\/wp\/v2\/types\/product"}],"version-history":[{"count":1,"href":"https:\/\/antiquariat-steinbach.com\/rarebooks\/wp-json\/wp\/v2\/product\/28621\/revisions"}],"predecessor-version":[{"id":28741,"href":"https:\/\/antiquariat-steinbach.com\/rarebooks\/wp-json\/wp\/v2\/product\/28621\/revisions\/28741"}],"wp:featuredmedia":[{"embeddable":true,"href":"https:\/\/antiquariat-steinbach.com\/rarebooks\/wp-json\/wp\/v2\/media\/28622"}],"wp:attachment":[{"href":"https:\/\/antiquariat-steinbach.com\/rarebooks\/wp-json\/wp\/v2\/media?parent=28621"}],"wp:term":[{"taxonomy":"product_brand","embeddable":true,"href":"https:\/\/antiquariat-steinbach.com\/rarebooks\/wp-json\/wp\/v2\/product_brand?post=28621"},{"taxonomy":"product_cat","embeddable":true,"href":"https:\/\/antiquariat-steinbach.com\/rarebooks\/wp-json\/wp\/v2\/product_cat?post=28621"},{"taxonomy":"product_tag","embeddable":true,"href":"https:\/\/antiquariat-steinbach.com\/rarebooks\/wp-json\/wp\/v2\/product_tag?post=28621"}],"curies":[{"name":"wp","href":"https:\/\/api.w.org\/{rel}","templated":true}]}}

* Geschichte &#8211;   (Trömer, J.C.) (Pseud.: Toucement, J. Ch.): &#8211;  Das reckte Deutsch Francois Adjeu aus kroße Campement, die iß keweß in Sachen Land&#8230;vor Koenigk aus der Preuß&#8230;

<p>1730 beobachtete und besang T. das große Feldlager oder &#8218;Campament&#8216; bei Mühlberg&#8230;Die Beschreibung (desselben) ist immerhin, da sie unter die gemeinen Soldaten, ja zu Wald- und Feld- &#8218;Banisen&#8216; herabstieg, viel lebendiger als König&#8217;s unsagbar steifleinenes Heldgedicht &#8218;August im Lager&#8216; (ADB). Das Frontispiz zeigt das feierliche Zeltlager. Die vorliegende Beschreibung wurde 1736 in &#8222;des Deutsch Francos Schriften&#8220; aufgenommen. Aus einem Textvergleich mit dem Gesamtwerk ist zu ersehen, daß die Seiten 7/8 ausgelassen wurden und der Text vollständig ist.  &#8211; Goed. IV/1, 39, 5; ADB XXXVIII, 636 ff.; nicht bei F.d.F., Hayn-Got. etc.</p>
