{"id":28592,"date":"2026-03-12T00:20:21","date_gmt":"2026-03-11T23:20:21","guid":{"rendered":"https:\/\/antiquariat-steinbach.com\/rarebooks\/produkt\/reisen-photographie-oesterreich-die-strassen-der-welt-the-roads-of-the-world\/"},"modified":"2026-03-12T00:20:23","modified_gmt":"2026-03-11T23:20:23","slug":"reisen-photographie-oesterreich-die-strassen-der-welt-the-roads-of-the-world","status":"publish","type":"product","link":"https:\/\/antiquariat-steinbach.com\/rarebooks\/produkt\/reisen-photographie-oesterreich-die-strassen-der-welt-the-roads-of-the-world\/","title":{"rendered":"Reisen &#8211; Photographie &#8211; \u00d6sterreich &#8211;   Die Strassen der Welt &#8211; The roads of the world."},"content":{"rendered":"<p>Wien, 1945.<\/p>\n<p>21,5 : 30,5 cm. 2 Blatt, 20 auf Seiten montierte Photographien. Illustrierter Plastik-Einband.<\/p>\n<p>250,00 EUR<\/p>\n","protected":false},"excerpt":{"rendered":"<p>R\u00f6merstrasse &#8211; Hohe Tauern &#8211; Mallnitz. &#8211; Handgeschriebenes Photoalbum und kurze Beschreibung der Heerstrasse. Besuch der R\u00f6merstrasse \u00fcber die Hohen Tauern 1944. Als C\u00e4sar Germanien eroberte wurde diese Strasse gbaut und ist noch heute in ihren oberen Regionen vollst\u00e4ndig erhalten. Jedes Foto mit ausf\u00fchrlichen Bildunterschriften. Auf der 1. Seite ein Photo der Verfasserin, Unterschrift leider unleserlich.<\/p>\n","protected":false},"featured_media":28593,"template":"","meta":[],"product_brand":[],"product_cat":[36,151,71,460,106,914],"product_tag":[],"class_list":{"0":"post-28592","1":"product","2":"type-product","3":"status-publish","4":"has-post-thumbnail","6":"product_cat-alpen","7":"product_cat-antike","8":"product_cat-austriaca","9":"product_cat-handschriften","10":"product_cat-photographie","11":"product_cat-zvab","13":"first","14":"instock","15":"purchasable","16":"product-type-simple"},"_links":{"self":[{"href":"https:\/\/antiquariat-steinbach.com\/rarebooks\/wp-json\/wp\/v2\/product\/28592","targetHints":{"allow":["GET"]}}],"collection":[{"href":"https:\/\/antiquariat-steinbach.com\/rarebooks\/wp-json\/wp\/v2\/product"}],"about":[{"href":"https:\/\/antiquariat-steinbach.com\/rarebooks\/wp-json\/wp\/v2\/types\/product"}],"version-history":[{"count":1,"href":"https:\/\/antiquariat-steinbach.com\/rarebooks\/wp-json\/wp\/v2\/product\/28592\/revisions"}],"predecessor-version":[{"id":28796,"href":"https:\/\/antiquariat-steinbach.com\/rarebooks\/wp-json\/wp\/v2\/product\/28592\/revisions\/28796"}],"wp:featuredmedia":[{"embeddable":true,"href":"https:\/\/antiquariat-steinbach.com\/rarebooks\/wp-json\/wp\/v2\/media\/28593"}],"wp:attachment":[{"href":"https:\/\/antiquariat-steinbach.com\/rarebooks\/wp-json\/wp\/v2\/media?parent=28592"}],"wp:term":[{"taxonomy":"product_brand","embeddable":true,"href":"https:\/\/antiquariat-steinbach.com\/rarebooks\/wp-json\/wp\/v2\/product_brand?post=28592"},{"taxonomy":"product_cat","embeddable":true,"href":"https:\/\/antiquariat-steinbach.com\/rarebooks\/wp-json\/wp\/v2\/product_cat?post=28592"},{"taxonomy":"product_tag","embeddable":true,"href":"https:\/\/antiquariat-steinbach.com\/rarebooks\/wp-json\/wp\/v2\/product_tag?post=28592"}],"curies":[{"name":"wp","href":"https:\/\/api.w.org\/{rel}","templated":true}]}}