{"id":28194,"date":"2026-03-12T00:02:19","date_gmt":"2026-03-11T23:02:19","guid":{"rendered":"https:\/\/antiquariat-steinbach.com\/rarebooks\/produkt\/binding-dolfin-francesco-acta-serenissimi-pricipis-eugenii-francisci-sabaudiae-et-pedemontii-ducis-sub-ternis-augustissimis-romanis-imperatoribus-leopoldo-joseph-et-carolo-sidem-serenissimo\/"},"modified":"2026-03-12T00:02:20","modified_gmt":"2026-03-11T23:02:20","slug":"binding-dolfin-francesco-acta-serenissimi-pricipis-eugenii-francisci-sabaudiae-et-pedemontii-ducis-sub-ternis-augustissimis-romanis-imperatoribus-leopoldo-joseph-et-carolo-sidem-serenissimo","status":"publish","type":"product","link":"https:\/\/antiquariat-steinbach.com\/rarebooks\/produkt\/binding-dolfin-francesco-acta-serenissimi-pricipis-eugenii-francisci-sabaudiae-et-pedemontii-ducis-sub-ternis-augustissimis-romanis-imperatoribus-leopoldo-joseph-et-carolo-sidem-serenissimo\/","title":{"rendered":"Binding &#8211;   Dolfin, Francesco. &#8211;  Acta serenissimi pricipis Eugenii Francisci Sabaudiae et Pedemontii ducis sub ternis augustissimis Romanis imperatoribus Leopoldo, Joseph, et Carolo sidem serenissimo principi humillime"},"content":{"rendered":"<p>Wien, Kurzb\u00f6ck,  1735.<\/p>\n<p>39,5 : 27 cm. Mehrfach gefaltetes, gestochenes Frontispiece, Titel, 2 Blatt, 139 Seiten mit 76 gestochenen Vignetten. Kastanienbrauner Maroquinband der Zeit, R\u00fccken und Deckel ornamental Vergolded mit vergoldedem ovalen Kardinalswappen in der Mitte.<\/p>\n<p>2500,00 EUR<\/p>\n","protected":false},"excerpt":{"rendered":"<p>Erste und einzige Ausgabe, selten. &#8211; In einem au\u00dfergew\u00f6hnlich gestalteten Einband, reich vergolded, beide Deckel im Post-Fanfare Stil dekoriert,  die Supralibros umgeben von kleinen Flammen, in der Mitte drei bl\u00fchende Pflanzen. &#8211; Das shc\u00f6ne, mehrfah gefaltete Frontispiece von A. und J. Schmutzer nach Jos G\u00f6tz, zeigt Prinz Eugen zu Pferde. Enth\u00e4lt eine Beschreibung des Lebens und der Taten v Prinz Eugens. In seinem Todesjahr von E.V.v. Mandacher verfa\u00dft.  &#8211; Vors\u00e4tze erneuert, Kanten gering berieben, Deckel ganz vereinzelt gering weiilig. Ein gutes Exemplar in einem aussergew\u00f6hnlichen Einband.<\/p>\n","protected":false},"featured_media":28195,"template":"","meta":[],"product_brand":[],"product_cat":[71,95,718,1039,914],"product_tag":[],"class_list":{"0":"post-28194","1":"product","2":"type-product","3":"status-publish","4":"has-post-thumbnail","6":"product_cat-austriaca","7":"product_cat-einbaende","8":"product_cat-festbuecher","9":"product_cat-ny25","10":"product_cat-zvab","12":"first","13":"instock","14":"purchasable","15":"product-type-simple"},"_links":{"self":[{"href":"https:\/\/antiquariat-steinbach.com\/rarebooks\/wp-json\/wp\/v2\/product\/28194","targetHints":{"allow":["GET"]}}],"collection":[{"href":"https:\/\/antiquariat-steinbach.com\/rarebooks\/wp-json\/wp\/v2\/product"}],"about":[{"href":"https:\/\/antiquariat-steinbach.com\/rarebooks\/wp-json\/wp\/v2\/types\/product"}],"version-history":[{"count":1,"href":"https:\/\/antiquariat-steinbach.com\/rarebooks\/wp-json\/wp\/v2\/product\/28194\/revisions"}],"predecessor-version":[{"id":28705,"href":"https:\/\/antiquariat-steinbach.com\/rarebooks\/wp-json\/wp\/v2\/product\/28194\/revisions\/28705"}],"wp:featuredmedia":[{"embeddable":true,"href":"https:\/\/antiquariat-steinbach.com\/rarebooks\/wp-json\/wp\/v2\/media\/28195"}],"wp:attachment":[{"href":"https:\/\/antiquariat-steinbach.com\/rarebooks\/wp-json\/wp\/v2\/media?parent=28194"}],"wp:term":[{"taxonomy":"product_brand","embeddable":true,"href":"https:\/\/antiquariat-steinbach.com\/rarebooks\/wp-json\/wp\/v2\/product_brand?post=28194"},{"taxonomy":"product_cat","embeddable":true,"href":"https:\/\/antiquariat-steinbach.com\/rarebooks\/wp-json\/wp\/v2\/product_cat?post=28194"},{"taxonomy":"product_tag","embeddable":true,"href":"https:\/\/antiquariat-steinbach.com\/rarebooks\/wp-json\/wp\/v2\/product_tag?post=28194"}],"curies":[{"name":"wp","href":"https:\/\/api.w.org\/{rel}","templated":true}]}}