{"id":28111,"date":"2026-03-12T00:22:43","date_gmt":"2026-03-11T23:22:43","guid":{"rendered":"https:\/\/antiquariat-steinbach.com\/rarebooks\/produkt\/sendak-maurice-wo-die-wilden-kerle-wohnen\/"},"modified":"2026-03-12T00:22:44","modified_gmt":"2026-03-11T23:22:44","slug":"sendak-maurice-wo-die-wilden-kerle-wohnen","status":"publish","type":"product","link":"https:\/\/antiquariat-steinbach.com\/rarebooks\/produkt\/sendak-maurice-wo-die-wilden-kerle-wohnen\/","title":{"rendered":"Sendak, Maurice. &#8211;  Wo die wilden Kerle wohnen."},"content":{"rendered":"<p>Z\u00fcrich, Diogenes, 1967<\/p>\n<p>23,5 : 25 cm. 20 Blatt mit meist ganzseitigen farbigen Illustrationen. Farbig illustrierter Original Karton.<\/p>\n<p>25,00 EUR<\/p>\n","protected":false},"excerpt":{"rendered":"<p>Maurice Sendaks Kinderbuchklassiker: Die Geschichte vom wilden Max, der von seiner Mutter ohne Essen ins Bett geschickt wird und darauf das Reich der wilden Kerle erobert. &#8211; \u00bbMaurice Sendak geh\u00f6rt zu den Unsterblichen. Solange Kinder Bilderb\u00fccher anschauen, wird \u203aWo die wilden Kerle wohnen\u2039 zu ihren strenggeh\u00fcteten Sch\u00e4tzen z\u00e4hlen.\u00ab (Times Literary Supplement, London). &#8211; \u00bbEines der aufm\u00fcpfigsten und tollsten Kinderb\u00fccher aller Zeiten.\u00ab (Focus, M\u00fcnchen) &#8211; \u00bb\u203aUnd es war noch warm.\u2039 Mit diesem tr\u00f6stlichsten Satz der Kinderliteratur endet das Abenteuer, in dem Maurice Sendak alles vereint, was die Kinderseele f\u00fcrchtet und braucht: Angst, Schrecken, Allmacht, Geborgenheit.\u00ab (Sieglinde Geisel \/ Neue Z\u00fcrcher Zeitung).<\/p>\n","protected":false},"featured_media":28161,"template":"","meta":[],"product_brand":[],"product_cat":[289,382,60,137,914],"product_tag":[],"class_list":{"0":"post-28111","1":"product","2":"type-product","3":"status-publish","4":"has-post-thumbnail","6":"product_cat-bilderbuecher","7":"product_cat-childrens","8":"product_cat-kinderbuecher","9":"product_cat-maerchen","10":"product_cat-zvab","12":"first","13":"instock","14":"purchasable","15":"product-type-simple"},"_links":{"self":[{"href":"https:\/\/antiquariat-steinbach.com\/rarebooks\/wp-json\/wp\/v2\/product\/28111","targetHints":{"allow":["GET"]}}],"collection":[{"href":"https:\/\/antiquariat-steinbach.com\/rarebooks\/wp-json\/wp\/v2\/product"}],"about":[{"href":"https:\/\/antiquariat-steinbach.com\/rarebooks\/wp-json\/wp\/v2\/types\/product"}],"version-history":[{"count":1,"href":"https:\/\/antiquariat-steinbach.com\/rarebooks\/wp-json\/wp\/v2\/product\/28111\/revisions"}],"predecessor-version":[{"id":28112,"href":"https:\/\/antiquariat-steinbach.com\/rarebooks\/wp-json\/wp\/v2\/product\/28111\/revisions\/28112"}],"wp:featuredmedia":[{"embeddable":true,"href":"https:\/\/antiquariat-steinbach.com\/rarebooks\/wp-json\/wp\/v2\/media\/28161"}],"wp:attachment":[{"href":"https:\/\/antiquariat-steinbach.com\/rarebooks\/wp-json\/wp\/v2\/media?parent=28111"}],"wp:term":[{"taxonomy":"product_brand","embeddable":true,"href":"https:\/\/antiquariat-steinbach.com\/rarebooks\/wp-json\/wp\/v2\/product_brand?post=28111"},{"taxonomy":"product_cat","embeddable":true,"href":"https:\/\/antiquariat-steinbach.com\/rarebooks\/wp-json\/wp\/v2\/product_cat?post=28111"},{"taxonomy":"product_tag","embeddable":true,"href":"https:\/\/antiquariat-steinbach.com\/rarebooks\/wp-json\/wp\/v2\/product_tag?post=28111"}],"curies":[{"name":"wp","href":"https:\/\/api.w.org\/{rel}","templated":true}]}}