{"id":27376,"date":"2026-03-12T00:20:09","date_gmt":"2026-03-11T23:20:09","guid":{"rendered":"https:\/\/antiquariat-steinbach.com\/rarebooks\/produkt\/puzzle-zuerich-schaffhausen-soleure-das-ist-ein-taugenichts-der-besuch-in-der-kueche-waschende-landmaedchen-die-turteltaube\/"},"modified":"2026-03-12T00:20:09","modified_gmt":"2026-03-11T23:20:09","slug":"puzzle-zuerich-schaffhausen-soleure-das-ist-ein-taugenichts-der-besuch-in-der-kueche-waschende-landmaedchen-die-turteltaube","status":"publish","type":"product","link":"https:\/\/antiquariat-steinbach.com\/rarebooks\/produkt\/puzzle-zuerich-schaffhausen-soleure-das-ist-ein-taugenichts-der-besuch-in-der-kueche-waschende-landmaedchen-die-turteltaube\/","title":{"rendered":"Puzzle &#8211;   Z\u00fcrich &#8211; Schaffhausen &#8211; Soleure; Das ist ein Taugenichts ; Der Besuch in der K\u00fcche; Waschende Landm\u00e4dchen; Die Turteltaube."},"content":{"rendered":"<p>Stuttgart, Halder &#038; Cronberger, ca. 1860.<\/p>\n<p>33,5 : 42 cm. 80 wooden-block puzzles, 5 coloured, lithographed plates. Coloured illustrated original wooden box.<\/p>\n<p>200,00 EUR<\/p>\n","protected":false},"excerpt":{"rendered":"<p>A rare antique wooden block-puzzle in the original box. The plates showing the puzzles you can make. &#8211; The plates a bit stained, box at the edges a bit rubbed.<\/p>\n","protected":false},"featured_media":27377,"template":"","meta":[],"product_brand":[],"product_cat":[382,60,381,914],"product_tag":[],"class_list":{"0":"post-27376","1":"product","2":"type-product","3":"status-publish","4":"has-post-thumbnail","6":"product_cat-childrens","7":"product_cat-kinderbuecher","8":"product_cat-spiele","9":"product_cat-zvab","11":"first","12":"instock","13":"purchasable","14":"product-type-simple"},"_links":{"self":[{"href":"https:\/\/antiquariat-steinbach.com\/rarebooks\/wp-json\/wp\/v2\/product\/27376","targetHints":{"allow":["GET"]}}],"collection":[{"href":"https:\/\/antiquariat-steinbach.com\/rarebooks\/wp-json\/wp\/v2\/product"}],"about":[{"href":"https:\/\/antiquariat-steinbach.com\/rarebooks\/wp-json\/wp\/v2\/types\/product"}],"version-history":[{"count":1,"href":"https:\/\/antiquariat-steinbach.com\/rarebooks\/wp-json\/wp\/v2\/product\/27376\/revisions"}],"predecessor-version":[{"id":27890,"href":"https:\/\/antiquariat-steinbach.com\/rarebooks\/wp-json\/wp\/v2\/product\/27376\/revisions\/27890"}],"wp:featuredmedia":[{"embeddable":true,"href":"https:\/\/antiquariat-steinbach.com\/rarebooks\/wp-json\/wp\/v2\/media\/27377"}],"wp:attachment":[{"href":"https:\/\/antiquariat-steinbach.com\/rarebooks\/wp-json\/wp\/v2\/media?parent=27376"}],"wp:term":[{"taxonomy":"product_brand","embeddable":true,"href":"https:\/\/antiquariat-steinbach.com\/rarebooks\/wp-json\/wp\/v2\/product_brand?post=27376"},{"taxonomy":"product_cat","embeddable":true,"href":"https:\/\/antiquariat-steinbach.com\/rarebooks\/wp-json\/wp\/v2\/product_cat?post=27376"},{"taxonomy":"product_tag","embeddable":true,"href":"https:\/\/antiquariat-steinbach.com\/rarebooks\/wp-json\/wp\/v2\/product_tag?post=27376"}],"curies":[{"name":"wp","href":"https:\/\/api.w.org\/{rel}","templated":true}]}}