{"id":27015,"date":"2026-03-12T00:28:19","date_gmt":"2026-03-11T23:28:19","guid":{"rendered":"https:\/\/antiquariat-steinbach.com\/rarebooks\/produkt\/ww-architecture-wagner-kishida-hideto-otto-waguna-kenchikuta-toshite-no-shogai-oyobi-shiso\/"},"modified":"2026-03-12T00:28:25","modified_gmt":"2026-03-11T23:28:25","slug":"ww-architecture-wagner-kishida-hideto-otto-waguna-kenchikuta-toshite-no-shogai-oyobi-shiso","status":"publish","type":"product","link":"https:\/\/antiquariat-steinbach.com\/rarebooks\/produkt\/ww-architecture-wagner-kishida-hideto-otto-waguna-kenchikuta-toshite-no-shogai-oyobi-shiso\/","title":{"rendered":"WW &#8211; Architecture &#8211; Wagner &#8211;   Kishida, Hideto. &#8211;  Otto Waguna. Kenchikuta toshite no sh\u00f3gai oyobi shis\u00f3."},"content":{"rendered":"<p>Tokyo, Iwanami Shoten  1927 (Sh\u00f3wa 2)<\/p>\n<p>27 : 20 cm. P\u00dcortrait of Wagner, 222 pages, 51 plates. Original cloth in original cardboard slipcase lettered in Japanese.<\/p>\n<p>480,00 EUR<\/p>\n","protected":false},"excerpt":{"rendered":"<p>Rare Japanese monograph on Otto Wagner, the plates with photographs and drawings of hi buildings. &#8211; Some wear of extremities of slipcase.<\/p>\n","protected":false},"featured_media":27017,"template":"","meta":[],"product_brand":[],"product_cat":[48,451,90,914],"product_tag":[],"class_list":{"0":"post-27015","1":"product","2":"type-product","3":"status-publish","4":"has-post-thumbnail","6":"product_cat-architektur","7":"product_cat-japonica","8":"product_cat-viennensia","9":"product_cat-zvab","11":"first","12":"instock","13":"purchasable","14":"product-type-simple"},"_links":{"self":[{"href":"https:\/\/antiquariat-steinbach.com\/rarebooks\/wp-json\/wp\/v2\/product\/27015","targetHints":{"allow":["GET"]}}],"collection":[{"href":"https:\/\/antiquariat-steinbach.com\/rarebooks\/wp-json\/wp\/v2\/product"}],"about":[{"href":"https:\/\/antiquariat-steinbach.com\/rarebooks\/wp-json\/wp\/v2\/types\/product"}],"version-history":[{"count":1,"href":"https:\/\/antiquariat-steinbach.com\/rarebooks\/wp-json\/wp\/v2\/product\/27015\/revisions"}],"predecessor-version":[{"id":27016,"href":"https:\/\/antiquariat-steinbach.com\/rarebooks\/wp-json\/wp\/v2\/product\/27015\/revisions\/27016"}],"wp:featuredmedia":[{"embeddable":true,"href":"https:\/\/antiquariat-steinbach.com\/rarebooks\/wp-json\/wp\/v2\/media\/27017"}],"wp:attachment":[{"href":"https:\/\/antiquariat-steinbach.com\/rarebooks\/wp-json\/wp\/v2\/media?parent=27015"}],"wp:term":[{"taxonomy":"product_brand","embeddable":true,"href":"https:\/\/antiquariat-steinbach.com\/rarebooks\/wp-json\/wp\/v2\/product_brand?post=27015"},{"taxonomy":"product_cat","embeddable":true,"href":"https:\/\/antiquariat-steinbach.com\/rarebooks\/wp-json\/wp\/v2\/product_cat?post=27015"},{"taxonomy":"product_tag","embeddable":true,"href":"https:\/\/antiquariat-steinbach.com\/rarebooks\/wp-json\/wp\/v2\/product_tag?post=27015"}],"curies":[{"name":"wp","href":"https:\/\/api.w.org\/{rel}","templated":true}]}}