{"id":26864,"date":"2026-03-12T00:26:10","date_gmt":"2026-03-11T23:26:10","guid":{"rendered":"https:\/\/antiquariat-steinbach.com\/rarebooks\/produkt\/voelker-angela-wiener-mode-modefotografie-die-modeabteilung-der-wiener-werkstaette-1911-1932\/"},"modified":"2026-03-12T00:26:12","modified_gmt":"2026-03-11T23:26:12","slug":"voelker-angela-wiener-mode-modefotografie-die-modeabteilung-der-wiener-werkstaette-1911-1932","status":"publish","type":"product","link":"https:\/\/antiquariat-steinbach.com\/rarebooks\/produkt\/voelker-angela-wiener-mode-modefotografie-die-modeabteilung-der-wiener-werkstaette-1911-1932\/","title":{"rendered":"V\u00f6lker, Angela. &#8211;  Wiener Mode + Modefotografie. Die Modeabteilung der Wiener Werkst\u00e4tte 1911 &#8211; 1932."},"content":{"rendered":"<p>M\u00fcnchen &#8211; Paris, Schn eider-Henn, 1984.<\/p>\n<p>28 : 22,5 cm. 283 Seiten mit 393 (33 farbigen) Abbildungen. Original Leinenband mit farbig illustsriertem Original Schutzumschlag.<\/p>\n<p>50,00 EUR<\/p>\n","protected":false},"excerpt":{"rendered":"<p>Zeigt Arbeiten von Josef Hoffmann, Mela K\u00f6hler, Maria Likarz, Dagobert Peche, E.J. Wimmer u.a.<\/p>\n","protected":false},"featured_media":26866,"template":"","meta":[],"product_brand":[],"product_cat":[71,55,121,51,257,914],"product_tag":[],"class_list":{"0":"post-26864","1":"product","2":"type-product","3":"status-publish","4":"has-post-thumbnail","6":"product_cat-austriaca","7":"product_cat-fashion","8":"product_cat-mode","9":"product_cat-textil","10":"product_cat-wiener-werkstaette","11":"product_cat-zvab","13":"first","14":"instock","15":"purchasable","16":"product-type-simple"},"_links":{"self":[{"href":"https:\/\/antiquariat-steinbach.com\/rarebooks\/wp-json\/wp\/v2\/product\/26864","targetHints":{"allow":["GET"]}}],"collection":[{"href":"https:\/\/antiquariat-steinbach.com\/rarebooks\/wp-json\/wp\/v2\/product"}],"about":[{"href":"https:\/\/antiquariat-steinbach.com\/rarebooks\/wp-json\/wp\/v2\/types\/product"}],"version-history":[{"count":1,"href":"https:\/\/antiquariat-steinbach.com\/rarebooks\/wp-json\/wp\/v2\/product\/26864\/revisions"}],"predecessor-version":[{"id":26865,"href":"https:\/\/antiquariat-steinbach.com\/rarebooks\/wp-json\/wp\/v2\/product\/26864\/revisions\/26865"}],"wp:featuredmedia":[{"embeddable":true,"href":"https:\/\/antiquariat-steinbach.com\/rarebooks\/wp-json\/wp\/v2\/media\/26866"}],"wp:attachment":[{"href":"https:\/\/antiquariat-steinbach.com\/rarebooks\/wp-json\/wp\/v2\/media?parent=26864"}],"wp:term":[{"taxonomy":"product_brand","embeddable":true,"href":"https:\/\/antiquariat-steinbach.com\/rarebooks\/wp-json\/wp\/v2\/product_brand?post=26864"},{"taxonomy":"product_cat","embeddable":true,"href":"https:\/\/antiquariat-steinbach.com\/rarebooks\/wp-json\/wp\/v2\/product_cat?post=26864"},{"taxonomy":"product_tag","embeddable":true,"href":"https:\/\/antiquariat-steinbach.com\/rarebooks\/wp-json\/wp\/v2\/product_tag?post=26864"}],"curies":[{"name":"wp","href":"https:\/\/api.w.org\/{rel}","templated":true}]}}