{"id":26839,"date":"2026-03-12T00:16:56","date_gmt":"2026-03-11T23:16:56","guid":{"rendered":"https:\/\/antiquariat-steinbach.com\/rarebooks\/produkt\/mueller-cobrug-karl-gottfried-maurischer-schwer-bewaffneter-krieger\/"},"modified":"2026-03-12T00:16:56","modified_gmt":"2026-03-11T23:16:56","slug":"mueller-cobrug-karl-gottfried-maurischer-schwer-bewaffneter-krieger","status":"publish","type":"product","link":"https:\/\/antiquariat-steinbach.com\/rarebooks\/produkt\/mueller-cobrug-karl-gottfried-maurischer-schwer-bewaffneter-krieger\/","title":{"rendered":"M\u00fcller-Cobrug, Karl Gottfried. &#8211;  Maurischer, schwer bewaffneter Krieger."},"content":{"rendered":"<p>Granada, 1885.<\/p>\n<p>37 : 31 cm. Aquarell auf Karton, signiert und datiert.<\/p>\n<p>750,00 EUR<\/p>\n","protected":false},"excerpt":{"rendered":"<p>Wohl Vorlage f\u00fcr den Druck des Auqarells, mit den Druckermarken und breitem Rand. &#8211; Carl Gottfried M\u00fcller-Coburg (09.09.1858 Coburg \u2013 27.01.1909 Meran): Maler, Zeichner, Illustrator. Studium an der Kunstakademie Karlsruhe, sowie Ateliersch\u00fcler bei Anton von Werner (Berlin). 1882 Italien- und Frankreichaufenthalt. W\u00e4hrend der Zeit in Paris engere Freundschaft mit Engelbert Humperdinck kennen. 1883 Spanienreise mit Engelbert Humperdinck von Madrid bis Granada. Mitte der 1890er Jahre wohnte er in Fiesole in der Villa San Marizio als Nachbar Arnold B\u00f6cklins. Zwischen 1899 und 1940 schuf M\u00fcller-Coburg mehrere Illustrationen f\u00fcr die Zeitschrift \u201eJugend\u201c. M\u00fcller-Coburg nahm zeitlebens an zahlreichen Ausstellungen teil.<\/p>\n","protected":false},"featured_media":26840,"template":"","meta":[],"product_brand":[],"product_cat":[586,376,148,57,914],"product_tag":[],"class_list":{"0":"post-26839","1":"product","2":"type-product","3":"status-publish","4":"has-post-thumbnail","6":"product_cat-orient","7":"product_cat-originale","8":"product_cat-spanien","9":"product_cat-zeichnung","10":"product_cat-zvab","12":"first","13":"instock","14":"purchasable","15":"product-type-simple"},"_links":{"self":[{"href":"https:\/\/antiquariat-steinbach.com\/rarebooks\/wp-json\/wp\/v2\/product\/26839","targetHints":{"allow":["GET"]}}],"collection":[{"href":"https:\/\/antiquariat-steinbach.com\/rarebooks\/wp-json\/wp\/v2\/product"}],"about":[{"href":"https:\/\/antiquariat-steinbach.com\/rarebooks\/wp-json\/wp\/v2\/types\/product"}],"version-history":[{"count":1,"href":"https:\/\/antiquariat-steinbach.com\/rarebooks\/wp-json\/wp\/v2\/product\/26839\/revisions"}],"predecessor-version":[{"id":27864,"href":"https:\/\/antiquariat-steinbach.com\/rarebooks\/wp-json\/wp\/v2\/product\/26839\/revisions\/27864"}],"wp:featuredmedia":[{"embeddable":true,"href":"https:\/\/antiquariat-steinbach.com\/rarebooks\/wp-json\/wp\/v2\/media\/26840"}],"wp:attachment":[{"href":"https:\/\/antiquariat-steinbach.com\/rarebooks\/wp-json\/wp\/v2\/media?parent=26839"}],"wp:term":[{"taxonomy":"product_brand","embeddable":true,"href":"https:\/\/antiquariat-steinbach.com\/rarebooks\/wp-json\/wp\/v2\/product_brand?post=26839"},{"taxonomy":"product_cat","embeddable":true,"href":"https:\/\/antiquariat-steinbach.com\/rarebooks\/wp-json\/wp\/v2\/product_cat?post=26839"},{"taxonomy":"product_tag","embeddable":true,"href":"https:\/\/antiquariat-steinbach.com\/rarebooks\/wp-json\/wp\/v2\/product_tag?post=26839"}],"curies":[{"name":"wp","href":"https:\/\/api.w.org\/{rel}","templated":true}]}}