{"id":26514,"date":"2026-03-12T00:04:55","date_gmt":"2026-03-11T23:04:55","guid":{"rendered":"https:\/\/antiquariat-steinbach.com\/rarebooks\/produkt\/ehrmann-th-f-und-chr-c-andre-neueste-laender-und-voelkerkunde-ein-geographisches-lesebuch-fuer-alle-staende\/"},"modified":"2026-03-12T00:04:55","modified_gmt":"2026-03-11T23:04:55","slug":"ehrmann-th-f-und-chr-c-andre-neueste-laender-und-voelkerkunde-ein-geographisches-lesebuch-fuer-alle-staende","status":"publish","type":"product","link":"https:\/\/antiquariat-steinbach.com\/rarebooks\/produkt\/ehrmann-th-f-und-chr-c-andre-neueste-laender-und-voelkerkunde-ein-geographisches-lesebuch-fuer-alle-staende\/","title":{"rendered":"Ehrmann, Th. F. und Chr. C. Andr\u00e9. &#8211;  Neueste L\u00e4nder- und V\u00f6lkerkunde. Ein geographisches Lesebuch f\u00fcr alle St\u00e4nde."},"content":{"rendered":"<p>Prag, 1823.<\/p>\n<p>22,5 : 14 cm. Seiten 203 &#8211; 296, 1 mehrfach gefaltete Karte, 6 Stahlstichtafeln. Typografische bedruckter Original-Umschlag.<\/p>\n<p>120,00 EUR<\/p>\n","protected":false},"excerpt":{"rendered":"<p>Die mehrfach gefaltete, grenzkolorierrte Karte zeigt \u00d6sterreich, Steiermark, Istrien und Tirol. Die Tafeln mit Ansichten von Schlo\u00df Sch\u00f6nbrunn, die Franzensburg inm Park von Laxenburg, Ansichten der St\u00e4dte  Krems, Linz und Heimburg. &#8211; Unbeschnitten, gebr\u00e4unt, Titel mit kleinem Stempel, Umschlag mit kleinen Einrissen.<\/p>\n","protected":false},"featured_media":26569,"template":"","meta":[],"product_brand":[],"product_cat":[83,71,224,594,120,914],"product_tag":[],"class_list":{"0":"post-26514","1":"product","2":"type-product","3":"status-publish","4":"has-post-thumbnail","6":"product_cat-ansichten","7":"product_cat-austriaca","8":"product_cat-karten","9":"product_cat-landeskunde","10":"product_cat-landkarten","11":"product_cat-zvab","13":"first","14":"instock","15":"purchasable","16":"product-type-simple"},"_links":{"self":[{"href":"https:\/\/antiquariat-steinbach.com\/rarebooks\/wp-json\/wp\/v2\/product\/26514","targetHints":{"allow":["GET"]}}],"collection":[{"href":"https:\/\/antiquariat-steinbach.com\/rarebooks\/wp-json\/wp\/v2\/product"}],"about":[{"href":"https:\/\/antiquariat-steinbach.com\/rarebooks\/wp-json\/wp\/v2\/types\/product"}],"version-history":[{"count":1,"href":"https:\/\/antiquariat-steinbach.com\/rarebooks\/wp-json\/wp\/v2\/product\/26514\/revisions"}],"predecessor-version":[{"id":26568,"href":"https:\/\/antiquariat-steinbach.com\/rarebooks\/wp-json\/wp\/v2\/product\/26514\/revisions\/26568"}],"wp:featuredmedia":[{"embeddable":true,"href":"https:\/\/antiquariat-steinbach.com\/rarebooks\/wp-json\/wp\/v2\/media\/26569"}],"wp:attachment":[{"href":"https:\/\/antiquariat-steinbach.com\/rarebooks\/wp-json\/wp\/v2\/media?parent=26514"}],"wp:term":[{"taxonomy":"product_brand","embeddable":true,"href":"https:\/\/antiquariat-steinbach.com\/rarebooks\/wp-json\/wp\/v2\/product_brand?post=26514"},{"taxonomy":"product_cat","embeddable":true,"href":"https:\/\/antiquariat-steinbach.com\/rarebooks\/wp-json\/wp\/v2\/product_cat?post=26514"},{"taxonomy":"product_tag","embeddable":true,"href":"https:\/\/antiquariat-steinbach.com\/rarebooks\/wp-json\/wp\/v2\/product_tag?post=26514"}],"curies":[{"name":"wp","href":"https:\/\/api.w.org\/{rel}","templated":true}]}}