{"id":26343,"date":"2026-03-12T00:00:04","date_gmt":"2026-03-11T23:00:04","guid":{"rendered":"https:\/\/antiquariat-steinbach.com\/rarebooks\/produkt\/42-blatt-muster-fuer-jaquard-stickerei-exportmusterschau-oesterreich-gruesst-die-welt\/"},"modified":"2026-03-12T00:00:06","modified_gmt":"2026-03-11T23:00:06","slug":"42-blatt-muster-fuer-jaquard-stickerei-exportmusterschau-oesterreich-gruesst-die-welt","status":"publish","type":"product","link":"https:\/\/antiquariat-steinbach.com\/rarebooks\/produkt\/42-blatt-muster-fuer-jaquard-stickerei-exportmusterschau-oesterreich-gruesst-die-welt\/","title":{"rendered":"42 Blatt Muster f\u00fcr Jaquard-Stickerei. Exportmusterschau. \u00d6sterreich gr\u00fc\u00dft die Welt."},"content":{"rendered":"<p>Wien, 1946.<\/p>\n<p>32 : 25 cm. 42 farbige Musterbl\u00e4tter in 4 Mappen. Farbig illustrierte Original Karton-Umschl\u00e4ge.<\/p>\n<p>80,00 EUR<\/p>\n","protected":false},"excerpt":{"rendered":"<p>Detaillierte Muster f\u00fcr Stickerei-Arbeiten. &#8211; Jedes Blatt mit dem Stempel &#8218;\u00d6sterreich gr\u00fc\u00dft die Welt Expormusterschau Wien 7. Mai 1946&#8216; und mit aufgeklebten Marken Republik \u00d6sterreich 60, 50 und 10 Groschen.<\/p>\n","protected":false},"featured_media":26419,"template":"","meta":[],"product_brand":[],"product_cat":[157,51,914],"product_tag":[],"class_list":{"0":"post-26343","1":"product","2":"type-product","3":"status-publish","4":"has-post-thumbnail","6":"product_cat-handarbeit","7":"product_cat-textil","8":"product_cat-zvab","10":"first","11":"instock","12":"purchasable","13":"product-type-simple"},"_links":{"self":[{"href":"https:\/\/antiquariat-steinbach.com\/rarebooks\/wp-json\/wp\/v2\/product\/26343","targetHints":{"allow":["GET"]}}],"collection":[{"href":"https:\/\/antiquariat-steinbach.com\/rarebooks\/wp-json\/wp\/v2\/product"}],"about":[{"href":"https:\/\/antiquariat-steinbach.com\/rarebooks\/wp-json\/wp\/v2\/types\/product"}],"version-history":[{"count":0,"href":"https:\/\/antiquariat-steinbach.com\/rarebooks\/wp-json\/wp\/v2\/product\/26343\/revisions"}],"wp:featuredmedia":[{"embeddable":true,"href":"https:\/\/antiquariat-steinbach.com\/rarebooks\/wp-json\/wp\/v2\/media\/26419"}],"wp:attachment":[{"href":"https:\/\/antiquariat-steinbach.com\/rarebooks\/wp-json\/wp\/v2\/media?parent=26343"}],"wp:term":[{"taxonomy":"product_brand","embeddable":true,"href":"https:\/\/antiquariat-steinbach.com\/rarebooks\/wp-json\/wp\/v2\/product_brand?post=26343"},{"taxonomy":"product_cat","embeddable":true,"href":"https:\/\/antiquariat-steinbach.com\/rarebooks\/wp-json\/wp\/v2\/product_cat?post=26343"},{"taxonomy":"product_tag","embeddable":true,"href":"https:\/\/antiquariat-steinbach.com\/rarebooks\/wp-json\/wp\/v2\/product_tag?post=26343"}],"curies":[{"name":"wp","href":"https:\/\/api.w.org\/{rel}","templated":true}]}}