{"id":2621,"date":"2026-03-12T00:06:30","date_gmt":"2026-03-11T23:06:30","guid":{"rendered":"http:\/\/antiquariat-steinbach.com\/rarebooks\/produkt\/allerlei-schlosser-und-schmiede-arbeiten-einfachster-ausfuehrung-fuer-stadt-und-land-2\/"},"modified":"2026-03-12T00:06:30","modified_gmt":"2026-03-11T23:06:30","slug":"feller-josef-allerlei-schlosser-und-schmiede-arbeiten-einfachster-ausfuehrung-fuer-stadt-und-land","status":"publish","type":"product","link":"https:\/\/antiquariat-steinbach.com\/rarebooks\/produkt\/feller-josef-allerlei-schlosser-und-schmiede-arbeiten-einfachster-ausfuehrung-fuer-stadt-und-land\/","title":{"rendered":"Feller, Josef: &#8211;  Allerlei Schlosser- und Schmiede-Arbeiten einfachster Ausf\u00fchrung f\u00fcr Stadt und Land."},"content":{"rendered":"<p>D\u00fcsseldorf, Wolfrum o.J. (ca. 1897).<\/p>\n<p>29, 5 : 21 cm. Mit 64 (statt 100) Tafeln mit vielen Abbildungen. Original-Halbleinenmappe.<\/p>\n<p>60,00 EUR<\/p>\n","protected":false},"excerpt":{"rendered":"<p>Die Tafeln zeigen Entw\u00fcrfe f\u00fcr T\u00fcrf\u00fcllungen, First-, Fenster-, Keller-, Br\u00fcstungs-, Balkon-, Front und Grabgitter, Tore, Zieranker, Fahnenhalter, Grab- und Turmkreuze, Wetterfahnen u.a. &#8211; Beiliegen 11 Tafeln aus einem \u00e4hnlichen Werk. &#8211; Es fehlen die Taf.1-4,7,8,14,20-22, 30,34,46-54,81,84-95 u.97. Einige Tafeln etwas fleckig; Einband  etwas fleckig und berieben.<\/p>\n","protected":false},"featured_media":27426,"template":"","meta":[],"product_brand":[],"product_cat":[259,178,914],"product_tag":[],"class_list":{"0":"post-2621","1":"product","2":"type-product","3":"status-publish","4":"has-post-thumbnail","6":"product_cat-handwerk","7":"product_cat-kunstgewerbe","8":"product_cat-zvab","10":"first","11":"instock","12":"purchasable","13":"product-type-simple"},"_links":{"self":[{"href":"https:\/\/antiquariat-steinbach.com\/rarebooks\/wp-json\/wp\/v2\/product\/2621","targetHints":{"allow":["GET"]}}],"collection":[{"href":"https:\/\/antiquariat-steinbach.com\/rarebooks\/wp-json\/wp\/v2\/product"}],"about":[{"href":"https:\/\/antiquariat-steinbach.com\/rarebooks\/wp-json\/wp\/v2\/types\/product"}],"version-history":[{"count":3,"href":"https:\/\/antiquariat-steinbach.com\/rarebooks\/wp-json\/wp\/v2\/product\/2621\/revisions"}],"predecessor-version":[{"id":19345,"href":"https:\/\/antiquariat-steinbach.com\/rarebooks\/wp-json\/wp\/v2\/product\/2621\/revisions\/19345"}],"wp:featuredmedia":[{"embeddable":true,"href":"https:\/\/antiquariat-steinbach.com\/rarebooks\/wp-json\/wp\/v2\/media\/27426"}],"wp:attachment":[{"href":"https:\/\/antiquariat-steinbach.com\/rarebooks\/wp-json\/wp\/v2\/media?parent=2621"}],"wp:term":[{"taxonomy":"product_brand","embeddable":true,"href":"https:\/\/antiquariat-steinbach.com\/rarebooks\/wp-json\/wp\/v2\/product_brand?post=2621"},{"taxonomy":"product_cat","embeddable":true,"href":"https:\/\/antiquariat-steinbach.com\/rarebooks\/wp-json\/wp\/v2\/product_cat?post=2621"},{"taxonomy":"product_tag","embeddable":true,"href":"https:\/\/antiquariat-steinbach.com\/rarebooks\/wp-json\/wp\/v2\/product_tag?post=2621"}],"curies":[{"name":"wp","href":"https:\/\/api.w.org\/{rel}","templated":true}]}}