{"id":26169,"date":"2026-03-12T00:26:08","date_gmt":"2026-03-11T23:26:08","guid":{"rendered":"https:\/\/antiquariat-steinbach.com\/rarebooks\/produkt\/viennese-secession-dimmel-herbert-and-leopold-schmid-kuenstlerhaus-die-genossenschaft-der-bildenden-kuenstler-wiens-beehrt-sich-nochmals-zun-der-samstag-24-jaenner-1931-stattfindenden-gsch\/"},"modified":"2026-03-12T00:26:09","modified_gmt":"2026-03-11T23:26:09","slug":"viennese-secession-dimmel-herbert-and-leopold-schmid-kuenstlerhaus-die-genossenschaft-der-bildenden-kuenstler-wiens-beehrt-sich-nochmals-zun-der-samstag-24-jaenner-1931-stattfindenden-gsch","status":"publish","type":"product","link":"https:\/\/antiquariat-steinbach.com\/rarebooks\/produkt\/viennese-secession-dimmel-herbert-and-leopold-schmid-kuenstlerhaus-die-genossenschaft-der-bildenden-kuenstler-wiens-beehrt-sich-nochmals-zun-der-samstag-24-jaenner-1931-stattfindenden-gsch\/","title":{"rendered":"Viennese Secession &#8211;   Dimmel, Herbert and Leopold Schmid. &#8211;  K\u00fcnstlerhaus. Die Genossenschaft der bildenden K\u00fcnstler Wiens, beehrt sich nochmals zun der Samstag 24. J\u00e4nner 1931 stattfindenden Gschnas-Revuen anschlie\u00dfend  Tanz, &#8218;Mitternachtspuk im Museum&#8216; einzuladen. Abendkleidung."},"content":{"rendered":"<p>Vienna, Secession, 1931.<\/p>\n<p>15,5 : 11 cm. coloured card.<\/p>\n<p>140,00 EUR<\/p>\n","protected":false},"excerpt":{"rendered":"<p>In the middle of the card an image of Mona Lisa with the face of the painter Vinzenz Gorgon. &#8211; Rare<\/p>\n","protected":false},"featured_media":26171,"template":"","meta":[],"product_brand":[],"product_cat":[123,317,145,424,914],"product_tag":[],"class_list":{"0":"post-26169","1":"product","2":"type-product","3":"status-publish","4":"has-post-thumbnail","6":"product_cat-karikatur","7":"product_cat-kuenstlergraphik","8":"product_cat-theater","9":"product_cat-wienersecession","10":"product_cat-zvab","12":"first","13":"instock","14":"purchasable","15":"product-type-simple"},"_links":{"self":[{"href":"https:\/\/antiquariat-steinbach.com\/rarebooks\/wp-json\/wp\/v2\/product\/26169","targetHints":{"allow":["GET"]}}],"collection":[{"href":"https:\/\/antiquariat-steinbach.com\/rarebooks\/wp-json\/wp\/v2\/product"}],"about":[{"href":"https:\/\/antiquariat-steinbach.com\/rarebooks\/wp-json\/wp\/v2\/types\/product"}],"version-history":[{"count":1,"href":"https:\/\/antiquariat-steinbach.com\/rarebooks\/wp-json\/wp\/v2\/product\/26169\/revisions"}],"predecessor-version":[{"id":26170,"href":"https:\/\/antiquariat-steinbach.com\/rarebooks\/wp-json\/wp\/v2\/product\/26169\/revisions\/26170"}],"wp:featuredmedia":[{"embeddable":true,"href":"https:\/\/antiquariat-steinbach.com\/rarebooks\/wp-json\/wp\/v2\/media\/26171"}],"wp:attachment":[{"href":"https:\/\/antiquariat-steinbach.com\/rarebooks\/wp-json\/wp\/v2\/media?parent=26169"}],"wp:term":[{"taxonomy":"product_brand","embeddable":true,"href":"https:\/\/antiquariat-steinbach.com\/rarebooks\/wp-json\/wp\/v2\/product_brand?post=26169"},{"taxonomy":"product_cat","embeddable":true,"href":"https:\/\/antiquariat-steinbach.com\/rarebooks\/wp-json\/wp\/v2\/product_cat?post=26169"},{"taxonomy":"product_tag","embeddable":true,"href":"https:\/\/antiquariat-steinbach.com\/rarebooks\/wp-json\/wp\/v2\/product_tag?post=26169"}],"curies":[{"name":"wp","href":"https:\/\/api.w.org\/{rel}","templated":true}]}}