{"id":2597,"date":"2026-03-12T00:06:28","date_gmt":"2026-03-11T23:06:28","guid":{"rendered":"http:\/\/antiquariat-steinbach.com\/rarebooks\/produkt\/masken-album-fuer-damen-herren-und-kinder-masken\/"},"modified":"2026-03-12T00:06:29","modified_gmt":"2026-03-11T23:06:29","slug":"favorit-masken-album-fuer-damen-herren-und-kinder-masken","status":"publish","type":"product","link":"https:\/\/antiquariat-steinbach.com\/rarebooks\/produkt\/favorit-masken-album-fuer-damen-herren-und-kinder-masken\/","title":{"rendered":"Favorit: &#8211;  Masken-Album f\u00fcr Damen-, Herren und Kinder-Masken."},"content":{"rendered":"<p>Dresden, Internationale Schnitt-Manufaktur o.J. (ca. 1910).<\/p>\n<p>4. Auflage. 27 : 18 cm. 4 Seiten 33 (von ?) farbigen Tafeln. Farbig illustrierte Original-Karton-Mappe.<\/p>\n<p>40,00 EUR<\/p>\n","protected":false},"excerpt":{"rendered":"<p>Aregungen f\u00fcr die Kost\u00fcmierung zum Fasching, mit Winken f\u00fcr die Sebstverfertigung von Masken-Kleidung. die Tafeln zeigen Damen- und Herren-Kost\u00fcme f\u00fcr den Fasching wie K\u00f6nigin Luisekost\u00fcm, altfranz\u00f6sisches Kammerk\u00e4tzchen, Clownanzug f\u00fcr Damen, verschiedene L\u00e4ndertrachten (Italien, Spanien, Orientalisch etc.). &#8211; Leider ist es f\u00fcr mich nicht ersichtlich wieviele Tafeln das Werk genau haben muss, wohl fehlen hier zumindest die Kinderkost\u00fcme. &#8211; Mappe mit kleinen Einrissen.<\/p>\n","protected":false},"featured_media":0,"template":"","meta":[],"product_brand":[],"product_cat":[59,121,914],"product_tag":[],"class_list":{"0":"post-2597","1":"product","2":"type-product","3":"status-publish","5":"product_cat-kulturgeschichte","6":"product_cat-mode","7":"product_cat-zvab","9":"first","10":"instock","11":"purchasable","12":"product-type-simple"},"_links":{"self":[{"href":"https:\/\/antiquariat-steinbach.com\/rarebooks\/wp-json\/wp\/v2\/product\/2597","targetHints":{"allow":["GET"]}}],"collection":[{"href":"https:\/\/antiquariat-steinbach.com\/rarebooks\/wp-json\/wp\/v2\/product"}],"about":[{"href":"https:\/\/antiquariat-steinbach.com\/rarebooks\/wp-json\/wp\/v2\/types\/product"}],"version-history":[{"count":3,"href":"https:\/\/antiquariat-steinbach.com\/rarebooks\/wp-json\/wp\/v2\/product\/2597\/revisions"}],"predecessor-version":[{"id":19335,"href":"https:\/\/antiquariat-steinbach.com\/rarebooks\/wp-json\/wp\/v2\/product\/2597\/revisions\/19335"}],"wp:attachment":[{"href":"https:\/\/antiquariat-steinbach.com\/rarebooks\/wp-json\/wp\/v2\/media?parent=2597"}],"wp:term":[{"taxonomy":"product_brand","embeddable":true,"href":"https:\/\/antiquariat-steinbach.com\/rarebooks\/wp-json\/wp\/v2\/product_brand?post=2597"},{"taxonomy":"product_cat","embeddable":true,"href":"https:\/\/antiquariat-steinbach.com\/rarebooks\/wp-json\/wp\/v2\/product_cat?post=2597"},{"taxonomy":"product_tag","embeddable":true,"href":"https:\/\/antiquariat-steinbach.com\/rarebooks\/wp-json\/wp\/v2\/product_tag?post=2597"}],"curies":[{"name":"wp","href":"https:\/\/api.w.org\/{rel}","templated":true}]}}